000
CDUS44 KBMX 300114
CLITCL


CLIMATE REPORT
NATIONAL WEATHER SERVICE BIRMINGHAM, AL
814 PM CDT MON AUG 29 2016


...................................

...THE TUSCALOOSA CLIMATE SUMMARY FOR AUGUST 29 2016...
VALID TODAY AS OF 0700 PM LOCAL TIME.

CLIMATE NORMAL PERIOD 1994 TO 1994
CLIMATE RECORD PERIOD 1948 TO 2016


WEATHER ITEM   OBSERVED TIME   RECORD YEAR NORMAL DEPARTURE LAST
                VALUE   (LST)  VALUE       VALUE  FROM      YEAR
                                                  NORMAL
..................................................................
TEMPERATURE (F)
 TODAY
  MAXIMUM         96    334 PM 107    2000  91      5       89
  MINIMUM         72    450 AM  56    1992  69      3       73
                                      1986
  AVERAGE         84                        80      4       81

PRECIPITATION (IN)
  TODAY            0.00          1.83 1974   0.11  -0.11     0.04
  MONTH TO DATE    2.88                      3.10  -0.22     4.28
  SINCE JUN 1     11.33                     12.27  -0.94     8.90
  SINCE JAN 1     31.74                     35.67  -3.93    34.48

DEGREE DAYS
 COOLING
  TODAY           19                        15      4
  MONTH TO DATE  525                       478     47
  SINCE JUN 1   1524                      1399    125
  SINCE JAN 1   1808                      1710     98
..................................................................


WIND (MPH)
  HIGHEST WIND SPEED    14   HIGHEST WIND DIRECTION    NE (50)
  HIGHEST GUST SPEED    18   HIGHEST GUST DIRECTION    NE (60)
  AVERAGE WIND SPEED     5.4


SKY COVER
  AVERAGE SKY COVER 0.1


WEATHER CONDITIONS
 THE FOLLOWING WEATHER WAS RECORDED TODAY.
  NO SIGNIFICANT WEATHER WAS OBSERVED.


RELATIVE HUMIDITY (PERCENT)
 HIGHEST   100           400 AM
 LOWEST     41           400 PM
 AVERAGE    71

..........................................................


THE TUSCALOOSA CLIMATE NORMALS FOR TOMORROW
                         NORMAL    RECORD    YEAR
 MAXIMUM TEMPERATURE (F)   91       103      1951
 MINIMUM TEMPERATURE (F)   69        54      1968


SUNRISE AND SUNSET
AUGUST 29 2016........SUNRISE   623 AM CDT   SUNSET   719 PM CDT
AUGUST 30 2016........SUNRISE   624 AM CDT   SUNSET   717 PM CDT


-  INDICATES NEGATIVE NUMBERS.
R  INDICATES RECORD WAS SET OR TIED.
MM INDICATES DATA IS MISSING.
T  INDICATES TRACE AMOUNT.




$$
