000
CDUS44 KBMX 200940
CLITCL


CLIMATE REPORT
NATIONAL WEATHER SERVICE BIRMINGHAM, AL
440 AM CDT WED AUG 20 2014


...................................

...THE TUSCALOOSA CLIMATE SUMMARY FOR AUGUST 19 2014...

CLIMATE NORMAL PERIOD 1981 TO 2010
CLIMATE RECORD PERIOD 1948 TO 2014


WEATHER ITEM   OBSERVED TIME   RECORD YEAR NORMAL DEPARTURE LAST
                VALUE   (LST)  VALUE       VALUE  FROM      YEAR
                                                  NORMAL
..................................................................
TEMPERATURE (F)
 YESTERDAY
  MAXIMUM         91   1242 PM 102    1995  92     -1       87
  MINIMUM         73   1022 PM  60    1967  71      2       72
  AVERAGE         82                        81      1       80

PRECIPITATION (IN)
  YESTERDAY        0.00          0.93 1966   0.10  -0.10     0.28
  MONTH TO DATE    2.44                      2.09   0.35     3.87
  SINCE JUN 1      8.51                     11.26  -2.75    16.71
  SINCE JAN 1     33.55                     34.66  -1.11    38.67

..................................................................


WIND (MPH)
  HIGHEST WIND SPEED    13   HIGHEST WIND DIRECTION     W (270)
  HIGHEST GUST SPEED    16   HIGHEST GUST DIRECTION    NW (320)
  AVERAGE WIND SPEED     4.5


SKY COVER
  AVERAGE SKY COVER 0.3


WEATHER CONDITIONS
 THE FOLLOWING WEATHER WAS RECORDED YESTERDAY.
  FOG


RELATIVE HUMIDITY (PERCENT)
 HIGHEST   100           100 AM
 LOWEST     56          1200 PM
 AVERAGE    78

..........................................................


THE TUSCALOOSA CLIMATE NORMALS FOR TODAY
                         NORMAL    RECORD    YEAR
 MAXIMUM TEMPERATURE (F)   92       101      2006
 MINIMUM TEMPERATURE (F)   71        60      1991
                                             1976


SUNRISE AND SUNSET
AUGUST 20 2014........SUNRISE   617 AM CDT   SUNSET   730 PM CDT
AUGUST 21 2014........SUNRISE   617 AM CDT   SUNSET   729 PM CDT


-  INDICATES NEGATIVE NUMBERS.
R  INDICATES RECORD WAS SET OR TIED.
MM INDICATES DATA IS MISSING.
T  INDICATES TRACE AMOUNT.




$$
