000
CDUS44 KBMX 260733
CLITCL


CLIMATE REPORT
NATIONAL WEATHER SERVICE BIRMINGHAM, AL
223 AM CDT TUE MAY 26 2015


...................................

...THE TUSCALOOSA CLIMATE SUMMARY FOR MAY 25 2015...

CLIMATE NORMAL PERIOD 1994 TO 1994
CLIMATE RECORD PERIOD 1994 TO 2015


WEATHER ITEM   OBSERVED TIME   RECORD YEAR NORMAL DEPARTURE LAST
                VALUE   (LST)  VALUE       VALUE  FROM      YEAR
                                                  NORMAL
..................................................................
TEMPERATURE (F)
 YESTERDAY
  MAXIMUM         77    202 PM  95    1958  85     -8       91
                                      1953
  MINIMUM         69   1159 PM  51    1979  63      6       65
  AVERAGE         73                        74     -1       78

PRECIPITATION (IN)
  YESTERDAY        0.06          1.08 1966   0.13  -0.07     0.00
  MONTH TO DATE    0.66                      3.21  -2.55     0.71
  SINCE MAR 1     13.17                     11.96   1.21    16.45
  SINCE JAN 1     23.92                     22.63   1.29    24.17

..................................................................


WIND (MPH)
  HIGHEST WIND SPEED    13   HIGHEST WIND DIRECTION     S (180)
  HIGHEST GUST SPEED    19   HIGHEST GUST DIRECTION    SE (140)
  AVERAGE WIND SPEED     7.1


SKY COVER
  AVERAGE SKY COVER 0.6


WEATHER CONDITIONS
 THE FOLLOWING WEATHER WAS RECORDED YESTERDAY.
  LIGHT RAIN
  FOG


RELATIVE HUMIDITY (PERCENT)
 HIGHEST    93           100 AM
 LOWEST     79           700 AM
 AVERAGE    86

..........................................................


THE TUSCALOOSA CLIMATE NORMALS FOR TODAY
                         NORMAL    RECORD    YEAR
 MAXIMUM TEMPERATURE (F)   86        95      2012
                                             1996
 MINIMUM TEMPERATURE (F)   63        46      1979


SUNRISE AND SUNSET
MAY 26 2015...........SUNRISE   544 AM CDT   SUNSET   751 PM CDT
MAY 27 2015...........SUNRISE   544 AM CDT   SUNSET   751 PM CDT


-  INDICATES NEGATIVE NUMBERS.
R  INDICATES RECORD WAS SET OR TIED.
MM INDICATES DATA IS MISSING.
T  INDICATES TRACE AMOUNT.




$$
