000
CDUS44 KBMX 270830
CLITCL


CLIMATE REPORT
NATIONAL WEATHER SERVICE BIRMINGHAM, AL
229 AM CST FRI FEB 27 2015


...................................

...THE TUSCALOOSA CLIMATE SUMMARY FOR FEBRUARY 26 2015...

CLIMATE NORMAL PERIOD 1994 TO 1994
CLIMATE RECORD PERIOD 1994 TO 2015


WEATHER ITEM   OBSERVED TIME   RECORD YEAR NORMAL DEPARTURE LAST
                VALUE   (LST)  VALUE       VALUE  FROM      YEAR
                                                  NORMAL
..................................................................
TEMPERATURE (F)
 YESTERDAY
  MAXIMUM         45    319 PM  81    1962  64    -19       48
  MINIMUM         33   1159 PM  16    1967  40     -7       31
  AVERAGE         39                        52    -13       40

PRECIPITATION (IN)
  YESTERDAY        0.00          1.65 1982   0.17  -0.17     0.68
  MONTH TO DATE    4.58                      4.96  -0.38     5.61
  SINCE DEC 1     17.75                     14.93   2.82    15.11
  SINCE JAN 1     10.75                     10.31   0.44     7.70

SNOWFALL (IN)
  YESTERDAY        0.0                       0.0    0.0
  MONTH TO DATE    0.0                       0.1   -0.1
  SINCE DEC 1      0.0                       0.4   -0.4
  SINCE JUL 1      0.0                       0.4   -0.4

DEGREE DAYS
 HEATING
  YESTERDAY       26                        13     13
  MONTH TO DATE  599                       431    168
  SINCE DEC 1   1711                      1626     85
  SINCE JUL 1   2255                      2063    192
..................................................................


WIND (MPH)
  HIGHEST WIND SPEED    15   HIGHEST WIND DIRECTION     N (350)
  HIGHEST GUST SPEED    22   HIGHEST GUST DIRECTION     N (10)
  AVERAGE WIND SPEED     7.5


SKY COVER
  AVERAGE SKY COVER 0.7


WEATHER CONDITIONS
 THE FOLLOWING WEATHER WAS RECORDED YESTERDAY.
  FOG
  HAZE


RELATIVE HUMIDITY (PERCENT)
 HIGHEST    89          1200 AM
 LOWEST     53           500 PM
 AVERAGE    71

..........................................................


THE TUSCALOOSA CLIMATE NORMALS FOR TODAY
                         NORMAL    RECORD    YEAR
 MAXIMUM TEMPERATURE (F)   64        83      1962
 MINIMUM TEMPERATURE (F)   40        17      1963


SUNRISE AND SUNSET
FEBRUARY 27 2015......SUNRISE   621 AM CST   SUNSET   546 PM CST
FEBRUARY 28 2015......SUNRISE   620 AM CST   SUNSET   546 PM CST


-  INDICATES NEGATIVE NUMBERS.
R  INDICATES RECORD WAS SET OR TIED.
MM INDICATES DATA IS MISSING.
T  INDICATES TRACE AMOUNT.




$$
