102
CDUS44 KBMX 250041
CLITCL


CLIMATE REPORT
NATIONAL WEATHER SERVICE BIRMINGHAM, AL
741 PM CDT SAT SEP 24 2016


...................................

...THE TUSCALOOSA CLIMATE SUMMARY FOR SEPTEMBER 24 2016...
VALID TODAY AS OF 0700 PM LOCAL TIME.

CLIMATE NORMAL PERIOD 1981 TO 2010
CLIMATE RECORD PERIOD 1948 TO 2016


WEATHER ITEM   OBSERVED TIME   RECORD YEAR NORMAL DEPARTURE LAST
                VALUE   (LST)  VALUE       VALUE  FROM      YEAR
                                                  NORMAL
..................................................................
TEMPERATURE (F)
 TODAY
  MAXIMUM         99R   212 PM  97    1961  85     14       89
  MINIMUM         68    551 AM  45    1990  61      7       63
                                      1983
  AVERAGE         84                        72     12       76

PRECIPITATION (IN)
  TODAY            0.00          3.61 2006   0.11  -0.11     0.00
  MONTH TO DATE    0.33                      2.79  -2.46     0.76
  SINCE SEP 1      0.33                      2.79  -2.46     0.76
  SINCE JAN 1     32.07                     38.66  -6.59    35.39

DEGREE DAYS

 COOLING
  TODAY           19                         8     11
  MONTH TO DATE  398                       280    118
  SINCE SEP 1    398                       280    118
  SINCE JAN 1   2244                      2017    227
..................................................................


WIND (MPH)
  HIGHEST WIND SPEED    15   HIGHEST WIND DIRECTION     N (20)
  HIGHEST GUST SPEED    18   HIGHEST GUST DIRECTION     N (20)
  AVERAGE WIND SPEED     4.4


SKY COVER
  AVERAGE SKY COVER 0.1


WEATHER CONDITIONS
 THE FOLLOWING WEATHER WAS RECORDED TODAY.
  NO SIGNIFICANT WEATHER WAS OBSERVED.


RELATIVE HUMIDITY (PERCENT)
 HIGHEST    97          1200 AM
 LOWEST     27           300 PM
 AVERAGE    62

..........................................................


THE TUSCALOOSA CLIMATE NORMALS FOR TOMORROW
                         NORMAL    RECORD    YEAR
 MAXIMUM TEMPERATURE (F)   84        97      1961
 MINIMUM TEMPERATURE (F)   60        43      1990


SUNRISE AND SUNSET
SEPTEMBER 24 2016.....SUNRISE   640 AM CDT   SUNSET   644 PM CDT
SEPTEMBER 25 2016.....SUNRISE   641 AM CDT   SUNSET   642 PM CDT


-  INDICATES NEGATIVE NUMBERS.
R  INDICATES RECORD WAS SET OR TIED.
MM INDICATES DATA IS MISSING.
T  INDICATES TRACE AMOUNT.




$$
