000
CDUS44 KBMX 010756
CLITCL


CLIMATE REPORT
NATIONAL WEATHER SERVICE BIRMINGHAM, AL
154 AM CST SUN FEB 1 2015


...................................

...THE TUSCALOOSA CLIMATE SUMMARY FOR JANUARY 31 2015...

CLIMATE NORMAL PERIOD 1981 TO 2010
CLIMATE RECORD PERIOD 1948 TO 2015


WEATHER ITEM   OBSERVED TIME   RECORD YEAR NORMAL DEPARTURE LAST
                VALUE   (LST)  VALUE       VALUE  FROM      YEAR
                                                  NORMAL
..................................................................
TEMPERATURE (F)
 YESTERDAY
  MAXIMUM         62    406 PM  80    1950  57      5       61
  MINIMUM         28    402 AM   9    1966  34     -6       23
  AVERAGE         45                        46     -1       42

PRECIPITATION (IN)
  YESTERDAY        0.00          1.70 1985   0.20  -0.20     0.00
  MONTH TO DATE    6.17                      5.35   0.82     2.09
  SINCE DEC 1     13.17                      9.97   3.20     9.50
  SINCE JAN 1      6.17                      5.35   0.82     2.09

SNOWFALL (IN)
  YESTERDAY        0.0                       0.0    0.0
  MONTH TO DATE    0.0                       0.3   -0.3
  SINCE DEC 1      0.0                       0.3   -0.3
  SINCE JUL 1      0.0                       0.3   -0.3

DEGREE DAYS
 HEATING
  YESTERDAY       20                        19      1
  MONTH TO DATE  649                       633     16
  SINCE DEC 1   1112                      1195    -83
  SINCE JUL 1   1656                      1632     24
..................................................................


WIND (MPH)
  HIGHEST WIND SPEED    12   HIGHEST WIND DIRECTION    SE (130)
  HIGHEST GUST SPEED    15   HIGHEST GUST DIRECTION    SE (140)
  AVERAGE WIND SPEED     3.4


SKY COVER
  AVERAGE SKY COVER 0.0


WEATHER CONDITIONS
 THE FOLLOWING WEATHER WAS RECORDED YESTERDAY.
  NO SIGNIFICANT WEATHER WAS OBSERVED.


RELATIVE HUMIDITY (PERCENT)
 HIGHEST    85           300 AM
 LOWEST     15           300 PM
 AVERAGE    50

..........................................................


THE TUSCALOOSA CLIMATE NORMALS FOR TODAY
                         NORMAL    RECORD    YEAR
 MAXIMUM TEMPERATURE (F)   57        81      1989
                                             1950
 MINIMUM TEMPERATURE (F)   35        11      1951


SUNRISE AND SUNSET
FEBRUARY  1 2015......SUNRISE   646 AM CST   SUNSET   522 PM CST
FEBRUARY  2 2015......SUNRISE   646 AM CST   SUNSET   523 PM CST


-  INDICATES NEGATIVE NUMBERS.
R  INDICATES RECORD WAS SET OR TIED.
MM INDICATES DATA IS MISSING.
T  INDICATES TRACE AMOUNT.




$$
