000
CDUS44 KBMX 190915
CLITCL


CLIMATE REPORT
NATIONAL WEATHER SERVICE BIRMINGHAM, AL
315 AM CST SUN FEB 19 2017


...................................

...THE TUSCALOOSA CLIMATE SUMMARY FOR FEBRUARY 18 2017...

CLIMATE NORMAL PERIOD 1981 TO 2010
CLIMATE RECORD PERIOD 1948 TO 2017


WEATHER ITEM   OBSERVED TIME   RECORD YEAR NORMAL DEPARTURE LAST
                VALUE   (LST)  VALUE       VALUE  FROM      YEAR
                                                  NORMAL
..................................................................
TEMPERATURE (F)
 YESTERDAY
  MAXIMUM         64    307 PM  77    2011  61      3       67
                                      2009
                                      1956
  MINIMUM         48   1106 PM  10    1958  38     10       32
  AVERAGE         56                        50      6       50

PRECIPITATION (IN)
  YESTERDAY        0.02          0.92 2012   0.20  -0.18     0.00
  MONTH TO DATE    3.06                      3.43  -0.37     3.07
  SINCE DEC 1     13.17                     13.40  -0.23    15.48
  SINCE JAN 1     10.26                      8.78   1.48     7.21

SNOWFALL (IN)
  YESTERDAY        0.0                       0.0    0.0
  MONTH TO DATE    0.0                       0.0    0.0
  SINCE DEC 1      0.0                       0.3   -0.3
  SINCE JUL 1      0.0                       0.3   -0.3

DEGREE DAYS
 HEATING
  YESTERDAY        9                        16     -7
  MONTH TO DATE  213                       317   -104
  SINCE DEC 1    988                      1512   -524
  SINCE JUL 1   1247                      1949   -702
..................................................................


WIND (MPH)
  HIGHEST WIND SPEED    10   HIGHEST WIND DIRECTION    SW (240)
  HIGHEST GUST SPEED    14   HIGHEST GUST DIRECTION     S (190)
  AVERAGE WIND SPEED     3.2


SKY COVER
  AVERAGE SKY COVER 0.8


WEATHER CONDITIONS
 THE FOLLOWING WEATHER WAS RECORDED YESTERDAY.
  LIGHT RAIN
  FOG


RELATIVE HUMIDITY (PERCENT)
 HIGHEST    96          1000 PM
 LOWEST     47           100 AM
 AVERAGE    72

..........................................................


THE TUSCALOOSA CLIMATE NORMALS FOR TODAY
                         NORMAL    RECORD    YEAR
 MAXIMUM TEMPERATURE (F)   61        77      2011
 MINIMUM TEMPERATURE (F)   38        14      1958


SUNRISE AND SUNSET
FEBRUARY 19 2017......SUNRISE   630 AM CST   SUNSET   539 PM CST
FEBRUARY 20 2017......SUNRISE   629 AM CST   SUNSET   540 PM CST


-  INDICATES NEGATIVE NUMBERS.
R  INDICATES RECORD WAS SET OR TIED.
MM INDICATES DATA IS MISSING.
T  INDICATES TRACE AMOUNT.




$$
