000
CDUS44 KBMX 252142
CLITCL


CLIMATE REPORT
NATIONAL WEATHER SERVICE BIRMINGHAM, AL
442 PM CDT TUE JUL 25 2017


...................................

...THE TUSCALOOSA CLIMATE SUMMARY FOR JULY 25 2017...
VALID TODAY AS OF 0400 PM LOCAL TIME.

CLIMATE NORMAL PERIOD 1981 TO 2010
CLIMATE RECORD PERIOD 1948 TO 2017


WEATHER ITEM   OBSERVED TIME   RECORD YEAR NORMAL DEPARTURE LAST
                VALUE   (LST)  VALUE       VALUE  FROM      YEAR
                                                  NORMAL
..................................................................
TEMPERATURE (F)
 TODAY
  MAXIMUM         91    259 PM 106    1952  92     -1       95
  MINIMUM         74    356 AM  64    2003  72      2       73
  AVERAGE         83                        82      1       84

PRECIPITATION (IN)
  TODAY            0.00          1.76 1967   0.14  -0.14     0.00
  MONTH TO DATE    0.96                      3.64  -2.68     4.14
  SINCE JUN 1     13.38                      8.41   4.97     8.44
  SINCE JAN 1     39.37                     31.81   7.56    28.85

DEGREE DAYS
 COOLING
  TODAY           18                        17      1
  MONTH TO DATE  436                       418     18
  SINCE JUN 1    800                       821    -21
  SINCE JAN 1   1197                      1132     65
..................................................................


WIND (MPH)
  HIGHEST WIND SPEED     8   HIGHEST WIND DIRECTION    SW (240)
  HIGHEST GUST SPEED    10   HIGHEST GUST DIRECTION     S (190)
  AVERAGE WIND SPEED     2.6


SKY COVER
  AVERAGE SKY COVER 0.1


WEATHER CONDITIONS
 THE FOLLOWING WEATHER WAS RECORDED TODAY.
  NO SIGNIFICANT WEATHER WAS OBSERVED.


RELATIVE HUMIDITY (PERCENT)
 HIGHEST   100          1200 AM
 LOWEST     64           100 PM
 AVERAGE    82

..........................................................


THE TUSCALOOSA CLIMATE NORMALS FOR TOMORROW
                         NORMAL    RECORD    YEAR
 MAXIMUM TEMPERATURE (F)   92       102      1952
 MINIMUM TEMPERATURE (F)   72        65      2014
                                             2013


SUNRISE AND SUNSET
JULY 25 2017..........SUNRISE   559 AM CDT   SUNSET   755 PM CDT
JULY 26 2017..........SUNRISE   559 AM CDT   SUNSET   754 PM CDT


-  INDICATES NEGATIVE NUMBERS.
R  INDICATES RECORD WAS SET OR TIED.
MM INDICATES DATA IS MISSING.
T  INDICATES TRACE AMOUNT.




$$
