598
CDUS44 KBMX 062113
CLITCL


CLIMATE REPORT
NATIONAL WEATHER SERVICE BIRMINGHAM, AL
413 PM CDT FRI MAY 6 2016


...................................

...THE TUSCALOOSA CLIMATE SUMMARY FOR MAY 6 2016...
VALID AS OF 0400 PM LOCAL TIME.

CLIMATE NORMAL PERIOD 1994 TO 1994
CLIMATE RECORD PERIOD 1948 TO 2016


WEATHER ITEM   OBSERVED TIME   RECORD YEAR NORMAL DEPARTURE LAST
                VALUE   (LST)  VALUE       VALUE  FROM      YEAR
                                                  NORMAL
..................................................................
TEMPERATURE (F)
 TODAY
  MAXIMUM         76    152 PM  95    1952  81     -5       84
  MINIMUM         44    453 AM  41    1954  57    -13       56
  AVERAGE         60                        69     -9       70

PRECIPITATION (IN)
  TODAY            0.00          1.73 2003   0.13  -0.13     0.00
  MONTH TO DATE    0.11                      0.75  -0.64     0.00
  SINCE MAR 1     10.22                      9.50   0.72    12.51
  SINCE JAN 1     19.82                     20.17  -0.35    23.26

DEGREE DAYS
 COOLING
  TODAY            0                         5     -5
  MONTH TO DATE   10                        27    -17
  SINCE MAR 1     90                       110    -20
  SINCE JAN 1     97                       115    -18
..................................................................


WIND (MPH)
  HIGHEST WIND SPEED    16   HIGHEST WIND DIRECTION     N (350)
  HIGHEST GUST SPEED    20   HIGHEST GUST DIRECTION     N (10)
  AVERAGE WIND SPEED     6.1


SKY COVER
  AVERAGE SKY COVER 0.1


WEATHER CONDITIONS
 THE FOLLOWING WEATHER WAS RECORDED TODAY.
  NO SIGNIFICANT WEATHER WAS OBSERVED.


RELATIVE HUMIDITY (PERCENT)
 HIGHEST    93           600 AM
 LOWEST     33           100 PM
 AVERAGE    63

..........................................................


THE TUSCALOOSA CLIMATE NORMALS FOR TOMORROW
                         NORMAL    RECORD    YEAR
 MAXIMUM TEMPERATURE (F)   81        96      1952
 MINIMUM TEMPERATURE (F)   57        41      1989


SUNRISE AND SUNSET
MAY  6 2016...........SUNRISE   557 AM CDT   SUNSET   737 PM CDT
MAY  7 2016...........SUNRISE   557 AM CDT   SUNSET   738 PM CDT


-  INDICATES NEGATIVE NUMBERS.
R  INDICATES RECORD WAS SET OR TIED.
MM INDICATES DATA IS MISSING.
T  INDICATES TRACE AMOUNT.




$$
