000
CDUS44 KBMX 240715
CLITCL


CLIMATE REPORT
NATIONAL WEATHER SERVICE BIRMINGHAM, AL
214 AM CDT TUE MAY 24 2016


...................................

...THE TUSCALOOSA CLIMATE SUMMARY FOR MAY 23 2016...

CLIMATE NORMAL PERIOD 1994 TO 1994
CLIMATE RECORD PERIOD 1948 TO 2016


WEATHER ITEM   OBSERVED TIME   RECORD YEAR NORMAL DEPARTURE LAST
                VALUE   (LST)  VALUE       VALUE  FROM      YEAR
                                                  NORMAL
..................................................................
TEMPERATURE (F)
 YESTERDAY
  MAXIMUM         85    413 PM  96    1996  85      0       87
  MINIMUM         51    409 AM  48    2001  62    -11       54
  AVERAGE         68                        74     -6       71

PRECIPITATION (IN)
  YESTERDAY        0.00          1.54 1976   0.13  -0.13     0.00
  MONTH TO DATE    0.69                      2.95  -2.26     0.45
  SINCE MAR 1     10.80                     11.70  -0.90    12.96
  SINCE JAN 1     20.40                     22.37  -1.97    23.71

..................................................................


WIND (MPH)
  HIGHEST WIND SPEED    10   HIGHEST WIND DIRECTION     S (190)
  HIGHEST GUST SPEED    13   HIGHEST GUST DIRECTION     S (190)
  AVERAGE WIND SPEED     1.7


SKY COVER
  AVERAGE SKY COVER 0.0


WEATHER CONDITIONS
 THE FOLLOWING WEATHER WAS RECORDED YESTERDAY.
  FOG


RELATIVE HUMIDITY (PERCENT)
 HIGHEST   100           100 AM
 LOWEST     29           100 PM
 AVERAGE    65

..........................................................


THE TUSCALOOSA CLIMATE NORMALS FOR TODAY
                         NORMAL    RECORD    YEAR
 MAXIMUM TEMPERATURE (F)   85        97      1996
 MINIMUM TEMPERATURE (F)   62        50      2002


SUNRISE AND SUNSET
MAY 24 2016...........SUNRISE   545 AM CDT   SUNSET   750 PM CDT
MAY 25 2016...........SUNRISE   545 AM CDT   SUNSET   751 PM CDT


-  INDICATES NEGATIVE NUMBERS.
R  INDICATES RECORD WAS SET OR TIED.
MM INDICATES DATA IS MISSING.
T  INDICATES TRACE AMOUNT.




$$
