000
CDUS44 KBMX 110850
CLITCL


CLIMATE REPORT
NATIONAL WEATHER SERVICE BIRMINGHAM, AL
249 AM CST MON DEC 11 2017


...................................

...THE TUSCALOOSA CLIMATE SUMMARY FOR DECEMBER 10 2017...

CLIMATE NORMAL PERIOD 1981 TO 2010
CLIMATE RECORD PERIOD 1948 TO 2017


WEATHER ITEM   OBSERVED TIME   RECORD YEAR NORMAL DEPARTURE LAST
                VALUE   (LST)  VALUE       VALUE  FROM      YEAR
                                                  NORMAL
..................................................................
TEMPERATURE (F)
 YESTERDAY
  MAXIMUM         53    250 PM  80    2007  59     -6       51
  MINIMUM         24    704 AM  15    1995  37    -13       24
  AVERAGE         39                        48     -9       38

PRECIPITATION (IN)
  YESTERDAY        0.00          2.00 2012   0.16  -0.16     0.00
  MONTH TO DATE    1.00                      1.74  -0.74     1.85
  SINCE DEC 1      1.00                      1.74  -0.74     1.85
  SINCE JAN 1     56.42                     49.72   6.70    36.45

SNOWFALL (IN)
  YESTERDAY       MM                         0.0   MM
  MONTH TO DATE    0.0                       0.0    0.0
  SINCE DEC 1      0.0                       0.0    0.0
  SINCE JUL 1      0.0                       0.0    0.0

DEGREE DAYS
 HEATING
  YESTERDAY       26                        17      9
  MONTH TO DATE  172                       162     10
  SINCE DEC 1    172                       162     10
  SINCE JUL 1    556                       599    -43
..................................................................


WIND (MPH)
  HIGHEST WIND SPEED    12   HIGHEST WIND DIRECTION    SW (220)
  HIGHEST GUST SPEED    16   HIGHEST GUST DIRECTION    SW (230)
  AVERAGE WIND SPEED     3.0


SKY COVER
  AVERAGE SKY COVER 0.0


WEATHER CONDITIONS
 THE FOLLOWING WEATHER WAS RECORDED YESTERDAY.
  LIGHT RAIN
  FOG


RELATIVE HUMIDITY (PERCENT)
 HIGHEST   100           100 AM
 LOWEST     38           300 PM
 AVERAGE    69

..........................................................


THE TUSCALOOSA CLIMATE NORMALS FOR TODAY
                         NORMAL    RECORD    YEAR
 MAXIMUM TEMPERATURE (F)   58        79      2007
 MINIMUM TEMPERATURE (F)   37        15      1962


SUNRISE AND SUNSET
DECEMBER 11 2017......SUNRISE   644 AM CST   SUNSET   444 PM CST
DECEMBER 12 2017......SUNRISE   645 AM CST   SUNSET   444 PM CST


-  INDICATES NEGATIVE NUMBERS.
R  INDICATES RECORD WAS SET OR TIED.
MM INDICATES DATA IS MISSING.
T  INDICATES TRACE AMOUNT.




$$
