000
CDUS42 KTAE 260639
CLITLH


CLIMATE REPORT
NATIONAL WEATHER SERVICE TALLAHASSEE FL
139 AM EST FRI DEC 26 2014


...................................

...THE TALLAHASSEE CLIMATE SUMMARY FOR DECEMBER 25 2014...

CLIMATE NORMAL PERIOD 1981 TO 2010
CLIMATE RECORD PERIOD 1896 TO 2014


WEATHER ITEM   OBSERVED TIME   RECORD YEAR NORMAL DEPARTURE LAST
                VALUE   (LST)  VALUE       VALUE  FROM      YEAR
                                                  NORMAL
..................................................................
TEMPERATURE (F)
 YESTERDAY
  MAXIMUM         61    417 PM  80    1984  64     -3
                                      1982
                                      1974
  MINIMUM         39   1159 PM  14    1983  40     -1
  AVERAGE         50                        52     -2

PRECIPITATION (IN)
  YESTERDAY        0.00          3.72 2006   0.13  -0.13     0.00
  MONTH TO DATE    8.61                      3.17   5.44     3.41
  SINCE DEC 1      8.61                      3.17   5.44     3.41
  SINCE JAN 1     68.30                     58.50   9.80    65.29

SNOWFALL (IN)
  YESTERDAY        0.0                       0.0    0.0

DEGREE DAYS
 HEATING
  YESTERDAY       15                                1
  MONTH TO DATE  218                              -78
  SINCE DEC 1    218                              -78
  SINCE JUL 1    569                               37

 COOLING
  YESTERDAY        0                                0
  MONTH TO DATE   11                                3
  SINCE DEC 1     11                                3
  SINCE JAN 1   2803                              215
..................................................................


WIND (MPH)
  HIGHEST WIND SPEED    15   HIGHEST WIND DIRECTION    NW (330)
  HIGHEST GUST SPEED    19   HIGHEST GUST DIRECTION    NW (330)
  AVERAGE WIND SPEED     5.7




RELATIVE HUMIDITY (PERCENT)
 HIGHEST    92
 LOWEST     36
 AVERAGE    64

..........................................................


THE TALLAHASSEE CLIMATE NORMALS FOR TODAY
                         NORMAL    RECORD    YEAR
 MAXIMUM TEMPERATURE (F)   64        79      1987
                                             1984
                                             1971
 MINIMUM TEMPERATURE (F)   40        13      1985


SUNRISE AND SUNSET
DECEMBER 26 2014......SUNRISE   732 AM EST   SUNSET   544 PM EST
DECEMBER 27 2014......SUNRISE   733 AM EST   SUNSET   545 PM EST


-  INDICATES NEGATIVE NUMBERS.
R  INDICATES RECORD WAS SET OR TIED.
MM INDICATES DATA IS MISSING.
T  INDICATES TRACE AMOUNT.




$$
