000
CDUS42 KTAE 020632
CLITLH


CLIMATE REPORT
NATIONAL WEATHER SERVICE TALLAHASSEE FL
231 AM EDT SUN AUG 2 2015


...................................

...THE TALLAHASSEE CLIMATE SUMMARY FOR AUGUST 1 2015...

CLIMATE NORMAL PERIOD 1981 TO 2010
CLIMATE RECORD PERIOD 1896 TO 2015


WEATHER ITEM   OBSERVED TIME   RECORD YEAR NORMAL DEPARTURE LAST
                VALUE   (LST)  VALUE       VALUE  FROM      YEAR
                                                  NORMAL
..................................................................
TEMPERATURE (F)
 YESTERDAY
  MAXIMUM         91   1240 PM 102    1986  92     -1       94
  MINIMUM         78    650 AM  64    1993  72      6       68
  AVERAGE         85                        82      3       81

PRECIPITATION (IN)
  YESTERDAY        0.36          3.05 1899   0.27   0.09     0.00
  MONTH TO DATE    0.36                      0.27   0.09     0.00
  SINCE JUN 1     13.05                     15.17  -2.12     6.73
  SINCE JAN 1     31.58                     36.83  -5.25    38.82

SNOWFALL (IN)
  YESTERDAY        0.0                       0.0    0.0

DEGREE DAYS
 HEATING
  YESTERDAY        0                                0
  MONTH TO DATE    0                                0
  SINCE JUN 1      0                                0
  SINCE JUL 1      0                                0

 COOLING
  YESTERDAY       20                                3
  MONTH TO DATE   20                                3
  SINCE JUN 1   1168                              165
  SINCE JAN 1   1989                              540
..................................................................


WIND (MPH)
  HIGHEST WIND SPEED    17   HIGHEST WIND DIRECTION     N (10)
  HIGHEST GUST SPEED    22   HIGHEST GUST DIRECTION     N (10)
  AVERAGE WIND SPEED     3.6




RELATIVE HUMIDITY (PERCENT)
 HIGHEST    94
 LOWEST     74
 AVERAGE    84

..........................................................


THE TALLAHASSEE CLIMATE NORMALS FOR TODAY
                         NORMAL    RECORD    YEAR
 MAXIMUM TEMPERATURE (F)   92        99      1986
 MINIMUM TEMPERATURE (F)   72        67      1993


SUNRISE AND SUNSET
AUGUST  2 2015........SUNRISE   656 AM EDT   SUNSET   831 PM EDT
AUGUST  3 2015........SUNRISE   657 AM EDT   SUNSET   830 PM EDT


-  INDICATES NEGATIVE NUMBERS.
R  INDICATES RECORD WAS SET OR TIED.
MM INDICATES DATA IS MISSING.
T  INDICATES TRACE AMOUNT.




$$
