000
CDUS42 KTAE 280634
CLITLH


CLIMATE REPORT
NATIONAL WEATHER SERVICE TALLAHASSEE FL
133 AM EST SAT FEB 28 2015


...................................

...THE TALLAHASSEE CLIMATE SUMMARY FOR FEBRUARY 27 2015...

CLIMATE NORMAL PERIOD 1981 TO 2010
CLIMATE RECORD PERIOD 1896 TO 2015


WEATHER ITEM   OBSERVED TIME   RECORD YEAR NORMAL DEPARTURE LAST
                VALUE   (LST)  VALUE       VALUE  FROM      YEAR
                                                  NORMAL
..................................................................
TEMPERATURE (F)
 YESTERDAY
  MAXIMUM         58    336 PM  84    1962  70    -12       56
  MINIMUM         41    755 AM  17    1974  44     -3       33
  AVERAGE         50                        57     -7       45

PRECIPITATION (IN)
  YESTERDAY        0.00          5.59 1964   0.19  -0.19     0.00
  MONTH TO DATE    4.39                      4.67  -0.28     4.38
  SINCE DEC 1     17.93                     12.91   5.02    12.94
  SINCE JAN 1      9.15                      9.01   0.14     8.05

SNOWFALL (IN)
  YESTERDAY        0.0                       0.0    0.0

DEGREE DAYS
 HEATING
  YESTERDAY       15                                7
  MONTH TO DATE  363                               74
  SINCE DEC 1   1000                              -99
  SINCE JUL 1   1351                               16

 COOLING
  YESTERDAY        0                               -1
  MONTH TO DATE    0                               -3
  SINCE DEC 1     20                               -1
  SINCE JAN 1      7                               -1
..................................................................


WIND (MPH)
  HIGHEST WIND SPEED    13   HIGHEST WIND DIRECTION     N (20)
  HIGHEST GUST SPEED    18   HIGHEST GUST DIRECTION     N (340)
  AVERAGE WIND SPEED     7.4




RELATIVE HUMIDITY (PERCENT)
 HIGHEST    76
 LOWEST     47
 AVERAGE    62

..........................................................


THE TALLAHASSEE CLIMATE NORMALS FOR TODAY
                         NORMAL    RECORD    YEAR
 MAXIMUM TEMPERATURE (F)   71        89      1948
 MINIMUM TEMPERATURE (F)   44        18      2002


SUNRISE AND SUNSET
FEBRUARY 28 2015......SUNRISE   705 AM EST   SUNSET   635 PM EST
MARCH  1 2015.........SUNRISE   704 AM EST   SUNSET   636 PM EST


-  INDICATES NEGATIVE NUMBERS.
R  INDICATES RECORD WAS SET OR TIED.
MM INDICATES DATA IS MISSING.
T  INDICATES TRACE AMOUNT.




$$
