000
CDUS42 KTAE 250653
CLITLH


CLIMATE REPORT
NATIONAL WEATHER SERVICE TALLAHASSEE FL
252 AM EDT MON MAY 25 2015


...................................

...THE TALLAHASSEE CLIMATE SUMMARY FOR MAY 24 2015...

CLIMATE NORMAL PERIOD 1981 TO 2010
CLIMATE RECORD PERIOD 1896 TO 2015


WEATHER ITEM   OBSERVED TIME   RECORD YEAR NORMAL DEPARTURE LAST
                VALUE   (LST)  VALUE       VALUE  FROM      YEAR
                                                  NORMAL
..................................................................
TEMPERATURE (F)
 YESTERDAY
  MAXIMUM         92    301 PM 100    1941  89      3       96
  MINIMUM         73    614 AM  52    2001  64      9       67
                                      1892
  AVERAGE         83                        76      7       82

PRECIPITATION (IN)
  YESTERDAY        0.00          1.45 1935   0.14  -0.14     0.00
  MONTH TO DATE    1.08                      2.40  -1.32     1.10
  SINCE MAR 1      8.50                     11.40  -2.90    23.79
  SINCE JAN 1     17.69                     20.59  -2.90    31.84

SNOWFALL (IN)
  YESTERDAY        0.0                       0.0    0.0

DEGREE DAYS
 HEATING
  YESTERDAY        0                                0
  MONTH TO DATE    0                               -3
  SINCE MAR 1     75                             -175
  SINCE JUL 1   1441                             -152

 COOLING
  YESTERDAY       18                                6
  MONTH TO DATE  310                              103
  SINCE MAR 1    705                              359
  SINCE JAN 1    712                              352
..................................................................


WIND (MPH)
  HIGHEST WIND SPEED    17   HIGHEST WIND DIRECTION     E (90)
  HIGHEST GUST SPEED    21   HIGHEST GUST DIRECTION     E (110)
  AVERAGE WIND SPEED    10.9




RELATIVE HUMIDITY (PERCENT)
 HIGHEST    87
 LOWEST     41
 AVERAGE    64

..........................................................


THE TALLAHASSEE CLIMATE NORMALS FOR TODAY
                         NORMAL    RECORD    YEAR
 MAXIMUM TEMPERATURE (F)   89       100      1953
 MINIMUM TEMPERATURE (F)   65        48      1979


SUNRISE AND SUNSET
MAY 25 2015...........SUNRISE   638 AM EDT   SUNSET   831 PM EDT
MAY 26 2015...........SUNRISE   638 AM EDT   SUNSET   831 PM EDT


-  INDICATES NEGATIVE NUMBERS.
R  INDICATES RECORD WAS SET OR TIED.
MM INDICATES DATA IS MISSING.
T  INDICATES TRACE AMOUNT.




$$
