000
CDUS42 KTAE 060632
CLITLH


CLIMATE REPORT
NATIONAL WEATHER SERVICE TALLAHASSEE FL
232 AM EDT MON JUL 6 2015


...................................

...THE TALLAHASSEE CLIMATE SUMMARY FOR JULY 5 2015...

CLIMATE NORMAL PERIOD 1981 TO 2010
CLIMATE RECORD PERIOD 1896 TO 2015


WEATHER ITEM   OBSERVED TIME   RECORD YEAR NORMAL DEPARTURE LAST
                VALUE   (LST)  VALUE       VALUE  FROM      YEAR
                                                  NORMAL
..................................................................
TEMPERATURE (F)
 YESTERDAY
  MAXIMUM         90   1112 AM 101    1998  92     -2       95
  MINIMUM         72   1126 PM  64    2014  72      0       64
  AVERAGE         81                        82     -1       80

PRECIPITATION (IN)
  YESTERDAY        0.82          2.10 1989   0.23   0.59     0.00
  MONTH TO DATE    1.61                      1.16   0.45      T
  SINCE JUN 1      8.15                      8.89  -0.74     4.40
  SINCE JAN 1     26.68                     30.55  -3.87    36.49

SNOWFALL (IN)
  YESTERDAY        0.0                       0.0    0.0

DEGREE DAYS
 HEATING
  YESTERDAY        0                                0
  MONTH TO DATE    0                                0
  SINCE JUN 1      0                                0
  SINCE JUL 1      0                                0

 COOLING
  YESTERDAY       16                               -1
  MONTH TO DATE   89                                4
  SINCE JUN 1    593                               51
  SINCE JAN 1   1414                              426
..................................................................


WIND (MPH)
  HIGHEST WIND SPEED    31   HIGHEST WIND DIRECTION    NW (330)
  HIGHEST GUST SPEED    39   HIGHEST GUST DIRECTION     N (340)
  AVERAGE WIND SPEED     4.0




RELATIVE HUMIDITY (PERCENT)
 HIGHEST    93
 LOWEST     59
 AVERAGE    76

..........................................................


THE TALLAHASSEE CLIMATE NORMALS FOR TODAY
                         NORMAL    RECORD    YEAR
 MAXIMUM TEMPERATURE (F)   92       101      1931
 MINIMUM TEMPERATURE (F)   72        62      1947


SUNRISE AND SUNSET
JULY  6 2015..........SUNRISE   641 AM EDT   SUNSET   843 PM EDT
JULY  7 2015..........SUNRISE   642 AM EDT   SUNSET   843 PM EDT


-  INDICATES NEGATIVE NUMBERS.
R  INDICATES RECORD WAS SET OR TIED.
MM INDICATES DATA IS MISSING.
T  INDICATES TRACE AMOUNT.




$$
