000
CDUS42 KTAE 170639
CLITLH


CLIMATE REPORT
NATIONAL WEATHER SERVICE TALLAHASSEE FL
236 AM EDT WED SEP 17 2014


...................................

...THE TALLAHASSEE CLIMATE SUMMARY FOR SEPTEMBER 16 2014...

CLIMATE NORMAL PERIOD 1981 TO 2010
CLIMATE RECORD PERIOD 1896 TO 2014


WEATHER ITEM   OBSERVED TIME   RECORD YEAR NORMAL DEPARTURE LAST
                VALUE   (LST)  VALUE       VALUE  FROM      YEAR
                                                  NORMAL
..................................................................
TEMPERATURE (F)
 YESTERDAY
  MAXIMUM         85    104 PM 102    1927  89     -4
  MINIMUM         73   1159 PM  56    1961  68      5
  AVERAGE         79                        78      1

PRECIPITATION (IN)
  YESTERDAY        0.07          8.60 1924   0.15  -0.08     0.00
  MONTH TO DATE    5.85                      2.71   3.14     2.22
  SINCE SEP 1      5.85                      2.71   3.14     2.22
  SINCE JAN 1     46.93                     46.62   0.31    55.51

SNOWFALL (IN)
  YESTERDAY        0.0                       0.0    0.0

DEGREE DAYS
 HEATING
  YESTERDAY        0                                0
  MONTH TO DATE    0                                0
  SINCE SEP 1      0                                0
  SINCE JUL 1      0                                0

 COOLING
  YESTERDAY       14                                1
  MONTH TO DATE  284                               47
  SINCE SEP 1    284                               47
  SINCE JAN 1   2455                              265
..................................................................


WIND (MPH)
  HIGHEST WIND SPEED    14   HIGHEST WIND DIRECTION    SW (220)
  HIGHEST GUST SPEED    17   HIGHEST GUST DIRECTION     W (290)
  AVERAGE WIND SPEED     4.6




RELATIVE HUMIDITY (PERCENT)
 HIGHEST    94
 LOWEST     70
 AVERAGE    82

..........................................................


THE TALLAHASSEE CLIMATE NORMALS FOR TODAY
                         NORMAL    RECORD    YEAR
 MAXIMUM TEMPERATURE (F)   88        99      1933
                                             1927
 MINIMUM TEMPERATURE (F)   68        52      2001


SUNRISE AND SUNSET
SEPTEMBER 17 2014.....SUNRISE   723 AM EDT   SUNSET   740 PM EDT
SEPTEMBER 18 2014.....SUNRISE   724 AM EDT   SUNSET   739 PM EDT


-  INDICATES NEGATIVE NUMBERS.
R  INDICATES RECORD WAS SET OR TIED.
MM INDICATES DATA IS MISSING.
T  INDICATES TRACE AMOUNT.




$$
