000
CDUS42 KTAE 220633
CLITLH


CLIMATE REPORT
NATIONAL WEATHER SERVICE TALLAHASSEE FL
133 AM EST MON JAN 22 2018


...................................

...THE TALLAHASSEE CLIMATE SUMMARY FOR JANUARY 21 2018...

CLIMATE NORMAL PERIOD 1981 TO 2010
CLIMATE RECORD PERIOD 1896 TO 2018


WEATHER ITEM   OBSERVED TIME   RECORD YEAR NORMAL DEPARTURE LAST
                VALUE   (LST)  VALUE       VALUE  FROM      YEAR
                                                  NORMAL
..................................................................
TEMPERATURE (F)
 YESTERDAY
  MAXIMUM         72    453 PM  80    1929  64      8       78
  MINIMUM         36    753 AM   6    1985  39     -3       63
  AVERAGE         54                        51      3       71

PRECIPITATION (IN)
  YESTERDAY        0.00          4.66 2010   0.16  -0.16     1.87
  MONTH TO DATE    1.12                      2.81  -1.69     6.78
  SINCE DEC 1      3.11                      6.71  -3.60    10.98
  SINCE JAN 1      1.12                      2.81  -1.69     6.78

SNOWFALL (IN)
  YESTERDAY        0.0                       0.0    0.0

DEGREE DAYS
 HEATING
  YESTERDAY       11                               -3
  MONTH TO DATE  409                              115
  SINCE DEC 1    725                               52
  SINCE JUL 1    897                              -12

 COOLING
  YESTERDAY        0                                0
  MONTH TO DATE    8                                8
  SINCE DEC 1     38                               25
  SINCE JAN 1      8                                8
..................................................................


WIND (MPH)
  HIGHEST WIND SPEED     9   HIGHEST WIND DIRECTION    SE (130)
  HIGHEST GUST SPEED    12   HIGHEST GUST DIRECTION    SE (130)
  AVERAGE WIND SPEED     1.9




RELATIVE HUMIDITY (PERCENT)
 HIGHEST    92
 LOWEST     26
 AVERAGE    59

..........................................................


THE TALLAHASSEE CLIMATE NORMALS FOR TODAY
                         NORMAL    RECORD    YEAR
 MAXIMUM TEMPERATURE (F)   64        81      1937
 MINIMUM TEMPERATURE (F)   39        10      1985


SUNRISE AND SUNSET
JANUARY 22 2018.......SUNRISE   733 AM EST   SUNSET   605 PM EST
JANUARY 23 2018.......SUNRISE   733 AM EST   SUNSET   606 PM EST


-  INDICATES NEGATIVE NUMBERS.
R  INDICATES RECORD WAS SET OR TIED.
MM INDICATES DATA IS MISSING.
T  INDICATES TRACE AMOUNT.




$$
