000
CDUS42 KTAE 260631
CLITLH


CLIMATE REPORT
NATIONAL WEATHER SERVICE TALLAHASSEE FL
231 AM EDT FRI MAY 26 2017


...................................

...THE TALLAHASSEE CLIMATE SUMMARY FOR MAY 25 2017...

CLIMATE NORMAL PERIOD 1981 TO 2010
CLIMATE RECORD PERIOD 1896 TO 2017


WEATHER ITEM   OBSERVED TIME   RECORD YEAR NORMAL DEPARTURE LAST
                VALUE   (LST)  VALUE       VALUE  FROM      YEAR
                                                  NORMAL
..................................................................
TEMPERATURE (F)
 YESTERDAY
  MAXIMUM         82    447 PM 100    1953  89     -7       91
  MINIMUM         59    612 AM  48    1979  65     -6       65
  AVERAGE         71                        77     -6       78

PRECIPITATION (IN)
  YESTERDAY        0.00          2.54 1997   0.13  -0.13     0.00
  MONTH TO DATE    5.50                      2.53   2.97     1.63
  SINCE MAR 1      9.86                     11.53  -1.67    14.62
  SINCE JAN 1     19.79                     20.72  -0.93    23.32

SNOWFALL (IN)
  YESTERDAY        0.0                       0.0    0.0

DEGREE DAYS
 HEATING
  YESTERDAY        0                                0
  MONTH TO DATE    5                                2
  SINCE MAR 1    157                              -93
  SINCE JUL 1    805                             -788

 COOLING
  YESTERDAY        6                               -6
  MONTH TO DATE  225                                6
  SINCE MAR 1    481                              123
  SINCE JAN 1    541                              169
..................................................................


WIND (MPH)
  HIGHEST WIND SPEED    22   HIGHEST WIND DIRECTION     W (290)
  HIGHEST GUST SPEED    28   HIGHEST GUST DIRECTION    NW (330)
  AVERAGE WIND SPEED     8.9




RELATIVE HUMIDITY (PERCENT)
 HIGHEST    93
 LOWEST     30
 AVERAGE    62

..........................................................


THE TALLAHASSEE CLIMATE NORMALS FOR TODAY
                         NORMAL    RECORD    YEAR
 MAXIMUM TEMPERATURE (F)   89       100      2012
 MINIMUM TEMPERATURE (F)   65        41      1979


SUNRISE AND SUNSET
MAY 26 2017...........SUNRISE   638 AM EDT   SUNSET   832 PM EDT
MAY 27 2017...........SUNRISE   637 AM EDT   SUNSET   832 PM EDT


-  INDICATES NEGATIVE NUMBERS.
R  INDICATES RECORD WAS SET OR TIED.
MM INDICATES DATA IS MISSING.
T  INDICATES TRACE AMOUNT.




$$
