000
CDUS44 KBMX 192127
CLITOI


CLIMATE REPORT
NATIONAL WEATHER SERVICE BIRMINGHAM, AL
426 PM CDT SAT APR 19 2014


...................................

...THE TROY CLIMATE SUMMARY FOR APRIL 19 2014...
VALID AS OF 0400 PM LOCAL TIME.

CLIMATE NORMAL PERIOD 1981 TO 2010
CLIMATE RECORD PERIOD 9999 TO 9999


WEATHER ITEM   OBSERVED TIME   RECORD YEAR NORMAL DEPARTURE LAST
                VALUE   (LST)  VALUE       VALUE  FROM      YEAR
                                                  NORMAL
..................................................................
TEMPERATURE (F)
 TODAY
  MAXIMUM         67   1135 AM  MM      MM  77    -10       72
  MINIMUM         53    243 AM  MM      MM  51      2       43
  AVERAGE         60                        64     -4       58

PRECIPITATION (IN)
  TODAY            0.01                      0.14  -0.13     0.44
  MONTH TO DATE    8.80                      2.93   5.87     2.51
  SINCE MAR 1     14.49                      8.96   5.53     6.29
  SINCE JAN 1     23.55                     18.09   5.46    21.58

SNOWFALL (IN)
  TODAY            0.0                      MM     MM        0.0
  MONTH TO DATE    0.0                      MM     MM        0.0
  SINCE MAR 1      0.0                      MM     MM        0.0
  SINCE JUL 1      0.3                      MM     MM        0.0
  SNOW DEPTH       0

DEGREE DAYS
 HEATING
  TODAY            5                         3      2        7
  MONTH TO DATE   78                        89    -11       81
  SINCE MAR 1    375                       371      4      510
  SINCE JUL 1   2315                      2290     25     2116

 COOLING
  TODAY            0                         2     -2        0
  MONTH TO DATE   23                        29     -6       45
  SINCE MAR 1     24                        43    -19       50
  SINCE JAN 1     35                        48    -13       70
..................................................................


WIND (MPH)
  HIGHEST WIND SPEED    20   HIGHEST WIND DIRECTION     N (360)
  HIGHEST GUST SPEED    25   HIGHEST GUST DIRECTION     N (340)
  AVERAGE WIND SPEED    11.6


SKY COVER
  AVERAGE SKY COVER 1.0


WEATHER CONDITIONS
 THE FOLLOWING WEATHER WAS RECORDED TODAY.
  LIGHT RAIN
  FOG
  HAZE


RELATIVE HUMIDITY (PERCENT)
 HIGHEST    93          1200 AM
 LOWEST     63          1100 AM
 AVERAGE    78

..........................................................


THE TROY CLIMATE NORMALS FOR TOMORROW
                         NORMAL    RECORD    YEAR
 MAXIMUM TEMPERATURE (F)   78        MM        MM
 MINIMUM TEMPERATURE (F)   51        MM        MM


SUNRISE AND SUNSET
APRIL 19 2014.........SUNRISE   611 AM CDT   SUNSET   716 PM CDT
APRIL 20 2014.........SUNRISE   610 AM CDT   SUNSET   717 PM CDT


-  INDICATES NEGATIVE NUMBERS.
R  INDICATES RECORD WAS SET OR TIED.
MM INDICATES DATA IS MISSING.
T  INDICATES TRACE AMOUNT.




$$
