000
CDUS44 KBMX 060753
CLITOI


CLIMATE REPORT
NATIONAL WEATHER SERVICE BIRMINGHAM, AL
253 AM CDT FRI MAY 6 2016


...................................

...THE TROY CLIMATE SUMMARY FOR MAY 5 2016...

CLIMATE NORMAL PERIOD 1981 TO 2010
CLIMATE RECORD PERIOD 9999 TO 9999


WEATHER ITEM   OBSERVED TIME   RECORD YEAR NORMAL DEPARTURE LAST
                VALUE   (LST)  VALUE       VALUE  FROM      YEAR
                                                  NORMAL
..................................................................
TEMPERATURE (F)
 YESTERDAY
  MAXIMUM         73    427 PM  MM      MM  82     -9       83
  MINIMUM         52   1018 PM  MM      MM  55     -3       57
  AVERAGE         63                        68     -5       70

PRECIPITATION (IN)
  YESTERDAY        0.00                      0.11  -0.11     0.00
  MONTH TO DATE    1.17                      0.44   0.73     0.00
  SINCE MAR 1     11.75                     10.46   1.29     9.82
  SINCE JAN 1     18.10                     19.59  -1.49    16.73

DEGREE DAYS
 COOLING
  YESTERDAY        0                         4     -4        5
  MONTH TO DATE   27                        20      7        9
  SINCE MAR 1    186                        92     94      213
  SINCE JAN 1    193                        97     96      215
..................................................................


WIND (MPH)
  HIGHEST WIND SPEED    22   HIGHEST WIND DIRECTION    NW (310)
  HIGHEST GUST SPEED    29   HIGHEST GUST DIRECTION    NW (310)
  AVERAGE WIND SPEED     8.6


SKY COVER
  AVERAGE SKY COVER 0.1


WEATHER CONDITIONS
 THE FOLLOWING WEATHER WAS RECORDED YESTERDAY.
  NO SIGNIFICANT WEATHER WAS OBSERVED.


RELATIVE HUMIDITY (PERCENT)
 HIGHEST   100           200 AM
 LOWEST     27          1000 AM
 AVERAGE    64

..........................................................


THE TROY CLIMATE NORMALS FOR TODAY
                         NORMAL    RECORD    YEAR
 MAXIMUM TEMPERATURE (F)   82        MM        MM
 MINIMUM TEMPERATURE (F)   55        MM        MM


SUNRISE AND SUNSET
MAY  6 2016...........SUNRISE   553 AM CDT   SUNSET   728 PM CDT
MAY  7 2016...........SUNRISE   553 AM CDT   SUNSET   729 PM CDT


-  INDICATES NEGATIVE NUMBERS.
R  INDICATES RECORD WAS SET OR TIED.
MM INDICATES DATA IS MISSING.
T  INDICATES TRACE AMOUNT.




$$
