000
CDUS44 KBMX 200734
CLITOI


CLIMATE REPORT
NATIONAL WEATHER SERVICE BIRMINGHAM, AL
234 AM CDT THU JUL 20 2017


...................................

...THE TROY CLIMATE SUMMARY FOR JULY 19 2017...

CLIMATE NORMAL PERIOD 1981 TO 2010
CLIMATE RECORD PERIOD 9999 TO 9999


WEATHER ITEM   OBSERVED TIME   RECORD YEAR NORMAL DEPARTURE LAST
                VALUE   (LST)  VALUE       VALUE  FROM      YEAR
                                                  NORMAL
..................................................................
TEMPERATURE (F)
 YESTERDAY
  MAXIMUM         93    421 PM  MM      MM  92      1       91
  MINIMUM         71    526 AM  MM      MM  70      1       70
  AVERAGE         82                        81      1       81

PRECIPITATION (IN)
  YESTERDAY        0.00                      0.16  -0.16     0.24
  MONTH TO DATE    2.60                      3.54  -0.94     3.48
  SINCE JUN 1     11.11                      8.37   2.74     9.48
  SINCE JAN 1     43.61                     31.20  12.41    28.82

DEGREE DAYS
 COOLING
  YESTERDAY       17                        16      1       16
  MONTH TO DATE  300                       297      3      313
  SINCE JUN 1    655                       685    -30      754
  SINCE JAN 1   1059                       972     87     1169
..................................................................


WIND (MPH)
  HIGHEST WIND SPEED     9   HIGHEST WIND DIRECTION    NW (330)
  HIGHEST GUST SPEED    13   HIGHEST GUST DIRECTION    NW (320)
  AVERAGE WIND SPEED     2.0


SKY COVER
  AVERAGE SKY COVER 0.3


WEATHER CONDITIONS
 THE FOLLOWING WEATHER WAS RECORDED YESTERDAY.
  FOG
  FOG W/VISIBILITY <= 1/4 MILE


RELATIVE HUMIDITY (PERCENT)
 HIGHEST   100          1200 AM
 LOWEST     52           400 PM
 AVERAGE    76

..........................................................


THE TROY CLIMATE NORMALS FOR TODAY
                         NORMAL    RECORD    YEAR
 MAXIMUM TEMPERATURE (F)   92        MM        MM
 MINIMUM TEMPERATURE (F)   70        MM        MM


SUNRISE AND SUNSET
JULY 20 2017..........SUNRISE   552 AM CDT   SUNSET   748 PM CDT
JULY 21 2017..........SUNRISE   553 AM CDT   SUNSET   748 PM CDT


-  INDICATES NEGATIVE NUMBERS.
R  INDICATES RECORD WAS SET OR TIED.
MM INDICATES DATA IS MISSING.
T  INDICATES TRACE AMOUNT.




$$
