000
CDUS44 KBMX 280647
CLITOI


CLIMATE REPORT
NATIONAL WEATHER SERVICE BIRMINGHAM, AL
145 AM CDT THU MAY 28 2015


...................................

...THE TROY CLIMATE SUMMARY FOR MAY 27 2015...

CLIMATE NORMAL PERIOD 1981 TO 2010
CLIMATE RECORD PERIOD 9999 TO 9999


WEATHER ITEM   OBSERVED TIME   RECORD YEAR NORMAL DEPARTURE LAST
                VALUE   (LST)  VALUE       VALUE  FROM      YEAR
                                                  NORMAL
..................................................................
TEMPERATURE (F)
 YESTERDAY
  MAXIMUM         88    139 PM  MM      MM  86      2       86
  MINIMUM         64    440 AM  MM      MM  62      2       66
  AVERAGE         76                        74      2       76

PRECIPITATION (IN)
  YESTERDAY        0.11                      0.16  -0.05     0.07
  MONTH TO DATE    1.79                      2.84  -1.05     4.62
  SINCE MAR 1     11.61                     12.86  -1.25    20.28
  SINCE JAN 1     18.52                     21.99  -3.47    29.34

DEGREE DAYS
 COOLING
  YESTERDAY       11                         9      2       11
  MONTH TO DATE  230                       171     59      191
  SINCE MAR 1    434                       243    191      263
  SINCE JAN 1    436                       248    188      274
..................................................................


WIND (MPH)
  HIGHEST WIND SPEED    17   HIGHEST WIND DIRECTION    SE (130)
  HIGHEST GUST SPEED    23   HIGHEST GUST DIRECTION     S (160)
  AVERAGE WIND SPEED     4.2


SKY COVER
  AVERAGE SKY COVER 0.4


WEATHER CONDITIONS
 THE FOLLOWING WEATHER WAS RECORDED YESTERDAY.
  THUNDERSTORM
  RAIN
  LIGHT RAIN


RELATIVE HUMIDITY (PERCENT)
 HIGHEST   100           400 AM
 LOWEST     59           100 PM
 AVERAGE    80

..........................................................


THE TROY CLIMATE NORMALS FOR TODAY
                         NORMAL    RECORD    YEAR
 MAXIMUM TEMPERATURE (F)   87        MM        MM
 MINIMUM TEMPERATURE (F)   62        MM        MM


SUNRISE AND SUNSET
MAY 28 2015...........SUNRISE   540 AM CDT   SUNSET   742 PM CDT
MAY 29 2015...........SUNRISE   540 AM CDT   SUNSET   743 PM CDT


-  INDICATES NEGATIVE NUMBERS.
R  INDICATES RECORD WAS SET OR TIED.
MM INDICATES DATA IS MISSING.
T  INDICATES TRACE AMOUNT.




$$
