000
CDUS44 KBMX 302149
CLITOI


CLIMATE REPORT
NATIONAL WEATHER SERVICE BIRMINGHAM, AL
449 PM CDT THU JUL 30 2015


...................................

...THE TROY CLIMATE SUMMARY FOR JULY 30 2015...
VALID AS OF 0400 PM LOCAL TIME.

CLIMATE NORMAL PERIOD 1981 TO 2010
CLIMATE RECORD PERIOD 9999 TO 9999


WEATHER ITEM   OBSERVED TIME   RECORD YEAR NORMAL DEPARTURE LAST
                VALUE   (LST)  VALUE       VALUE  FROM      YEAR
                                                  NORMAL
..................................................................
TEMPERATURE (F)
 TODAY
  MAXIMUM        100    201 PM  MM      MM  91      9       87
  MINIMUM         77    548 AM  MM      MM  70      7       58
  AVERAGE         89                        81      8       73

PRECIPITATION (IN)
  TODAY            0.01                      0.18  -0.17     0.00
  MONTH TO DATE    2.68                      5.49  -2.81     2.12
  SINCE JUN 1      6.79                     10.32  -3.53     4.91
  SINCE JAN 1     26.61                     33.15  -6.54    34.97

DEGREE DAYS
 COOLING
  TODAY           24                        16      8        8
  MONTH TO DATE  558                       473     85      450
  SINCE JUN 1   1017                       861    156      883
  SINCE JAN 1   1500                      1148    352     1205
..................................................................


WIND (MPH)
  HIGHEST WIND SPEED    15   HIGHEST WIND DIRECTION    NE (40)
  HIGHEST GUST SPEED    19   HIGHEST GUST DIRECTION    NE (40)
  AVERAGE WIND SPEED     5.5


SKY COVER
  AVERAGE SKY COVER 0.1


WEATHER CONDITIONS
 THE FOLLOWING WEATHER WAS RECORDED TODAY.
  LIGHT RAIN
  FOG


RELATIVE HUMIDITY (PERCENT)
 HIGHEST    94          1200 AM
 LOWEST     45          1200 PM
 AVERAGE    70

..........................................................


THE TROY CLIMATE NORMALS FOR TOMORROW
                         NORMAL    RECORD    YEAR
 MAXIMUM TEMPERATURE (F)   91        MM        MM
 MINIMUM TEMPERATURE (F)   70        MM        MM


SUNRISE AND SUNSET
JULY 30 2015..........SUNRISE   558 AM CDT   SUNSET   742 PM CDT
JULY 31 2015..........SUNRISE   559 AM CDT   SUNSET   742 PM CDT


-  INDICATES NEGATIVE NUMBERS.
R  INDICATES RECORD WAS SET OR TIED.
MM INDICATES DATA IS MISSING.
T  INDICATES TRACE AMOUNT.




$$
