000
CDUS44 KBMX 280929
CLITOI


CLIMATE REPORT
NATIONAL WEATHER SERVICE BIRMINGHAM, AL
428 AM CDT FRI AUG 28 2015


...................................

...THE TROY CLIMATE SUMMARY FOR AUGUST 27 2015...

CLIMATE NORMAL PERIOD 1981 TO 2010
CLIMATE RECORD PERIOD 9999 TO 9999


WEATHER ITEM   OBSERVED TIME   RECORD YEAR NORMAL DEPARTURE LAST
                VALUE   (LST)  VALUE       VALUE  FROM      YEAR
                                                  NORMAL
..................................................................
TEMPERATURE (F)
 YESTERDAY
  MAXIMUM         92    233 PM  MM      MM  91      1       93
  MINIMUM         MM        MM  MM      MM  69     MM       63
  AVERAGE         MM                        80     MM       78

PRECIPITATION (IN)
  YESTERDAY        0.00                      0.12  -0.12     0.00
  MONTH TO DATE    3.15                      4.21  -1.06     2.87
  SINCE JUN 1      9.95                     14.71  -4.76     7.78
  SINCE JAN 1     29.77                     37.54  -7.77    37.84

DEGREE DAYS
 COOLING
  YESTERDAY       MM                        15     MM       13
  MONTH TO DATE  446                       420     26      432
  SINCE JUN 1   1482                      1293    189     1325
  SINCE JAN 1   1965                      1580    385     1647
..................................................................


WIND (MPH)
  HIGHEST WIND SPEED    17   HIGHEST WIND DIRECTION     N (340)
  HIGHEST GUST SPEED    22   HIGHEST GUST DIRECTION     N (350)
  AVERAGE WIND SPEED     6.0


SKY COVER
  AVERAGE SKY COVER 0.2


WEATHER CONDITIONS
 THE FOLLOWING WEATHER WAS RECORDED YESTERDAY.
  NO SIGNIFICANT WEATHER WAS OBSERVED.


RELATIVE HUMIDITY (PERCENT)
 HIGHEST    90          1000 PM
 LOWEST     38           100 PM
 AVERAGE    64

..........................................................


THE TROY CLIMATE NORMALS FOR TODAY
                         NORMAL    RECORD    YEAR
 MAXIMUM TEMPERATURE (F)   91        MM        MM
 MINIMUM TEMPERATURE (F)   69        MM        MM


SUNRISE AND SUNSET
AUGUST 28 2015........SUNRISE   617 AM CDT   SUNSET   713 PM CDT
AUGUST 29 2015........SUNRISE   617 AM CDT   SUNSET   712 PM CDT


-  INDICATES NEGATIVE NUMBERS.
R  INDICATES RECORD WAS SET OR TIED.
MM INDICATES DATA IS MISSING.
T  INDICATES TRACE AMOUNT.




$$
