542
CDUS41 KCLE 050532
CLITOL


CLIMATE REPORT
NATIONAL WEATHER SERVICE CLEVELAND OH
131 AM EDT THU MAY 5 2016


...................................

...THE TOLEDO OH CLIMATE SUMMARY FOR MAY 4 2016...

CLIMATE NORMAL PERIOD 1981 TO 2010
CLIMATE RECORD PERIOD 1873 TO 2016


WEATHER ITEM   OBSERVED TIME   RECORD YEAR NORMAL DEPARTURE LAST
                VALUE   (LST)  VALUE       VALUE  FROM      YEAR
                                                  NORMAL
..................................................................
TEMPERATURE (F)
 YESTERDAY
  MAXIMUM         58   1152 AM  89    1895  67     -9       73
  MINIMUM         44   1159 PM  25    2005  45     -1       61
  AVERAGE         51                        56     -5       67

PRECIPITATION (IN)
  YESTERDAY        0.03                      0.11  -0.08     0.06
  MONTH TO DATE    0.47                      0.44   0.03     0.06
  SINCE MAR 1      9.57                      6.11   3.46     4.09
  SINCE JAN 1     12.79                     10.23   2.56     7.71

SNOWFALL (IN)
  YESTERDAY        0.0                       0.0    0.0      0.0
  MONTH TO DATE    0.0                       0.0    0.0      0.0
  SINCE MAR 1     11.4                       7.0    4.4      5.4
  SINCE JUL 1     26.4                      37.5  -11.1     45.7
  SNOW DEPTH       0

DEGREE DAYS
 HEATING
  YESTERDAY       14                        10      4        0
  MONTH TO DATE   53                        40     13       13
  SINCE MAR 1   1275                      1366    -91     1486
  SINCE JUL 1   5173                      5942   -769     6742

 COOLING
  YESTERDAY        0                         1     -1        2
  MONTH TO DATE    0                         1     -1        2
  SINCE MAR 1      0                         9     -9        2
  SINCE JAN 1      0                         9     -9        2
..................................................................


WIND (MPH)
  HIGHEST WIND SPEED    22   HIGHEST WIND DIRECTION    SW (210)
  HIGHEST GUST SPEED    28   HIGHEST GUST DIRECTION    SW (210)
  AVERAGE WIND SPEED     9.6


SKY COVER
  POSSIBLE SUNSHINE  MM
  AVERAGE SKY COVER 0.8


WEATHER CONDITIONS
 THE FOLLOWING WEATHER WAS RECORDED YESTERDAY.
  LIGHT RAIN
  FOG


RELATIVE HUMIDITY (PERCENT)
 HIGHEST    86           300 AM
 LOWEST     62          1000 AM
 AVERAGE    74

..........................................................


THE TOLEDO OH CLIMATE NORMALS FOR TODAY
                         NORMAL    RECORD    YEAR
 MAXIMUM TEMPERATURE (F)   68        92      1952
 MINIMUM TEMPERATURE (F)   45        29      1974


SUNRISE AND SUNSET
MAY  5 2016...........SUNRISE   626 AM EDT   SUNSET   838 PM EDT
MAY  6 2016...........SUNRISE   625 AM EDT   SUNSET   839 PM EDT


-  INDICATES NEGATIVE NUMBERS.
R  INDICATES RECORD WAS SET OR TIED.
MM INDICATES DATA IS MISSING.
T  INDICATES TRACE AMOUNT.




$$
