000
CDUS41 KCLE 150532
CLITOL


CLIMATE REPORT
NATIONAL WEATHER SERVICE CLEVELAND OH
1232 AM EST FRI DEC 15 2017


...................................

...THE TOLEDO OH CLIMATE SUMMARY FOR DECEMBER 14 2017...

CLIMATE NORMAL PERIOD 1981 TO 2010
CLIMATE RECORD PERIOD 1873 TO 2017


WEATHER ITEM   OBSERVED TIME   RECORD YEAR NORMAL DEPARTURE LAST
                VALUE   (LST)  VALUE       VALUE  FROM      YEAR
                                                  NORMAL
..................................................................
TEMPERATURE (F)
 YESTERDAY
  MAXIMUM         24   1235 AM  65    1975  36    -12       17
  MINIMUM          4   1028 PM  -1    1914  23    -19        3
  AVERAGE         14                        30    -16       10

PRECIPITATION (IN)
  YESTERDAY        0.01                      0.08  -0.07      T
  MONTH TO DATE    0.48                      1.24  -0.76     1.41
  SINCE DEC 1      0.48                      1.24  -0.76     1.41
  SINCE JAN 1     38.38                     32.80   5.58    33.26

SNOWFALL (IN)
  YESTERDAY        0.3                       0.3    0.0       T
  MONTH TO DATE    6.0                       2.8    3.2     11.2
  SINCE DEC 1      6.0                       2.8    3.2     11.2
  SINCE JUL 1      6.0                       4.9    1.1     11.2
  SNOW DEPTH       3

DEGREE DAYS
 HEATING
  YESTERDAY       51                        35     16       55
  MONTH TO DATE  474                       459     15      511
  SINCE DEC 1    474                       459     15      511
  SINCE JUL 1   1522                      1692   -170     1435

 COOLING
  YESTERDAY        0                         0      0        0
  MONTH TO DATE    0                         0      0        0
  SINCE DEC 1      0                         0      0        0
  SINCE JAN 1    744                       793    -49     1037
..................................................................


WIND (MPH)
  HIGHEST WIND SPEED    21   HIGHEST WIND DIRECTION     N (350)
  HIGHEST GUST SPEED    27   HIGHEST GUST DIRECTION     N (340)
  AVERAGE WIND SPEED     6.8


SKY COVER
  POSSIBLE SUNSHINE  MM
  AVERAGE SKY COVER 0.3


WEATHER CONDITIONS
 THE FOLLOWING WEATHER WAS RECORDED YESTERDAY.
  LIGHT SNOW
  FOG
  HAZE


RELATIVE HUMIDITY (PERCENT)
 HIGHEST    92          1200 AM
 LOWEST     56           100 PM
 AVERAGE    74

..........................................................


THE TOLEDO OH CLIMATE NORMALS FOR TODAY
                         NORMAL    RECORD    YEAR
 MAXIMUM TEMPERATURE (F)   36        65      1933
 MINIMUM TEMPERATURE (F)   23        -5      1914


SUNRISE AND SUNSET
DECEMBER 15 2017......SUNRISE   755 AM EST   SUNSET   506 PM EST
DECEMBER 16 2017......SUNRISE   756 AM EST   SUNSET   506 PM EST


-  INDICATES NEGATIVE NUMBERS.
R  INDICATES RECORD WAS SET OR TIED.
MM INDICATES DATA IS MISSING.
T  INDICATES TRACE AMOUNT.




$$
