000
CDUS41 KCLE 210545
CLITOL


CLIMATE REPORT
NATIONAL WEATHER SERVICE CLEVELAND OH
145 AM EDT SAT OCT 21 2017


...................................

...THE TOLEDO OH CLIMATE SUMMARY FOR OCTOBER 20 2017...

CLIMATE NORMAL PERIOD 1981 TO 2010
CLIMATE RECORD PERIOD 1873 TO 2017


WEATHER ITEM   OBSERVED TIME   RECORD YEAR NORMAL DEPARTURE LAST
                VALUE   (LST)  VALUE       VALUE  FROM      YEAR
                                                  NORMAL
..................................................................
TEMPERATURE (F)
 YESTERDAY
  MAXIMUM         77    339 PM  82    1920  61     16       59
  MINIMUM         38    704 AM  18    1972  41     -3       50
  AVERAGE         58                        51      7       55

PRECIPITATION (IN)
  YESTERDAY        0.00                      0.08  -0.08     1.17
  MONTH TO DATE    2.20                      1.70   0.50     1.73
  SINCE SEP 1      4.84                      4.48   0.36     5.70
  SINCE JAN 1     31.64                     27.80   3.84    29.01

SNOWFALL (IN)
  YESTERDAY        0.0                       0.0    0.0      0.0
  MONTH TO DATE    0.0                       0.1   -0.1      0.0
  SINCE SEP 1      0.0                       0.1   -0.1      0.0
  SINCE JUL 1      0.0                       0.1   -0.1      0.0
  SNOW DEPTH       0

DEGREE DAYS
 HEATING
  YESTERDAY        7                        14     -7       10
  MONTH TO DATE   82                       227   -145      126
  SINCE SEP 1    161                       337   -176      164
  SINCE JUL 1    175                       351   -176      165

 COOLING
  YESTERDAY        0                         0      0        0
  MONTH TO DATE   29                         8     21       25
  SINCE SEP 1    151                        90     61      144
  SINCE JAN 1    744                       792    -48     1033
..................................................................


WIND (MPH)
  HIGHEST WIND SPEED    12   HIGHEST WIND DIRECTION    SW (230)
  HIGHEST GUST SPEED    16   HIGHEST GUST DIRECTION    SW (210)
  AVERAGE WIND SPEED     3.8


SKY COVER
  POSSIBLE SUNSHINE  MM
  AVERAGE SKY COVER 0.0


WEATHER CONDITIONS
 THE FOLLOWING WEATHER WAS RECORDED YESTERDAY.
  NO SIGNIFICANT WEATHER WAS OBSERVED.


RELATIVE HUMIDITY (PERCENT)
 HIGHEST   100           700 AM
 LOWEST     35          1200 PM
 AVERAGE    68

..........................................................


THE TOLEDO OH CLIMATE NORMALS FOR TODAY
                         NORMAL    RECORD    YEAR
 MAXIMUM TEMPERATURE (F)   61        82      1920
 MINIMUM TEMPERATURE (F)   40        16      1974


SUNRISE AND SUNSET
OCTOBER 21 2017.......SUNRISE   754 AM EDT   SUNSET   645 PM EDT
OCTOBER 22 2017.......SUNRISE   756 AM EDT   SUNSET   643 PM EDT


-  INDICATES NEGATIVE NUMBERS.
R  INDICATES RECORD WAS SET OR TIED.
MM INDICATES DATA IS MISSING.
T  INDICATES TRACE AMOUNT.




$$
