000
CDUS43 KTOP 080641
CLITOP


CLIMATE REPORT
NATIONAL WEATHER SERVICE TOPEKA KS
1238 AM CST THU DEC 8 2016


...................................

...THE TOPEKA KS CLIMATE SUMMARY FOR DECEMBER 7 2016...

CLIMATE NORMAL PERIOD 1981 TO 2010
CLIMATE RECORD PERIOD 1887 TO 2016


WEATHER ITEM   OBSERVED TIME   RECORD YEAR NORMAL DEPARTURE LAST
                VALUE   (LST)  VALUE       VALUE  FROM      YEAR
                                                  NORMAL
..................................................................
TEMPERATURE (F)
 YESTERDAY
  MAXIMUM         31    312 AM  70    1894  44    -13       61
  MINIMUM         19   1159 PM  -1    1917  24     -5       26
  AVERAGE         25                        34     -9       44

PRECIPITATION (IN)
  YESTERDAY        0.04          2.55 1980   0.05  -0.01     0.00
  MONTH TO DATE    0.58                      0.36   0.22     0.00
  SINCE DEC 1      0.58                      0.36   0.22     0.00
  SINCE JAN 1     42.76                     35.47   7.29    46.68

SNOWFALL (IN)
  YESTERDAY        0.5           6.2  2005   0.2    0.3      0.0
  MONTH TO DATE    0.5                       1.0   -0.5      0.0
  SINCE JAN 1      4.2                      13.6   -9.4      8.0
  SINCE JUL 1      0.5                       2.3   -1.8      0.1
  SNOW DEPTH       0

DEGREE DAYS
 HEATING
  YESTERDAY       40                        31      9       21
  MONTH TO DATE  213                       210      3      170
  SINCE DEC 1    213                       210      3      170
  SINCE JUL 1    786                      1204   -418      906

 COOLING
  YESTERDAY        0                         0      0        0
  MONTH TO DATE    0                         0      0        0
  SINCE DEC 1      0                         0      0        0
  SINCE JAN 1   1711                      1422    289     1536
..................................................................


WIND (MPH)
  HIGHEST WIND SPEED    16   HIGHEST WIND DIRECTION     N (360)
  HIGHEST GUST SPEED    20   HIGHEST GUST DIRECTION     N (360)
  AVERAGE WIND SPEED     7.9


SKY COVER
  AVERAGE SKY COVER 0.7


WEATHER CONDITIONS
 THE FOLLOWING WEATHER WAS RECORDED YESTERDAY.
  SNOW
  LIGHT SNOW
  FOG
  HAZE


RELATIVE HUMIDITY (PERCENT)
 HIGHEST    81          1200 PM
 LOWEST     47           200 AM
 AVERAGE    64

..........................................................


THE TOPEKA KS CLIMATE NORMALS FOR TODAY
                         NORMAL    RECORD    YEAR
 MAXIMUM TEMPERATURE (F)   43        70      1946
 MINIMUM TEMPERATURE (F)   24        -6      2005
                                             1917


SUNRISE AND SUNSET
DECEMBER  8 2016......SUNRISE   729 AM CST   SUNSET   500 PM CST
DECEMBER  9 2016......SUNRISE   730 AM CST   SUNSET   500 PM CST


-  INDICATES NEGATIVE NUMBERS.
R  INDICATES RECORD WAS SET OR TIED.
MM INDICATES DATA IS MISSING.
T  INDICATES TRACE AMOUNT.

$$
