000
CDUS43 KTOP 020637
CLITOP


CLIMATE REPORT
NATIONAL WEATHER SERVICE TOPEKA KS
136 AM CDT THU OCT 2 2014


...................................

...THE TOPEKA KS CLIMATE SUMMARY FOR OCTOBER 1 2014...

CLIMATE NORMAL PERIOD 1981 TO 2010
CLIMATE RECORD PERIOD 1887 TO 2014


WEATHER ITEM   OBSERVED TIME   RECORD YEAR NORMAL DEPARTURE LAST
                VALUE   (LST)  VALUE       VALUE  FROM      YEAR
                                                  NORMAL
..................................................................
TEMPERATURE (F)
 YESTERDAY
  MAXIMUM         86    233 PM  95    1976  74     12       85
  MINIMUM         63    924 PM  29    1985  50     13       52
                                      1984
  AVERAGE         75                        62     13       69

PRECIPITATION (IN)
  YESTERDAY        1.13          3.31 2005   0.12   1.01     0.00
  MONTH TO DATE    1.13                      0.12   1.01     0.00
  SINCE SEP 1      5.27                      3.78   1.49     3.27
  SINCE JAN 1     25.11                     30.35  -5.24    27.74

SNOWFALL (IN)
  YESTERDAY        0.0           0.0    MM   0.0    0.0      0.0
  MONTH TO DATE    0.0                       0.0    0.0      0.0
  SINCE JAN 1     23.1                      11.3   11.8     24.2
  SINCE JUL 1      T                         0.0    0.0      0.0
  SNOW DEPTH       0

DEGREE DAYS
 HEATING
  YESTERDAY        0                         5     -5        0
  MONTH TO DATE    0                         5     -5        0
  SINCE SEP 1     49                        70    -21       14
  SINCE JUL 1     49                        72    -23       14

 COOLING
  YESTERDAY       10                         2      8        4
  MONTH TO DATE   10                         2      8        4
  SINCE SEP 1    183                       167     16      259
  SINCE JAN 1   1593                      1395    198     1553
..................................................................


WIND (MPH)
  HIGHEST WIND SPEED    47   HIGHEST WIND DIRECTION    NW (310)
  HIGHEST GUST SPEED    65   HIGHEST GUST DIRECTION     W (290)
  AVERAGE WIND SPEED     6.9


SKY COVER
  AVERAGE SKY COVER 0.7


WEATHER CONDITIONS
 THE FOLLOWING WEATHER WAS RECORDED YESTERDAY.
  THUNDERSTORM
  HEAVY RAIN
  RAIN
  LIGHT RAIN
  FOG
  HAZE


RELATIVE HUMIDITY (PERCENT)
 HIGHEST   100           600 AM
 LOWEST     51           200 PM
 AVERAGE    76

..........................................................


THE TOPEKA KS CLIMATE NORMALS FOR TODAY
                         NORMAL    RECORD    YEAR
 MAXIMUM TEMPERATURE (F)   74        95      1963
                                             1953
 MINIMUM TEMPERATURE (F)   49        32      2004


SUNRISE AND SUNSET
OCTOBER  2 2014.......SUNRISE   719 AM CDT   SUNSET   704 PM CDT
OCTOBER  3 2014.......SUNRISE   720 AM CDT   SUNSET   702 PM CDT


-  INDICATES NEGATIVE NUMBERS.
R  INDICATES RECORD WAS SET OR TIED.
MM INDICATES DATA IS MISSING.
T  INDICATES TRACE AMOUNT.




$$
