000
CDUS45 KCYS 280733
CLITOR


CLIMATE REPORT
NATIONAL WEATHER SERVICE CHEYENNE WY
1231 AM MST SUN DEC 28 2014


...................................

...THE TORRINGTON WY AIRPORT CLIMATE SUMMARY FOR DECEMBER 27 2014...

CLIMATE NORMAL PERIOD 1981 TO 2010
CLIMATE RECORD PERIOD 1998 TO 2014


WEATHER ITEM   OBSERVED TIME   RECORD YEAR NORMAL DEPARTURE LAST
                VALUE   (LST)  VALUE       VALUE  FROM      YEAR
                                                  NORMAL
..................................................................
TEMPERATURE (F)
 YESTERDAY
  MAXIMUM         26    239 PM  58    2013  40    -14       58
  MINIMUM         -1R   745 AM   3    2012  14    -15       22
  AVERAGE         13                        27    -14       40

PRECIPITATION (IN)
  YESTERDAY        0.00          0.04 2007   0.01  -0.01     0.00
  MONTH TO DATE    0.12                      0.33  -0.21     0.38
  SINCE JAN 1     17.79                     14.17   3.62    13.86

DEGREE DAYS
 HEATING
  YESTERDAY       52                        38     14       25
  MONTH TO DATE  765                      1019   -254     1072
  SINCE DEC 1    765                      1019   -254     1072
  SINCE JUL 1   2297                      2602   -305     2641

 COOLING
  YESTERDAY        0                         0      0        0
  MONTH TO DATE    0                         0      0        0
  SINCE DEC 1      0                         0      0        0
  SINCE JAN 1    587                       678    -91      893
..................................................................


WIND (MPH)
  HIGHEST WIND SPEED    21   HIGHEST WIND DIRECTION     W (290)
  HIGHEST GUST SPEED    25   HIGHEST GUST DIRECTION     W (280)
  AVERAGE WIND SPEED     7.1


SKY COVER
  AVERAGE SKY COVER 0.1


WEATHER CONDITIONS
 THE FOLLOWING WEATHER WAS RECORDED YESTERDAY.
  FOG


RELATIVE HUMIDITY (PERCENT)
 HIGHEST   100           900 AM
 LOWEST     55           200 PM
 AVERAGE    78

..........................................................


THE TORRINGTON WY AIRPORT CLIMATE NORMALS FOR TODAY
                         NORMAL    RECORD    YEAR
 MAXIMUM TEMPERATURE (F)   40        63      1999
 MINIMUM TEMPERATURE (F)   14        -6      2007


SUNRISE AND SUNSET
DECEMBER 28 2014......SUNRISE   724 AM MST   SUNSET   432 PM MST
DECEMBER 29 2014......SUNRISE   724 AM MST   SUNSET   433 PM MST


-  INDICATES NEGATIVE NUMBERS.
R  INDICATES RECORD WAS SET OR TIED.
MM INDICATES DATA IS MISSING.
T  INDICATES TRACE AMOUNT.




$$
