000
CDUS45 KCYS 310442
CLITOR


CLIMATE REPORT
NATIONAL WEATHER SERVICE CHEYENNE WY
942 PM MST FRI JAN 30 2015


...................................

...THE TORRINGTON WY AIRPORT CLIMATE SUMMARY FOR JANUARY 30 2015...
VALID TODAY AS OF 0900 PM LOCAL TIME.

CLIMATE NORMAL PERIOD 1981 TO 2010
CLIMATE RECORD PERIOD 1998 TO 2015


WEATHER ITEM   OBSERVED TIME   RECORD YEAR NORMAL DEPARTURE LAST
                VALUE   (LST)  VALUE       VALUE  FROM      YEAR
                                                  NORMAL
..................................................................
TEMPERATURE (F)
 TODAY
  MAXIMUM         47    342 PM  60    2003  43      4       39
  MINIMUM         25    814 AM   0    2013  15     10       18
                                      2007
  AVERAGE         36                        29      7       29

PRECIPITATION (IN)
  TODAY            0.00          0.07 2003   0.01  -0.01     0.04
  MONTH TO DATE    0.01                      0.25  -0.24     0.19
  SINCE JAN 1      0.01                      0.25  -0.24     0.19

DEGREE DAYS
 HEATING
  TODAY           29                        36     -7       36
  MONTH TO DATE  960                      1103   -143     1047
  SINCE DEC 1   2144                      2276   -132     2244
  SINCE JUL 1   3676                      3859   -183     3813

 COOLING
  TODAY            0                         0      0        0
  MONTH TO DATE    0                         0      0        0
  SINCE DEC 1      0                         0      0        0
  SINCE JAN 1      0                         0      0        0
..................................................................


WIND (MPH)
  HIGHEST WIND SPEED    13   HIGHEST WIND DIRECTION    NE (30)
  HIGHEST GUST SPEED    14   HIGHEST GUST DIRECTION     E (100)
  AVERAGE WIND SPEED     5.6


SKY COVER
  AVERAGE SKY COVER 0.0


WEATHER CONDITIONS
 THE FOLLOWING WEATHER WAS RECORDED TODAY.
  NO SIGNIFICANT WEATHER WAS OBSERVED.


RELATIVE HUMIDITY (PERCENT)
 HIGHEST    81           800 AM
 LOWEST     45           300 PM
 AVERAGE    63

..........................................................


THE TORRINGTON WY AIRPORT CLIMATE NORMALS FOR TOMORROW
                         NORMAL    RECORD    YEAR
 MAXIMUM TEMPERATURE (F)   43        64      2003
 MINIMUM TEMPERATURE (F)   15       -11      2011


SUNRISE AND SUNSET
JANUARY 30 2015.......SUNRISE   712 AM MST   SUNSET   509 PM MST
JANUARY 31 2015.......SUNRISE   711 AM MST   SUNSET   510 PM MST


-  INDICATES NEGATIVE NUMBERS.
R  INDICATES RECORD WAS SET OR TIED.
MM INDICATES DATA IS MISSING.
T  INDICATES TRACE AMOUNT.




$$
