000
CDUS45 KCYS 282140
CLITOR


CLIMATE REPORT
NATIONAL WEATHER SERVICE CHEYENNE WY
340 PM MDT FRI AUG 28 2015


...................................

...THE TORRINGTON WY AIRPORT CLIMATE SUMMARY FOR AUGUST 28 2015...
VALID AS OF 0300 PM LOCAL TIME.

CLIMATE NORMAL PERIOD 1981 TO 2010
CLIMATE RECORD PERIOD 1998 TO 2015


WEATHER ITEM   OBSERVED TIME   RECORD YEAR NORMAL DEPARTURE LAST
                VALUE   (LST)  VALUE       VALUE  FROM      YEAR
                                                  NORMAL
..................................................................
TEMPERATURE (F)
 TODAY
  MAXIMUM         89    158 PM 100    2012  85      4       69
  MINIMUM         55    539 AM  36    2004  52      3       53
  AVERAGE         72                        68      4       61

PRECIPITATION (IN)
  TODAY            0.00          0.24 2014   0.02  -0.02     0.24
  MONTH TO DATE    0.29                      1.17  -0.88     2.56
  SINCE JAN 1     15.72                     10.86   4.86    14.02

DEGREE DAYS
 HEATING
  TODAY            0                         1     -1        4
  MONTH TO DATE   26                         7     19        7
  SINCE JUN 1     37                        88    -51       92
  SINCE JUL 1     34                        13     21       14

 COOLING
  TODAY            7                         5      2        0
  MONTH TO DATE  214                       204     10      194
  SINCE JUN 1    586                       602    -16      514
  SINCE JAN 1    586                       620    -34      530
..................................................................


WIND (MPH)
  HIGHEST WIND SPEED    15   HIGHEST WIND DIRECTION     W (260)
  HIGHEST GUST SPEED    20   HIGHEST GUST DIRECTION     W (280)
  AVERAGE WIND SPEED     8.2


SKY COVER
  AVERAGE SKY COVER 0.0


WEATHER CONDITIONS
 THE FOLLOWING WEATHER WAS RECORDED TODAY.
  NO SIGNIFICANT WEATHER WAS OBSERVED.


RELATIVE HUMIDITY (PERCENT)
 HIGHEST    86           300 AM
 LOWEST     17           200 PM
 AVERAGE    52

..........................................................


THE TORRINGTON WY AIRPORT CLIMATE NORMALS FOR TOMORROW
                         NORMAL    RECORD    YEAR
 MAXIMUM TEMPERATURE (F)   85       100      2012
 MINIMUM TEMPERATURE (F)   52        42      2004


SUNRISE AND SUNSET
AUGUST 28 2015........SUNRISE   618 AM MDT   SUNSET   737 PM MDT
AUGUST 29 2015........SUNRISE   619 AM MDT   SUNSET   736 PM MDT


-  INDICATES NEGATIVE NUMBERS.
R  INDICATES RECORD WAS SET OR TIED.
MM INDICATES DATA IS MISSING.
T  INDICATES TRACE AMOUNT.




$$
