000
CDUS45 KCYS 010338
CLITOR


CLIMATE REPORT
NATIONAL WEATHER SERVICE CHEYENNE WY
937 PM MDT FRI SEP 30 2016


...................................

...THE TORRINGTON WY AIRPORT CLIMATE SUMMARY FOR SEPTEMBER 30 2016...
VALID TODAY AS OF 0900 PM LOCAL TIME.

CLIMATE NORMAL PERIOD 1981 TO 2010
CLIMATE RECORD PERIOD 1998 TO 2016


WEATHER ITEM   OBSERVED TIME   RECORD YEAR NORMAL DEPARTURE LAST
                VALUE   (LST)  VALUE       VALUE  FROM      YEAR
                                                  NORMAL
..................................................................
TEMPERATURE (F)
 TODAY
  MAXIMUM         76    241 PM  87    2005  70      6       71
  MINIMUM         46    540 AM  32    1999  38      8       50
  AVERAGE         61                        54      7       61

PRECIPITATION (IN)
  TODAY            0.00          1.07 2004   0.05  -0.05     0.00
  MONTH TO DATE    0.89                      1.37  -0.48     0.08
  SINCE JAN 1     10.84                     12.33  -1.49    15.80

DEGREE DAYS
 HEATING
  TODAY            4                        11     -7        4
  MONTH TO DATE  106                       173    -67       41
  SINCE SEP 1    106                       172    -66       41
  SINCE JUL 1    123                       194    -71       75

 COOLING
  TODAY            0                         0      0        0
  MONTH TO DATE   59                        45     14      100
  SINCE SEP 1     59                        45     14      100
  SINCE JAN 1    820                       678    142      719
..................................................................


WIND (MPH)
  HIGHEST WIND SPEED    17   HIGHEST WIND DIRECTION    SE (120)
  HIGHEST GUST SPEED    22   HIGHEST GUST DIRECTION    SE (120)
  AVERAGE WIND SPEED     7.9


SKY COVER
  AVERAGE SKY COVER 0.3


WEATHER CONDITIONS
 THE FOLLOWING WEATHER WAS RECORDED TODAY.
  NO SIGNIFICANT WEATHER WAS OBSERVED.


RELATIVE HUMIDITY (PERCENT)
 HIGHEST    82           600 AM
 LOWEST     44          1200 PM
 AVERAGE    63

..........................................................


THE TORRINGTON WY AIRPORT CLIMATE NORMALS FOR TOMORROW
                         NORMAL    RECORD    YEAR
 MAXIMUM TEMPERATURE (F)   70        91      2005
 MINIMUM TEMPERATURE (F)   38        29      2003


SUNRISE AND SUNSET
SEPTEMBER 30 2016.....SUNRISE   653 AM MDT   SUNSET   639 PM MDT
OCTOBER  1 2016.......SUNRISE   654 AM MDT   SUNSET   637 PM MDT


-  INDICATES NEGATIVE NUMBERS.
R  INDICATES RECORD WAS SET OR TIED.
MM INDICATES DATA IS MISSING.
T  INDICATES TRACE AMOUNT.




$$
