752
CDUS42 KTBW 072216
CLITPA


CLIMATE REPORT
NATIONAL WEATHER SERVICE TAMPA BAY FL
515 PM EST SUN FEB 7 2016


...................................

...THE TAMPA CLIMATE SUMMARY FOR FEBRUARY 7 2016...
VALID TODAY AS OF 0500 PM LOCAL TIME.

CLIMATE NORMAL PERIOD 1981 TO 2010
CLIMATE RECORD PERIOD 1890 TO 2016


WEATHER ITEM   OBSERVED TIME   RECORD YEAR NORMAL DEPARTURE LAST
                VALUE   (LST)  VALUE       VALUE  FROM      YEAR
                                                  NORMAL
..................................................................
TEMPERATURE (F)
 TODAY
  MAXIMUM         58    234 PM  83    1994  72    -14       71
                                      1957
                                      1921
  MINIMUM         48    700 AM  31    1978  53     -5       48
  AVERAGE         53                        62     -9       60

PRECIPITATION (IN)
  TODAY            0.00          2.07 1971   0.09  -0.09     0.00
  MONTH TO DATE    1.30                      0.71   0.59     1.88
  SINCE DEC 1      7.97                      5.41   2.56     5.20
  SINCE JAN 1      7.48                      2.94   4.54     3.63

DEGREE DAYS
 HEATING
  TODAY           12                         5      7        5
  MONTH TO DATE   33                        35     -2       29
  SINCE DEC 1    212                       356   -144      245
  SINCE JUL 1    217                       400   -183      333

 COOLING
  TODAY            0                         2     -2        0
  MONTH TO DATE   29                        14     15        1
  SINCE DEC 1    334                       144    190      152
  SINCE JAN 1     59                        64     -5       57
..................................................................


WIND (MPH)
  RESULTANT WIND SPEED  14   RESULTANT WIND DIRECTION  NW (320)
  HIGHEST WIND SPEED    26   HIGHEST WIND DIRECTION    NW (330)
  HIGHEST GUST SPEED    35   HIGHEST GUST DIRECTION     N (340)
  AVERAGE WIND SPEED    14.3


SKY COVER
  POSSIBLE SUNSHINE  MM
  AVERAGE SKY COVER 0.5


WEATHER CONDITIONS
 THE FOLLOWING WEATHER WAS RECORDED TODAY.
  NO SIGNIFICANT WEATHER WAS OBSERVED.


RELATIVE HUMIDITY (PERCENT)
 HIGHEST    93          1200 AM
 LOWEST     35           500 PM

..........................................................


THE TAMPA CLIMATE NORMALS FOR TOMORROW
                         NORMAL    RECORD    YEAR
 MAXIMUM TEMPERATURE (F)   72        83      1994
                                             1990
                                             1957
 MINIMUM TEMPERATURE (F)   54        22      1895


SUNRISE AND SUNSET
FEBRUARY  7 2016......SUNRISE   714 AM EST   SUNSET   615 PM EST
FEBRUARY  8 2016......SUNRISE   713 AM EST   SUNSET   616 PM EST


-  INDICATES NEGATIVE NUMBERS.
R  INDICATES RECORD WAS SET OR TIED.
MM INDICATES DATA IS MISSING.
T  INDICATES TRACE AMOUNT.




$$


&&
------------------------------------------------------------------
******************** SUPPLEMENTAL DATA ***************************

...RUSKIN                HIGH 57    LOW 49    PCPN TRACE
...SARASOTA/BRADENTON    HIGH 59    LOW 50    PCPN TRACE
...LAKELAND              HIGH 59    LOW 50    PCPN TRACE
...ST. PETERSBURG        HIGH 56    LOW 50    PCPN 0.00
...GULF WATER TEMPERATURE AT CLEARWATER BEACH 56 DEGREES
