000
CDUS42 KTBW 280832
CLITPA


CLIMATE REPORT
NATIONAL WEATHER SERVICE TAMPA BAY FL
430 AM EDT FRI JUL 28 2017


...................................

...THE TAMPA CLIMATE SUMMARY FOR JULY 27 2017...

CLIMATE NORMAL PERIOD 1981 TO 2010
CLIMATE RECORD PERIOD 1890 TO 2017


WEATHER ITEM   OBSERVED TIME   RECORD YEAR NORMAL DEPARTURE LAST
                VALUE   (LST)  VALUE       VALUE  FROM      YEAR
                                                  NORMAL
..................................................................
TEMPERATURE (F)
 YESTERDAY
  MAXIMUM         93    334 PM  97    1996  90      3       95
  MINIMUM         82    458 AM  69    1955  76      6       79
                                      1909
  AVERAGE         88                        83      5       87

PRECIPITATION (IN)
  YESTERDAY        0.00          1.71 1955   0.23  -0.23     0.36
  MONTH TO DATE    5.38                      6.18  -0.80     4.93
  SINCE JUN 1     13.28                     12.86   0.42    16.41
  SINCE JAN 1     19.30                     25.06  -5.76    32.31

DEGREE DAYS
 HEATING
  YESTERDAY        0                         0      0        0
  MONTH TO DATE    0                         0      0        0
  SINCE JUN 1      0                         0      0        0
  SINCE JUL 1      0                         0      0        0

 COOLING
  YESTERDAY       23                        18      5       22
  MONTH TO DATE  528                       486     42      544
  SINCE JUN 1   1064                      1002     62     1095
  SINCE JAN 1   2380                      1879    501     2115
..................................................................


WIND (MPH)
  RESULTANT WIND SPEED   3   RESULTANT WIND DIRECTION  SW (230)
  HIGHEST WIND SPEED    12   HIGHEST WIND DIRECTION     W (270)
  HIGHEST GUST SPEED    20   HIGHEST GUST DIRECTION     W (270)
  AVERAGE WIND SPEED     5.1


SKY COVER
  POSSIBLE SUNSHINE  MM
  AVERAGE SKY COVER 0.6


WEATHER CONDITIONS
 THE FOLLOWING WEATHER WAS RECORDED YESTERDAY.
  HAZE


RELATIVE HUMIDITY (PERCENT)
 HIGHEST    80           800 AM
 LOWEST     44           500 PM
 AVERAGE    62

..........................................................


THE TAMPA CLIMATE NORMALS FOR TODAY
                         NORMAL    RECORD    YEAR
 MAXIMUM TEMPERATURE (F)   90        97      1996
 MINIMUM TEMPERATURE (F)   76        69      1926


SUNRISE AND SUNSET
JULY 28 2017..........SUNRISE   651 AM EDT   SUNSET   822 PM EDT
JULY 29 2017..........SUNRISE   651 AM EDT   SUNSET   822 PM EDT


-  INDICATES NEGATIVE NUMBERS.
R  INDICATES RECORD WAS SET OR TIED.
MM INDICATES DATA IS MISSING.
T  INDICATES TRACE AMOUNT.




$$


&&
------------------------------------------------------------------
******************** SUPPLEMENTAL DATA ***************************

...RUSKIN                HIGH 93    LOW 77    PCPN 0.00
...SARASOTA/BRADENTON    HIGH 91    LOW 78    PCPN TRACE
...ST. PETERSBURG        HIGH 91    LOW 83    PCPN 0.00
...GULF WATER TEMPERATURE AT CLEARWATER BEACH 89 DEGREES
