000
CDUS42 KTBW 300839
CLITPA


CLIMATE REPORT
NATIONAL WEATHER SERVICE TAMPA BAY FL
434 AM EDT WED JUL 30 2014


...................................

...THE TAMPA CLIMATE SUMMARY FOR JULY 29 2014...

CLIMATE NORMAL PERIOD 1981 TO 2010
CLIMATE RECORD PERIOD 1890 TO 2014


WEATHER ITEM   OBSERVED TIME   RECORD YEAR NORMAL DEPARTURE LAST
                VALUE   (LST)  VALUE       VALUE  FROM      YEAR
                                                  NORMAL
..................................................................
TEMPERATURE (F)
 YESTERDAY
  MAXIMUM         89    458 PM  97    1993  90     -1       92
  MINIMUM         81   1005 AM  67    1919  76      5       75
  AVERAGE         85                        83      2       84

PRECIPITATION (IN)
  YESTERDAY        0.01          9.07 1960   0.22  -0.21     0.09
  MONTH TO DATE   12.68                      6.63   6.05     7.75
  SINCE JUN 1     14.45                     13.31   1.14    19.05
  SINCE JAN 1     33.78                     25.51   8.27    28.17

DEGREE DAYS
 HEATING
  YESTERDAY        0                         0      0        0
  MONTH TO DATE    0                         0      0        0
  SINCE JUN 1      0                         0      0        0
  SINCE JUL 1      0                         0      0        0

 COOLING
  YESTERDAY       20                        18      2       19
  MONTH TO DATE  525                       522      3      512
  SINCE JUN 1   1051                      1038     13     1035
  SINCE JAN 1   1874                      1915    -41     2010
..................................................................


WIND (MPH)
  RESULTANT WIND SPEED   9   RESULTANT WIND DIRECTION   W (270)
  HIGHEST WIND SPEED    21   HIGHEST WIND DIRECTION     W (270)
  HIGHEST GUST SPEED    27   HIGHEST GUST DIRECTION     W (260)
  AVERAGE WIND SPEED    10.1


SKY COVER
  POSSIBLE SUNSHINE  MM
  AVERAGE SKY COVER 0.7


WEATHER CONDITIONS
 THE FOLLOWING WEATHER WAS RECORDED YESTERDAY.
  THUNDERSTORM
  LIGHT RAIN


RELATIVE HUMIDITY (PERCENT)
 HIGHEST    79          1200 AM
 LOWEST     68           200 PM
 AVERAGE    74

..........................................................


THE TAMPA CLIMATE NORMALS FOR TODAY
                         NORMAL    RECORD    YEAR
 MAXIMUM TEMPERATURE (F)   90        96      1961
                                             1949
 MINIMUM TEMPERATURE (F)   76        69      1904


SUNRISE AND SUNSET
JULY 30 2014..........SUNRISE   652 AM EDT   SUNSET   821 PM EDT
JULY 31 2014..........SUNRISE   652 AM EDT   SUNSET   820 PM EDT


-  INDICATES NEGATIVE NUMBERS.
R  INDICATES RECORD WAS SET OR TIED.
MM INDICATES DATA IS MISSING.
T  INDICATES TRACE AMOUNT.




$$


&&
------------------------------------------------------------------
******************** SUPPLEMENTAL DATA ***************************

...RUSKIN                HIGH 89    LOW 79    PCPN 0.08
...SARASOTA/BRADENTON    HIGH 92    LOW 79    PCPN 0.01
...ST. PETERSBURG        HIGH 88    LOW 84    PCPN 0.03
...GULF WATER TEMPERATURE AT CLEARWATER BEACH 86.
