000
CDUS42 KTBW 192215
CLITPA


CLIMATE REPORT
NATIONAL WEATHER SERVICE TAMPA BAY FL
514 PM EST THU JAN 19 2017


...................................

...THE TAMPA CLIMATE SUMMARY FOR JANUARY 19 2017...
VALID TODAY AS OF 0500 PM LOCAL TIME.

CLIMATE NORMAL PERIOD 1981 TO 2010
CLIMATE RECORD PERIOD 1890 TO 2017


WEATHER ITEM   OBSERVED TIME   RECORD YEAR NORMAL DEPARTURE LAST
                VALUE   (LST)  VALUE       VALUE  FROM      YEAR
                                                  NORMAL
..................................................................
TEMPERATURE (F)
 TODAY
  MAXIMUM         80    320 PM  85    1990  70     10       59
                                      1937
  MINIMUM         60    723 AM  27    1977  51      9       44
  AVERAGE         70                        61      9       52

PRECIPITATION (IN)
  TODAY            0.00          1.06 1978   0.06  -0.06     0.00
  MONTH TO DATE    0.23                      1.27  -1.04     2.97
  SINCE DEC 1      0.66                      3.74  -3.08     3.46
  SINCE JAN 1      0.23                      1.27  -1.04     2.97

DEGREE DAYS
 HEATING
  TODAY            0                         6     -6       13
  MONTH TO DATE   42                       114    -72       95
  SINCE DEC 1     69                       253   -184      103
  SINCE JUL 1     84                       297   -213      108

 COOLING
  TODAY            5                         2      3        0
  MONTH TO DATE   90                        36     54       28
  SINCE DEC 1    282                       116    166      303
  SINCE JAN 1     90                        36     54       28
..................................................................


WIND (MPH)
  RESULTANT WIND SPEED   3   RESULTANT WIND DIRECTION  SW (210)
  HIGHEST WIND SPEED    10   HIGHEST WIND DIRECTION    SW (230)
  HIGHEST GUST SPEED    13   HIGHEST GUST DIRECTION    SW (210)
  AVERAGE WIND SPEED     3.4


SKY COVER
  POSSIBLE SUNSHINE  MM
  AVERAGE SKY COVER 0.3


WEATHER CONDITIONS
 THE FOLLOWING WEATHER WAS RECORDED TODAY.
  FOG
  FOG W/VISIBILITY <= 1/4 MILE


RELATIVE HUMIDITY (PERCENT)
 HIGHEST   100           900 AM
 LOWEST     54           200 PM

..........................................................


THE TAMPA CLIMATE NORMALS FOR TOMORROW
                         NORMAL    RECORD    YEAR
 MAXIMUM TEMPERATURE (F)   70        85      1990
 MINIMUM TEMPERATURE (F)   52        26      1977


SUNRISE AND SUNSET
JANUARY 19 2017.......SUNRISE   722 AM EST   SUNSET   600 PM EST
JANUARY 20 2017.......SUNRISE   722 AM EST   SUNSET   601 PM EST


-  INDICATES NEGATIVE NUMBERS.
R  INDICATES RECORD WAS SET OR TIED.
MM INDICATES DATA IS MISSING.
T  INDICATES TRACE AMOUNT.




$$


&&
------------------------------------------------------------------
******************** SUPPLEMENTAL DATA ***************************

...RUSKIN                HIGH 81    LOW 56    PCPN 0.00
...SARASOTA/BRADENTON    HIGH 77    LOW 56    PCPN 0.00
...LAKELAND*             HIGH 82    LOW 56    PCPN 0.00
...ST. PETERSBURG        HIGH 78    LOW 61    PCPN 0.00
...GULF WATER TEMPERATURE AT CLEARWATER BEACH 68 DEGREES

*LAKELAND DATA IS FROM 4:30 PM WEDNESDAY TO 4:30 PM THURSDAY
AND MAY REFLECT YESTERDAYS RAINFALL AND HIGH TEMPERATURE.
