000
CDUS42 KTBW 222123
CLITPA


CLIMATE REPORT
NATIONAL WEATHER SERVICE TAMPA BAY FL
520 PM EDT FRI MAY 22 2015


...................................

...THE TAMPA CLIMATE SUMMARY FOR MAY 22 2015...
VALID TODAY AS OF 0500 PM LOCAL TIME.

CLIMATE NORMAL PERIOD 1981 TO 2010
CLIMATE RECORD PERIOD 1890 TO 2015


WEATHER ITEM   OBSERVED TIME   RECORD YEAR NORMAL DEPARTURE LAST
                VALUE   (LST)  VALUE       VALUE  FROM      YEAR
                                                  NORMAL
..................................................................
TEMPERATURE (F)
 TODAY
  MAXIMUM         93    306 PM  95    1975  88      5       86
                                      1965
  MINIMUM         78    604 AM  54    1994  71      7       70
  AVERAGE         86                        80      6       78

PRECIPITATION (IN)
  TODAY            0.00          2.62 1906   0.08  -0.08     0.00
  MONTH TO DATE    2.66                      1.27   1.39     3.58
  SINCE MAR 1      8.51                      6.33   2.18     9.42
  SINCE JAN 1     16.81                     11.37   5.44    14.37

DEGREE DAYS
 HEATING
  TODAY            0                         0      0        0
  MONTH TO DATE    0                         0      0        0
  SINCE MAR 1     12                        67    -55       48
  SINCE JUL 1    467                       538    -71      444

 COOLING
  TODAY           21                        15      6       13
  MONTH TO DATE  332                       278     54      270
  SINCE MAR 1    997                       625    372      583
  SINCE JAN 1   1064                       738    326      687
..................................................................


WIND (MPH)
  RESULTANT WIND SPEED   4   RESULTANT WIND DIRECTION   N (340)
  HIGHEST WIND SPEED    16   HIGHEST WIND DIRECTION    NW (320)
  HIGHEST GUST SPEED    21   HIGHEST GUST DIRECTION    NW (320)
  AVERAGE WIND SPEED     6.2


SKY COVER
  POSSIBLE SUNSHINE  MM
  AVERAGE SKY COVER 0.2


WEATHER CONDITIONS
 THE FOLLOWING WEATHER WAS RECORDED TODAY.
  NO SIGNIFICANT WEATHER WAS OBSERVED.


RELATIVE HUMIDITY (PERCENT)
 HIGHEST    85           300 AM
 LOWEST     44           100 PM

..........................................................


THE TAMPA CLIMATE NORMALS FOR TOMORROW
                         NORMAL    RECORD    YEAR
 MAXIMUM TEMPERATURE (F)   89        95      1975
 MINIMUM TEMPERATURE (F)   71        58      1892


SUNRISE AND SUNSET
MAY 22 2015...........SUNRISE   637 AM EDT   SUNSET   817 PM EDT
MAY 23 2015...........SUNRISE   637 AM EDT   SUNSET   817 PM EDT


-  INDICATES NEGATIVE NUMBERS.
R  INDICATES RECORD WAS SET OR TIED.
MM INDICATES DATA IS MISSING.
T  INDICATES TRACE AMOUNT.




$$


&&
------------------------------------------------------------------
******************** SUPPLEMENTAL DATA ***************************

...RUSKIN                HIGH 94    LOW 75    PCPN 0.00
...SARASOTA/BRADENTON    HIGH 91    LOW 76    PCPN 0.00
...LAKELAND              HIGH 96    LOW 74    PCPN 0.00
...ST. PETERSBURG        HIGH 91    LOW 78    PCPN 0.00

...GULF WATER TEMPERATURE AT CLEARWATER BEACH 86
