000
CDUS45 KLKN 180937
CLITPH


CLIMATE REPORT
NATIONAL WEATHER SERVICE ELKO NV
137 AM PST THU DEC 18 2014


...................................

...THE TONOPAH AIRPORT NV CLIMATE SUMMARY FOR DECEMBER 17 2014...

CLIMATE NORMAL PERIOD 1981 TO 2010
CLIMATE RECORD PERIOD 1954 TO 2014


WEATHER ITEM   OBSERVED TIME   RECORD YEAR NORMAL DEPARTURE LAST
                VALUE   (LST)  VALUE       VALUE  FROM      YEAR
                                                  NORMAL
..................................................................
TEMPERATURE (F)
 YESTERDAY
  MAXIMUM         41    309 PM  63    1998  44     -3       50
                                      1980
  MINIMUM         30    919 PM   0    1984  19     11       22
  AVERAGE         36                        31      5       36

PRECIPITATION (IN)
  YESTERDAY        T             0.23 1987   0.01  -0.01     0.00
  MONTH TO DATE    0.33                      0.17   0.16     0.02
  SINCE OCT 1      0.46                      0.95  -0.49     0.44
  SINCE JAN 1      4.17                      5.10  -0.93     4.47

DEGREE DAYS
 HEATING
  YESTERDAY       29                        34     -5       29
  MONTH TO DATE  438                       554   -116      650
  SINCE DEC 1    438                       554   -116      650
  SINCE JUL 1   1351                      1771   -420     1877

 COOLING
  YESTERDAY        0                         0      0        0
  MONTH TO DATE    0                         0      0        0
  SINCE DEC 1      0                         0      0        0
  SINCE JAN 1   1004                       783    221     1042
..................................................................


WIND (MPH)
  HIGHEST WIND SPEED    12   HIGHEST WIND DIRECTION     S (200)
  HIGHEST GUST SPEED    14   HIGHEST GUST DIRECTION     S (190)
  AVERAGE WIND SPEED     3.1



WEATHER CONDITIONS
 THE FOLLOWING WEATHER WAS RECORDED YESTERDAY.
  LIGHT RAIN


RELATIVE HUMIDITY (PERCENT)
 HIGHEST    92           900 PM
 LOWEST     60           200 PM
 AVERAGE    76

..........................................................


THE TONOPAH AIRPORT NV CLIMATE NORMALS FOR TODAY
                         NORMAL    RECORD    YEAR
 MAXIMUM TEMPERATURE (F)   44        59      1999
                                             1979
                                             1958
 MINIMUM TEMPERATURE (F)   19         0      1970


SUNRISE AND SUNSET
DECEMBER 18 2014......SUNRISE   659 AM PST   SUNSET   431 PM PST
DECEMBER 19 2014......SUNRISE   700 AM PST   SUNSET   431 PM PST


-  INDICATES NEGATIVE NUMBERS.
R  INDICATES RECORD WAS SET OR TIED.
MM INDICATES DATA IS MISSING.
T  INDICATES TRACE AMOUNT.




$$
