000
CDUS45 KLKN 220944
CLITPH


CLIMATE REPORT
NATIONAL WEATHER SERVICE ELKO NV
243 AM PDT WED MAR 22 2017


...................................

...THE TONOPAH AIRPORT NV CLIMATE SUMMARY FOR MARCH 21 2017...

CLIMATE NORMAL PERIOD 1981 TO 2010
CLIMATE RECORD PERIOD 1954 TO 2017


WEATHER ITEM   OBSERVED TIME   RECORD YEAR NORMAL DEPARTURE LAST
                VALUE   (LST)  VALUE       VALUE  FROM      YEAR
                                                  NORMAL
..................................................................
TEMPERATURE (F)
 YESTERDAY
  MAXIMUM         66    131 PM  79    2004  58      8       66
  MINIMUM         40    559 AM  11    2006  30     10       34
  AVERAGE         53                        44      9       50

PRECIPITATION (IN)
  YESTERDAY        0.05          0.32 1995   0.02   0.03     0.00
  MONTH TO DATE    0.07                      0.42  -0.35     0.38
  SINCE OCT 1      1.58                      2.52  -0.94     4.83
  SINCE JAN 1      1.05                      1.43  -0.38     1.45

DEGREE DAYS
 HEATING
  YESTERDAY       12                        21     -9       15
  MONTH TO DATE  339                       483   -144      375
  SINCE MAR 1    339                       483   -144      375
  SINCE JUL 1   4204                      4525   -321     4302

 COOLING
  YESTERDAY        0                         0      0        0
  MONTH TO DATE    0                         0      0        0
  SINCE MAR 1      0                         0      0        0
  SINCE JAN 1      0                         0      0        0
..................................................................


WIND (MPH)
  HIGHEST WIND SPEED    27   HIGHEST WIND DIRECTION    SW (210)
  HIGHEST GUST SPEED    38   HIGHEST GUST DIRECTION     S (200)
  AVERAGE WIND SPEED    11.3



WEATHER CONDITIONS
 THE FOLLOWING WEATHER WAS RECORDED YESTERDAY.
  LIGHT RAIN


RELATIVE HUMIDITY (PERCENT)
 HIGHEST    66           300 PM
 LOWEST     21           200 AM
 AVERAGE    44

..........................................................


THE TONOPAH AIRPORT NV CLIMATE NORMALS FOR TODAY
                         NORMAL    RECORD    YEAR
 MAXIMUM TEMPERATURE (F)   58        76      2004
                                             1960
 MINIMUM TEMPERATURE (F)   30        17      2011


SUNRISE AND SUNSET
MARCH 22 2017.........SUNRISE   648 AM PDT   SUNSET   702 PM PDT
MARCH 23 2017.........SUNRISE   647 AM PDT   SUNSET   703 PM PDT


-  INDICATES NEGATIVE NUMBERS.
R  INDICATES RECORD WAS SET OR TIED.
MM INDICATES DATA IS MISSING.
T  INDICATES TRACE AMOUNT.




$$
