000
CDUS45 KLKN 090939
CLITPH


CLIMATE REPORT
NATIONAL WEATHER SERVICE ELKO NV
138 AM PST FRI DEC 9 2016


...................................

...THE TONOPAH AIRPORT NV CLIMATE SUMMARY FOR DECEMBER 8 2016...

CLIMATE NORMAL PERIOD 1981 TO 2010
CLIMATE RECORD PERIOD 1954 TO 2016


WEATHER ITEM   OBSERVED TIME   RECORD YEAR NORMAL DEPARTURE LAST
                VALUE   (LST)  VALUE       VALUE  FROM      YEAR
                                                  NORMAL
..................................................................
TEMPERATURE (F)
 YESTERDAY
  MAXIMUM         44    122 PM  61    1979  45     -1       57
  MINIMUM         22   1159 PM  -2    2013  20      2       27
  AVERAGE         33                        32      1       42

PRECIPITATION (IN)
  YESTERDAY        0.00          0.16 1984   0.01  -0.01     0.00
  MONTH TO DATE    0.00                      0.09  -0.09     0.00
  SINCE OCT 1      0.20                      0.87  -0.67     3.31
  SINCE JAN 1      3.77                      5.02  -1.25     5.78

DEGREE DAYS
 HEATING
  YESTERDAY       32                        33     -1       23
  MONTH TO DATE  257                       254      3      228
  SINCE DEC 1    257                       254      3      228
  SINCE JUL 1   1274                      1471   -197     1302

 COOLING
  YESTERDAY        0                         0      0        0
  MONTH TO DATE    0                         0      0        0
  SINCE DEC 1      0                         0      0        0
  SINCE JAN 1   1022                       783    239     1034
..................................................................


WIND (MPH)
  HIGHEST WIND SPEED    15   HIGHEST WIND DIRECTION     S (200)
  HIGHEST GUST SPEED    19   HIGHEST GUST DIRECTION    SE (140)
  AVERAGE WIND SPEED     4.9



WEATHER CONDITIONS
 THE FOLLOWING WEATHER WAS RECORDED YESTERDAY.
  NO SIGNIFICANT WEATHER WAS OBSERVED.


RELATIVE HUMIDITY (PERCENT)
 HIGHEST    60           600 AM
 LOWEST     27          1100 AM
 AVERAGE    44

..........................................................


THE TONOPAH AIRPORT NV CLIMATE NORMALS FOR TODAY
                         NORMAL    RECORD    YEAR
 MAXIMUM TEMPERATURE (F)   45        61      1979
                                             1962
 MINIMUM TEMPERATURE (F)   20        -1      2009


SUNRISE AND SUNSET
DECEMBER  9 2016......SUNRISE   653 AM PST   SUNSET   429 PM PST
DECEMBER 10 2016......SUNRISE   654 AM PST   SUNSET   429 PM PST


-  INDICATES NEGATIVE NUMBERS.
R  INDICATES RECORD WAS SET OR TIED.
MM INDICATES DATA IS MISSING.
T  INDICATES TRACE AMOUNT.




$$
