304
CDUS45 KLKN 220030
CLITPH


CLIMATE REPORT
NATIONAL WEATHER SERVICE ELKO NV
430 PM PST SAT JAN 21 2017


...................................

...THE TONOPAH AIRPORT NV CLIMATE SUMMARY FOR JANUARY 21 2017...
VALID TODAY AS OF 0400 PM LOCAL TIME.

CLIMATE NORMAL PERIOD 1981 TO 2010
CLIMATE RECORD PERIOD 1954 TO 2017


WEATHER ITEM   OBSERVED TIME   RECORD YEAR NORMAL DEPARTURE LAST
                VALUE   (LST)  VALUE       VALUE  FROM      YEAR
                                                  NORMAL
..................................................................
TEMPERATURE (F)
 TODAY
  MAXIMUM         42    156 PM  60    2005  45     -3       46
                                      1981
  MINIMUM         23    528 AM  -8    1962  21      2       22
  AVERAGE         33                        33      0       34

PRECIPITATION (IN)
  TODAY            0.00          0.36 2010   0.01  -0.01     0.00
  MONTH TO DATE    0.20                      0.32  -0.12     0.49
  SINCE OCT 1      0.73                      1.41  -0.68     3.87
  SINCE JAN 1      0.20                      0.32  -0.12     0.49

DEGREE DAYS
 HEATING
  TODAY           32                        32      0       31
  MONTH TO DATE  685                       691     -6      745
  SINCE DEC 1   1726                      1719      7     1787
  SINCE JUL 1   2743                      2936   -193     2861

 COOLING
  TODAY            0                         0      0        0
  MONTH TO DATE    0                         0      0        0
  SINCE DEC 1      0                         0      0        0
  SINCE JAN 1      0                         0      0        0
..................................................................


WIND (MPH)
  HIGHEST WIND SPEED    16   HIGHEST WIND DIRECTION    NW (310)
  HIGHEST GUST SPEED    20   HIGHEST GUST DIRECTION    NW (310)



WEATHER CONDITIONS
 THE FOLLOWING WEATHER WAS RECORDED TODAY.
  FOG


RELATIVE HUMIDITY (PERCENT)
 HIGHEST   100           100 AM
 LOWEST     36           200 PM
 AVERAGE    68

..........................................................


THE TONOPAH AIRPORT NV CLIMATE NORMALS FOR TOMORROW
                         NORMAL    RECORD    YEAR
 MAXIMUM TEMPERATURE (F)   45        59      2005
                                             1994
 MINIMUM TEMPERATURE (F)   21        -9      1962


SUNRISE AND SUNSET
JANUARY 21 2017.......SUNRISE   700 AM PST   SUNSET   500 PM PST
JANUARY 22 2017.......SUNRISE   700 AM PST   SUNSET   501 PM PST


-  INDICATES NEGATIVE NUMBERS.
R  INDICATES RECORD WAS SET OR TIED.
MM INDICATES DATA IS MISSING.
T  INDICATES TRACE AMOUNT.




$$
