000
CDUS45 KLKN 010031
CLITPH


CLIMATE REPORT
NATIONAL WEATHER SERVICE ELKO NV
530 PM PDT FRI SEP 30 2016


...................................

...THE TONOPAH AIRPORT NV CLIMATE SUMMARY FOR SEPTEMBER 30 2016...
VALID TODAY AS OF 0500 PM LOCAL TIME.

CLIMATE NORMAL PERIOD 1981 TO 2010
CLIMATE RECORD PERIOD 1954 TO 2016


WEATHER ITEM   OBSERVED TIME   RECORD YEAR NORMAL DEPARTURE LAST
                VALUE   (LST)  VALUE       VALUE  FROM      YEAR
                                                  NORMAL
..................................................................
TEMPERATURE (F)
 TODAY
  MAXIMUM         80    233 PM  90    1980  75      5       80
  MINIMUM         49    356 AM  24    1982  43      6       56
  AVERAGE         65                        59      6       68

PRECIPITATION (IN)
  TODAY            0.00          0.51 1998   0.01  -0.01     0.00
  MONTH TO DATE    1.21                      0.38   0.83     0.07
  SINCE OCT 1      6.95                      5.24   1.71     2.95
  SINCE JAN 1      3.57                      4.15  -0.58     2.47

DEGREE DAYS
 HEATING
  TODAY            0                         6     -6        0
  MONTH TO DATE   69                        85    -16       20
  SINCE SEP 1     69                        85    -16       20
  SINCE JUL 1     69                        91    -22       20

 COOLING
  TODAY            0                         0      0        3
  MONTH TO DATE   59                        68     -9      122
  SINCE SEP 1     59                        68     -9      122
  SINCE JAN 1   1022                       781    241     1027
..................................................................


WIND (MPH)
  HIGHEST WIND SPEED    21   HIGHEST WIND DIRECTION     S (190)
  HIGHEST GUST SPEED    27   HIGHEST GUST DIRECTION    SW (240)



WEATHER CONDITIONS
 THE FOLLOWING WEATHER WAS RECORDED TODAY.
  NO SIGNIFICANT WEATHER WAS OBSERVED.


RELATIVE HUMIDITY (PERCENT)
 HIGHEST    66           400 AM
 LOWEST     21           200 PM
 AVERAGE    44

..........................................................


THE TONOPAH AIRPORT NV CLIMATE NORMALS FOR TOMORROW
                         NORMAL    RECORD    YEAR
 MAXIMUM TEMPERATURE (F)   75        90      1980
 MINIMUM TEMPERATURE (F)   43        28      1982


SUNRISE AND SUNSET
SEPTEMBER 30 2016.....SUNRISE   644 AM PDT   SUNSET   632 PM PDT
OCTOBER  1 2016.......SUNRISE   645 AM PDT   SUNSET   630 PM PDT


-  INDICATES NEGATIVE NUMBERS.
R  INDICATES RECORD WAS SET OR TIED.
MM INDICATES DATA IS MISSING.
T  INDICATES TRACE AMOUNT.




$$
