000
CDUS45 KLKN 230026
CLITPH


CLIMATE REPORT
NATIONAL WEATHER SERVICE ELKO NV
426 PM PST MON DEC 22 2014


...................................

...THE TONOPAH AIRPORT NV CLIMATE SUMMARY FOR DECEMBER 22 2014...
VALID TODAY AS OF 0400 PM LOCAL TIME.

CLIMATE NORMAL PERIOD 1981 TO 2010
CLIMATE RECORD PERIOD 1954 TO 2014


WEATHER ITEM   OBSERVED TIME   RECORD YEAR NORMAL DEPARTURE LAST
                VALUE   (LST)  VALUE       VALUE  FROM      YEAR
                                                  NORMAL
..................................................................
TEMPERATURE (F)
 TODAY
  MAXIMUM         56R   112 PM  56    1954  44     12       49
  MINIMUM         44    704 AM -10    1990  19     25       25
  AVERAGE         50                        31     19       37

PRECIPITATION (IN)
  TODAY            0.00          0.39 1996   0.01  -0.01     0.00
  MONTH TO DATE    0.33                      0.21   0.12     0.04
  SINCE OCT 1      0.46                      0.99  -0.53     0.46
  SINCE JAN 1      4.17                      5.14  -0.97     4.49

DEGREE DAYS
 HEATING
  TODAY           15                        34    -19       28
  MONTH TO DATE  567                       724   -157      801
  SINCE DEC 1    567                       724   -157      801
  SINCE JUL 1   1480                      1941   -461     2028

 COOLING
  TODAY            0                         0      0        0
  MONTH TO DATE    0                         0      0        0
  SINCE DEC 1      0                         0      0        0
  SINCE JAN 1   1004                       783    221     1042
..................................................................


WIND (MPH)
  HIGHEST WIND SPEED    35   HIGHEST WIND DIRECTION    NW (330)
  HIGHEST GUST SPEED    44   HIGHEST GUST DIRECTION    NW (330)



WEATHER CONDITIONS
 THE FOLLOWING WEATHER WAS RECORDED TODAY.
  NO SIGNIFICANT WEATHER WAS OBSERVED.


RELATIVE HUMIDITY (PERCENT)
 HIGHEST    66          1200 AM
 LOWEST     43          1200 PM
 AVERAGE    55

..........................................................


THE TONOPAH AIRPORT NV CLIMATE NORMALS FOR TOMORROW
                         NORMAL    RECORD    YEAR
 MAXIMUM TEMPERATURE (F)   43        64      1964
 MINIMUM TEMPERATURE (F)   19        -9      1990
                                             1984


SUNRISE AND SUNSET
DECEMBER 22 2014......SUNRISE   701 AM PST   SUNSET   433 PM PST
DECEMBER 23 2014......SUNRISE   702 AM PST   SUNSET   433 PM PST


-  INDICATES NEGATIVE NUMBERS.
R  INDICATES RECORD WAS SET OR TIED.
MM INDICATES DATA IS MISSING.
T  INDICATES TRACE AMOUNT.




$$
