000
CDUS44 KMRX 260829
CLITRI


CLIMATE REPORT
NATIONAL WEATHER SERVICE MORRISTOWN TN
428 AM EDT FRI AUG 26 2016


...................................

...THE TRI-CITIES      ASOS CLIMATE SUMMARY FOR AUGUST 25 2016...

CLIMATE NORMAL PERIOD 1981 TO 2010
CLIMATE RECORD PERIOD 1934 TO 2016


WEATHER ITEM   OBSERVED TIME   RECORD YEAR NORMAL DEPARTURE LAST
                VALUE   (LST)  VALUE       VALUE  FROM      YEAR
                                                  NORMAL
..................................................................
TEMPERATURE (F)
 YESTERDAY
  MAXIMUM         90    505 PM  96    1943  85      5       80
  MINIMUM         66    601 AM  50    1942  62      4       56
  AVERAGE         78                        73      5       68

PRECIPITATION (IN)
  YESTERDAY        0.00          0.73 2002   0.10  -0.10     0.00
  MONTH TO DATE    3.21                      2.88   0.33     6.00
  SINCE JUN 1      8.23                     11.47  -3.24    14.24
  SINCE JAN 1     24.14                     28.86  -4.72    29.15

SNOWFALL (IN)
  YESTERDAY        0.0                       0.0    0.0      0.0
  MONTH TO DATE    0.0                       0.0    0.0      0.0
  SINCE JUN 1      0.0                       0.0    0.0      0.0
  SINCE JUL 1      0.0                       0.0    0.0      0.0
  SNOW DEPTH       0

DEGREE DAYS
 HEATING
  YESTERDAY        0                         0      0        0
  MONTH TO DATE    0                         0      0        0
  SINCE JUN 1      0                        11    -11        0
  SINCE JUL 1      0                         0      0        0

 COOLING
  YESTERDAY       13                         8      5        3
  MONTH TO DATE  344                       225    119      251
  SINCE JUN 1   1051                       730    321      928
  SINCE JAN 1   1147                       803    344     1094
..................................................................


WIND (MPH)
  HIGHEST WIND SPEED    12   HIGHEST WIND DIRECTION    SW (240)
  HIGHEST GUST SPEED    14   HIGHEST GUST DIRECTION    SW (230)
  AVERAGE WIND SPEED     2.3


SKY COVER
  POSSIBLE SUNSHINE  MM
  AVERAGE SKY COVER 0.5


WEATHER CONDITIONS
 THE FOLLOWING WEATHER WAS RECORDED YESTERDAY.
  FOG


RELATIVE HUMIDITY (PERCENT)
 HIGHEST   100           400 AM
 LOWEST     52           300 PM
 AVERAGE    76

..........................................................


THE TRI-CITIES      ASOS CLIMATE NORMALS FOR TODAY
                         NORMAL    RECORD    YEAR
 MAXIMUM TEMPERATURE (F)   85        95      1959
                                             1954
 MINIMUM TEMPERATURE (F)   62        50      1942


SUNRISE AND SUNSET
AUGUST 26 2016........SUNRISE   657 AM EDT   SUNSET   805 PM EDT
AUGUST 27 2016........SUNRISE   657 AM EDT   SUNSET   804 PM EDT


-  INDICATES NEGATIVE NUMBERS.
R  INDICATES RECORD WAS SET OR TIED.
MM INDICATES DATA IS MISSING.
T  INDICATES TRACE AMOUNT.




$$
