000
CDUS44 KMRX 030847
CLITRI


CLIMATE REPORT
NATIONAL WEATHER SERVICE MORRISTOWN TN
447 AM EDT TUE MAY 3 2016


...................................

...THE TRI-CITIES      ASOS CLIMATE SUMMARY FOR MAY 2 2016...

CLIMATE NORMAL PERIOD 1981 TO 2010
CLIMATE RECORD PERIOD 1934 TO 2016


WEATHER ITEM   OBSERVED TIME   RECORD YEAR NORMAL DEPARTURE LAST
                VALUE   (LST)  VALUE       VALUE  FROM      YEAR
                                                  NORMAL
..................................................................
TEMPERATURE (F)
 YESTERDAY
  MAXIMUM         81    240 PM  89    2010  73      8       74
  MINIMUM         58   1159 PM  30    1963  47     11       39
  AVERAGE         70                        60     10       57

PRECIPITATION (IN)
  YESTERDAY        0.06          1.10 1950   0.11  -0.05     0.00
  MONTH TO DATE    0.36                      0.23   0.13      T
  SINCE MAR 1      4.89                      7.00  -2.11     8.88
  SINCE JAN 1     12.29                     13.82  -1.53    14.21

SNOWFALL (IN)
  YESTERDAY        0.0                       0.0    0.0      0.0
  MONTH TO DATE    0.0                       0.0    0.0      0.0
  SINCE MAR 1      T                         2.5   -2.5       T
  SINCE JUL 1     18.4                      13.3    5.1     15.5
  SNOW DEPTH       0

DEGREE DAYS
 HEATING
  YESTERDAY        0                         6     -6        8
  MONTH TO DATE    0                        12    -12       22
  SINCE MAR 1    634                       884   -250      730
  SINCE JUL 1   3454                      4266   -812     4357

 COOLING
  YESTERDAY        5                         1      4        0
  MONTH TO DATE    9                         2      7        0
  SINCE MAR 1     35                        13     22       10
  SINCE JAN 1     35                        13     22       10
..................................................................


WIND (MPH)
  HIGHEST WIND SPEED    22   HIGHEST WIND DIRECTION     N (360)
  HIGHEST GUST SPEED    32   HIGHEST GUST DIRECTION     N (350)
  AVERAGE WIND SPEED     6.5


SKY COVER
  POSSIBLE SUNSHINE  MM
  AVERAGE SKY COVER 0.8


WEATHER CONDITIONS
 THE FOLLOWING WEATHER WAS RECORDED YESTERDAY.
  THUNDERSTORM
  LIGHT RAIN
  FOG


RELATIVE HUMIDITY (PERCENT)
 HIGHEST    93          1100 PM
 LOWEST     51           300 PM
 AVERAGE    72

..........................................................


THE TRI-CITIES      ASOS CLIMATE NORMALS FOR TODAY
                         NORMAL    RECORD    YEAR
 MAXIMUM TEMPERATURE (F)   73        89      1942
 MINIMUM TEMPERATURE (F)   47        32      2005


SUNRISE AND SUNSET
MAY  3 2016...........SUNRISE   634 AM EDT   SUNSET   820 PM EDT
MAY  4 2016...........SUNRISE   632 AM EDT   SUNSET   821 PM EDT


-  INDICATES NEGATIVE NUMBERS.
R  INDICATES RECORD WAS SET OR TIED.
MM INDICATES DATA IS MISSING.
T  INDICATES TRACE AMOUNT.




$$
