000
CDUS44 KMRX 270930
CLITRI


CLIMATE REPORT
NATIONAL WEATHER SERVICE MORRISTOWN TN
430 AM EST MON FEB 27 2017


...................................

...THE TRI-CITIES      ASOS CLIMATE SUMMARY FOR FEBRUARY 26 2017...

CLIMATE NORMAL PERIOD 1981 TO 2010
CLIMATE RECORD PERIOD 1934 TO 2017


WEATHER ITEM   OBSERVED TIME   RECORD YEAR NORMAL DEPARTURE LAST
                VALUE   (LST)  VALUE       VALUE  FROM      YEAR
                                                  NORMAL
..................................................................
TEMPERATURE (F)
 YESTERDAY
  MAXIMUM         49    416 PM  80    1977  53     -4       38
  MINIMUM         25    720 AM   4    1967  30     -5       26
  AVERAGE         37                        42     -5       32

PRECIPITATION (IN)
  YESTERDAY        0.00          1.14 1958   0.11  -0.11      T
  MONTH TO DATE    1.76                      3.21  -1.45     4.48
  SINCE DEC 1      9.67                      9.95  -0.28    12.67
  SINCE JAN 1      4.31                      6.58  -2.27     7.40

SNOWFALL (IN)
  YESTERDAY        0.0                       0.1   -0.1       T
  MONTH TO DATE    T                         3.2   -3.2      8.6
  SINCE DEC 1      4.0                      10.3   -6.3     18.4
  SINCE JUL 1      4.0                      10.6   -6.6     18.4
  SNOW DEPTH       0

DEGREE DAYS
 HEATING
  YESTERDAY       28                        23      5       33
  MONTH TO DATE  501                       682   -181      669
  SINCE DEC 1   1912                      2450   -538     2114
  SINCE JUL 1   2531                      3336   -805     2757

 COOLING
  YESTERDAY        0                         0      0        0
  MONTH TO DATE    0                         0      0        0
  SINCE DEC 1      0                         0      0        0
  SINCE JAN 1      0                         0      0        0
..................................................................


WIND (MPH)
  HIGHEST WIND SPEED    14   HIGHEST WIND DIRECTION     W (270)
  HIGHEST GUST SPEED    21   HIGHEST GUST DIRECTION     W (270)
  AVERAGE WIND SPEED     4.1


SKY COVER
  POSSIBLE SUNSHINE  MM
  AVERAGE SKY COVER 0.1


WEATHER CONDITIONS
 THE FOLLOWING WEATHER WAS RECORDED YESTERDAY.
  NO SIGNIFICANT WEATHER WAS OBSERVED.


RELATIVE HUMIDITY (PERCENT)
 HIGHEST    78          1000 PM
 LOWEST     26           500 PM
 AVERAGE    52

..........................................................


THE TRI-CITIES      ASOS CLIMATE NORMALS FOR TODAY
                         NORMAL    RECORD    YEAR
 MAXIMUM TEMPERATURE (F)   54        74      1996
 MINIMUM TEMPERATURE (F)   31         2      1963


SUNRISE AND SUNSET
FEBRUARY 27 2017......SUNRISE   702 AM EST   SUNSET   623 PM EST
FEBRUARY 28 2017......SUNRISE   701 AM EST   SUNSET   623 PM EST


-  INDICATES NEGATIVE NUMBERS.
R  INDICATES RECORD WAS SET OR TIED.
MM INDICATES DATA IS MISSING.
T  INDICATES TRACE AMOUNT.




$$
