000
CDUS44 KMRX 230942
CLITRI

CLIMATE REPORT
NATIONAL WEATHER SERVICE MORRISTOWN TN
442 AM EST SUN NOV 23 2014


...................................

...THE TRI-CITIES CLIMATE SUMMARY FOR NOVEMBER 22 2014...

CLIMATE NORMAL PERIOD 1981 TO 2010
CLIMATE RECORD PERIOD 1934 TO 2014


WEATHER ITEM   OBSERVED TIME   RECORD YEAR NORMAL DEPARTURE LAST
                VALUE   (LST)  VALUE       VALUE  FROM      YEAR
                                                  NORMAL
..................................................................
TEMPERATURE (F)
 YESTERDAY
  MAXIMUM         60    332 PM  73    1999  56      4       59
                                      1979
  MINIMUM         21    702 AM  11    2008  33    -12       47
  AVERAGE         41                        44     -3       53

PRECIPITATION (IN)
  YESTERDAY        0.00          0.75 1989   0.11  -0.11     0.17
  MONTH TO DATE    1.65                      2.19  -0.54     1.44
  SINCE SEP 1      9.27                      7.28   1.99     3.97
  SINCE JAN 1     34.31                     36.73  -2.42    48.84

SNOWFALL (IN)
  YESTERDAY        0.0                       0.0    0.0     MM
  MONTH TO DATE    1.1                       0.1    1.0      0.0
  SINCE SEP 1      1.1                       0.2    0.9       T
  SINCE JUL 1      1.1                       0.2    0.9       T
  SNOW DEPTH       0

DEGREE DAYS
 HEATING
  YESTERDAY       24                        21      3       12
  MONTH TO DATE  552                       374    178      398
  SINCE SEP 1    814                       708    106      639
  SINCE JUL 1    814                       709    105      639

 COOLING
  YESTERDAY        0                         0      0        0
  MONTH TO DATE    0                         0      0        0
  SINCE SEP 1    184                       128     56      145
  SINCE JAN 1   1141                       980    161     1003
..................................................................


WIND (MPH)
  HIGHEST WIND SPEED     7   HIGHEST WIND DIRECTION    NW (310)
  HIGHEST GUST SPEED     8   HIGHEST GUST DIRECTION    NW (310)
  AVERAGE WIND SPEED     1.0


SKY COVER
  POSSIBLE SUNSHINE  MM
  AVERAGE SKY COVER  MM


WEATHER CONDITIONS
 THE FOLLOWING WEATHER WAS RECORDED YESTERDAY.
  NO SIGNIFICANT WEATHER WAS OBSERVED.


RELATIVE HUMIDITY (PERCENT)
 HIGHEST    84           300 AM
 LOWEST     23           300 PM
 AVERAGE    54

..........................................................


THE TRI-CITIES CLIMATE NORMALS FOR TODAY
                         NORMAL    RECORD    YEAR
 MAXIMUM TEMPERATURE (F)   56        73      1983
 MINIMUM TEMPERATURE (F)   33        13      1937


SUNRISE AND SUNSET
NOVEMBER 23 2014......SUNRISE   715 AM EST   SUNSET   517 PM EST
NOVEMBER 24 2014......SUNRISE   716 AM EST   SUNSET   516 PM EST


-  INDICATES NEGATIVE NUMBERS.
R  INDICATES RECORD WAS SET OR TIED.
MM INDICATES DATA IS MISSING.
T  INDICATES TRACE AMOUNT.




$$
