000
CDUS44 KMRX 282138
CLITRI


CLIMATE REPORT
NATIONAL WEATHER SERVICE MORRISTOWN TN
537 PM EDT SAT MAY 28 2016


...................................

...THE TRI-CITIES      ASOS CLIMATE SUMMARY FOR MAY 28 2016...
VALID TODAY AS OF 0500 PM LOCAL TIME.

CLIMATE NORMAL PERIOD 1981 TO 2010
CLIMATE RECORD PERIOD 1934 TO 2016


WEATHER ITEM   OBSERVED TIME   RECORD YEAR NORMAL DEPARTURE LAST
                VALUE   (LST)  VALUE       VALUE  FROM      YEAR
                                                  NORMAL
..................................................................
TEMPERATURE (F)
 TODAY
  MAXIMUM         87    324 PM  92    1941  79      8       89
  MINIMUM         58    545 AM  37    1961  55      3       62
  AVERAGE         73                        67      6       76

PRECIPITATION (IN)
  TODAY            0.00          1.33 1990   0.12  -0.12      T
  MONTH TO DATE    3.97                      3.41   0.56     0.69
  SINCE MAR 1      8.50                     10.18  -1.68     9.57
  SINCE JAN 1     15.90                     17.00  -1.10    14.90

SNOWFALL (IN)
  TODAY            0.0                       0.0    0.0      0.0
  MONTH TO DATE    0.0                       0.0    0.0      0.0
  SINCE MAR 1      T                         2.5   -2.5       T
  SINCE JUL 1     18.4                      13.3    5.1     15.5
  SNOW DEPTH       0

DEGREE DAYS
 HEATING
  TODAY            0                         2     -2        0
  MONTH TO DATE   91                       105    -14       41
  SINCE MAR 1    725                       977   -252      749
  SINCE JUL 1   3545                      4359   -814     4376

 COOLING
  TODAY            8                         3      5       11
  MONTH TO DATE   49                        52     -3      129
  SINCE MAR 1     75                        63     12      139
  SINCE JAN 1     75                        63     12      139
..................................................................


WIND (MPH)
  HIGHEST WIND SPEED     7   HIGHEST WIND DIRECTION    SE (140)
  HIGHEST GUST SPEED     9   HIGHEST GUST DIRECTION    NW (310)
  AVERAGE WIND SPEED     1.5


SKY COVER
  POSSIBLE SUNSHINE  MM
  AVERAGE SKY COVER 0.5


WEATHER CONDITIONS
 THE FOLLOWING WEATHER WAS RECORDED TODAY.
  FOG
  FOG W/VISIBILITY <= 1/4 MILE


RELATIVE HUMIDITY (PERCENT)
 HIGHEST   100          1200 AM
 LOWEST     32           300 PM
 AVERAGE    66

..........................................................


THE TRI-CITIES      ASOS CLIMATE NORMALS FOR TOMORROW
                         NORMAL    RECORD    YEAR
 MAXIMUM TEMPERATURE (F)   79        92      1941
 MINIMUM TEMPERATURE (F)   55        44      2005
                                             1949


SUNRISE AND SUNSET
MAY 28 2016...........SUNRISE   614 AM EDT   SUNSET   840 PM EDT
MAY 29 2016...........SUNRISE   614 AM EDT   SUNSET   841 PM EDT


-  INDICATES NEGATIVE NUMBERS.
R  INDICATES RECORD WAS SET OR TIED.
MM INDICATES DATA IS MISSING.
T  INDICATES TRACE AMOUNT.




$$
