000
CDUS44 KMRX 281337 CCA
CLITRI

CLIMATE REPORT...CORRECTED FOR MAX TEMP TAKEN FROM BACKUP SITE
NATIONAL WEATHER SERVICE MORRISTOWN TN
837 AM EST SAT FEB 28 2015


...................................

...THE TRI-CITIES CLIMATE SUMMARY FOR FEBRUARY 27 2015...

CLIMATE NORMAL PERIOD 1981 TO 2010
CLIMATE RECORD PERIOD 1934 TO 2015


WEATHER ITEM   OBSERVED TIME   RECORD YEAR NORMAL DEPARTURE LAST
                VALUE   (LST)  VALUE       VALUE  FROM      YEAR
                                                  NORMAL
..................................................................
TEMPERATURE (F)
 YESTERDAY
  MAXIMUM         32        MM  74    1996  54    -22       41
  MINIMUM         17   1128 PM   2    1963  31    -14       16
  AVERAGE         25                        42    -17       29

PRECIPITATION (IN)
  YESTERDAY        0.01          1.02 1987   0.12  -0.11     0.00
  MONTH TO DATE    3.05                      3.33  -0.28     3.26
  SINCE DEC 1      8.36                     10.07  -1.71    11.40
  SINCE JAN 1      5.33                      6.70  -1.37     5.06

SNOWFALL (IN)
  YESTERDAY        T                         0.1   -0.1      0.0
  MONTH TO DATE   14.0                       3.3   10.7      6.3
  SINCE DEC 1     14.3                      10.4    3.9     10.9
  SINCE JUL 1     15.5                      10.7    4.8     12.3
  SNOW DEPTH       4

DEGREE DAYS
 HEATING
  YESTERDAY       40                        23     17       36
  MONTH TO DATE  959                       705    254      710
  SINCE DEC 1   2611                      2473    138     2573
  SINCE JUL 1   3594                      3359    235     3464

 COOLING
  YESTERDAY        0                         0      0        0
  MONTH TO DATE    0                         0      0        0
  SINCE DEC 1      0                         0      0        0
  SINCE JAN 1      0                         0      0        0
..................................................................


WIND (MPH)
  HIGHEST WIND SPEED     9   HIGHEST WIND DIRECTION     N (350)
  HIGHEST GUST SPEED    11   HIGHEST GUST DIRECTION     N (350)
  AVERAGE WIND SPEED     2.2


SKY COVER
  POSSIBLE SUNSHINE  MM
  AVERAGE SKY COVER 0.7


WEATHER CONDITIONS
 THE FOLLOWING WEATHER WAS RECORDED YESTERDAY.
  LIGHT SNOW
  FOG
  HAZE


RELATIVE HUMIDITY (PERCENT)
 HIGHEST   100           100 AM
 LOWEST     53           700 AM
 AVERAGE    77

..........................................................


THE TRI-CITIES CLIMATE NORMALS FOR TODAY
                         NORMAL    RECORD    YEAR
 MAXIMUM TEMPERATURE (F)   54        73      1939
 MINIMUM TEMPERATURE (F)   31        12      1947


SUNRISE AND SUNSET
FEBRUARY 28 2015......SUNRISE   702 AM EST   SUNSET   623 PM EST
MARCH  1 2015.........SUNRISE   700 AM EST   SUNSET   624 PM EST


-  INDICATES NEGATIVE NUMBERS.
R  INDICATES RECORD WAS SET OR TIED.
MM INDICATES DATA IS MISSING.
T  INDICATES TRACE AMOUNT.




$$
