000
CDUS46 KSGX 280018
CLITRM


CLIMATE REPORT
NATIONAL WEATHER SERVICE SAN DIEGO, CA
517 PM PDT FRI MAR 27 2015


...................................

...THE THERMAL AIRPORT CA CLIMATE SUMMARY FOR MARCH 27 2015...
VALID TODAY AS OF 0500 PM LOCAL TIME.

CLIMATE NORMAL PERIOD 1981 TO 2010
CLIMATE RECORD PERIOD 1950 TO 2015


WEATHER ITEM   OBSERVED TIME   RECORD YEAR NORMAL DEPARTURE LAST
                VALUE   (LST)  VALUE       VALUE  FROM      YEAR
                                                  NORMAL
..................................................................
TEMPERATURE (F)
 TODAY
  MAXIMUM         97    332 PM 100    1988  83     14       79
  MINIMUM         49    536 AM  35    1995  49      0       52
  AVERAGE         73                        66      7       66

PRECIPITATION (IN)
  TODAY            0.00          0.45 1991   0.01  -0.01     0.00
  MONTH TO DATE    0.31                      0.36  -0.05      T
  SINCE OCT 1      0.77                      2.50  -1.73     0.16
  SINCE JAN 1      0.62                      1.69  -1.07     0.08

SNOWFALL (IN)
  TODAY            0.0
  MONTH TO DATE    0.0
  SINCE MAR 1      0.0
  SINCE JUL 1      0.0
  SNOW DEPTH       0

DEGREE DAYS
 HEATING
  TODAY            0                         2     -2        0
  MONTH TO DATE   44                        87    -43       23
  SINCE MAR 1     44                        87    -43       23
  SINCE JUL 1    749                      1152   -403      812

 COOLING
  TODAY            8                         3      5        1
  MONTH TO DATE  140                        50     90       91
  SINCE MAR 1    140                        50     90       91
  SINCE JAN 1    162                        62    100      101
..................................................................


WIND (MPH)
  RESULTANT WIND SPEED   1   RESULTANT WIND DIRECTION  NE (40)
  HIGHEST WIND SPEED    12   HIGHEST WIND DIRECTION    SE (150)
  HIGHEST GUST SPEED    15   HIGHEST GUST DIRECTION     S (160)
  AVERAGE WIND SPEED     4.5


SKY COVER
  POSSIBLE SUNSHINE  MM
  AVERAGE SKY COVER 0.0


WEATHER CONDITIONS
 THE FOLLOWING WEATHER WAS RECORDED TODAY.
  NO SIGNIFICANT WEATHER WAS OBSERVED.


RELATIVE HUMIDITY (PERCENT)
 HIGHEST    59           100 AM
 LOWEST      7           200 PM
 AVERAGE    33

..........................................................


THE THERMAL AIRPORT CA CLIMATE NORMALS FOR TOMORROW
                         NORMAL    RECORD    YEAR
 MAXIMUM TEMPERATURE (F)   83        97      1969
 MINIMUM TEMPERATURE (F)   49        38      2009


SUNRISE AND SUNSET
MARCH 27 2015.........SUNRISE   639 AM PDT   SUNSET   701 PM PDT
MARCH 28 2015.........SUNRISE   638 AM PDT   SUNSET   702 PM PDT


-  INDICATES NEGATIVE NUMBERS.
R  INDICATES RECORD WAS SET OR TIED.
MM INDICATES DATA IS MISSING.
T  INDICATES TRACE AMOUNT.




$$
