000
CDUS46 KSGX 291416
CLITRM


CLIMATE REPORT
NATIONAL WEATHER SERVICE SAN DIEGO, CA
715 AM PDT FRI JUL 29 2016


...................................

...THE THERMAL AIRPORT CA CLIMATE SUMMARY FOR JULY 28 2016...

CLIMATE NORMAL PERIOD 1981 TO 2010
CLIMATE RECORD PERIOD 1950 TO 2016


WEATHER ITEM   OBSERVED TIME   RECORD YEAR NORMAL DEPARTURE LAST
                VALUE   (LST)  VALUE       VALUE  FROM      YEAR
                                                  NORMAL
..................................................................
TEMPERATURE (F)
 YESTERDAY
  MAXIMUM        112    432 PM 126    1995 107      5      106
  MINIMUM         88   1145 PM  63    2012  75     13       72
                                      1986
  AVERAGE        100                        91      9       89

PRECIPITATION (IN)
  YESTERDAY        0.00          0.91 1968   0.00   0.00     0.00
  MONTH TO DATE    0.00                      0.12  -0.12     0.84
  SINCE OCT 1      1.98                      2.75  -0.77     1.68
  SINCE JAN 1      1.55                      1.94  -0.39     1.53

DEGREE DAYS
 HEATING
  YESTERDAY        0                         0      0        0
  MONTH TO DATE    0                         0      0        0
  SINCE JUN 1      0                         0      0        0
  SINCE JUL 1      0                         0      0        0

 COOLING
  YESTERDAY       35                        26      9       24
  MONTH TO DATE  771                       711     60      714
  SINCE JUN 1   1532                      1319    213     1387
  SINCE JAN 1   2409                      1992    417     2141
..................................................................


WIND (MPH)
  RESULTANT WIND SPEED   0   RESULTANT WIND DIRECTION   N (0)
  HIGHEST WIND SPEED    18   HIGHEST WIND DIRECTION    SE (140)
  HIGHEST GUST SPEED    25   HIGHEST GUST DIRECTION    SE (130)
  AVERAGE WIND SPEED     8.1


SKY COVER
  POSSIBLE SUNSHINE  MM
  AVERAGE SKY COVER 0.0


WEATHER CONDITIONS
 THE FOLLOWING WEATHER WAS RECORDED YESTERDAY.
  NO SIGNIFICANT WEATHER WAS OBSERVED.


RELATIVE HUMIDITY (PERCENT)
 HIGHEST    49          1100 PM
 LOWEST     14           200 PM
 AVERAGE    32

..........................................................


THE THERMAL AIRPORT CA CLIMATE NORMALS FOR TODAY
                         NORMAL    RECORD    YEAR
 MAXIMUM TEMPERATURE (F)  107       114      1996
 MINIMUM TEMPERATURE (F)   75        66      2004
                                             1983


SUNRISE AND SUNSET
JULY 29 2016..........SUNRISE   555 AM PDT   SUNSET   747 PM PDT
JULY 30 2016..........SUNRISE   556 AM PDT   SUNSET   746 PM PDT


-  INDICATES NEGATIVE NUMBERS.
R  INDICATES RECORD WAS SET OR TIED.
MM INDICATES DATA IS MISSING.
T  INDICATES TRACE AMOUNT.




$$
