522
CDUS46 KSGX 231139
CLITRM


CLIMATE REPORT
NATIONAL WEATHER SERVICE SAN DIEGO, CA
439 AM PDT MON OCT 23 2017


...................................

...THE THERMAL AIRPORT CA CLIMATE SUMMARY FOR OCTOBER 22 2017...

CLIMATE NORMAL PERIOD 1981 TO 2010
CLIMATE RECORD PERIOD 1950 TO 2017


WEATHER ITEM   OBSERVED TIME   RECORD YEAR NORMAL DEPARTURE LAST
                VALUE   (LST)  VALUE       VALUE  FROM      YEAR
                                                  NORMAL
..................................................................
TEMPERATURE (F)
 YESTERDAY
  MAXIMUM         96    329 PM 103    2003  89      7       94
  MINIMUM         54    543 AM  39    1996  53      1       50
  AVERAGE         75                        71      4       72

PRECIPITATION (IN)
  YESTERDAY        0.00          0.34 1976   0.00   0.00     0.00
  MONTH TO DATE    0.00                      0.16  -0.16     0.00
  SINCE OCT 1      0.00                      0.16  -0.16     0.00
  SINCE JAN 1      3.36                      2.55   0.81     1.84

DEGREE DAYS
 HEATING
  YESTERDAY        0                         0      0        0
  MONTH TO DATE    0                         0      0        0
  SINCE SEP 1      0                         0      0        0
  SINCE JUL 1      0                         0      0        0

 COOLING
  YESTERDAY       10                         6      4        7
  MONTH TO DATE  231                       211     20      262
  SINCE SEP 1    826                       776     50      814
  SINCE JAN 1   4295                      3609    686     4151
..................................................................


WIND (MPH)
  RESULTANT WIND SPEED   2   RESULTANT WIND DIRECTION   N (340)
  HIGHEST WIND SPEED    10   HIGHEST WIND DIRECTION     N (360)
  HIGHEST GUST SPEED    12   HIGHEST GUST DIRECTION     N (360)
  AVERAGE WIND SPEED     4.0


SKY COVER
  POSSIBLE SUNSHINE  MM
  AVERAGE SKY COVER 0.0


WEATHER CONDITIONS
 THE FOLLOWING WEATHER WAS RECORDED YESTERDAY.
  NO SIGNIFICANT WEATHER WAS OBSERVED.


RELATIVE HUMIDITY (PERCENT)
 HIGHEST    52           900 PM
 LOWEST      6           200 PM
 AVERAGE    29

..........................................................


THE THERMAL AIRPORT CA CLIMATE NORMALS FOR TODAY
                         NORMAL    RECORD    YEAR
 MAXIMUM TEMPERATURE (F)   88       105      2003
                                             1959
 MINIMUM TEMPERATURE (F)   52        33      1996


SUNRISE AND SUNSET
OCTOBER 23 2017.......SUNRISE   656 AM PDT   SUNSET   601 PM PDT
OCTOBER 24 2017.......SUNRISE   657 AM PDT   SUNSET   600 PM PDT


-  INDICATES NEGATIVE NUMBERS.
R  INDICATES RECORD WAS SET OR TIED.
MM INDICATES DATA IS MISSING.
T  INDICATES TRACE AMOUNT.




$$
