000
CDUS46 KSGX 091522
CLITRM


CLIMATE REPORT
NATIONAL WEATHER SERVICE SAN DIEGO, CA
722 AM PST TUE FEB 9 2016


...................................

...THE THERMAL AIRPORT CA CLIMATE SUMMARY FOR FEBRUARY 8 2016...

CLIMATE NORMAL PERIOD 1981 TO 2010
CLIMATE RECORD PERIOD 1950 TO 2016


WEATHER ITEM   OBSERVED TIME   RECORD YEAR NORMAL DEPARTURE LAST
                VALUE   (LST)  VALUE       VALUE  FROM      YEAR
                                                  NORMAL
..................................................................
TEMPERATURE (F)
 YESTERDAY
  MAXIMUM         85    405 PM  89    1996  74     11       87
  MINIMUM         57    439 AM  26    1997  40     17       53
  AVERAGE         71                        57     14       70

PRECIPITATION (IN)
  YESTERDAY        0.00          0.70 1993   0.02  -0.02     0.00
  MONTH TO DATE    0.00                      0.16  -0.16     0.00
  SINCE OCT 1      1.63                      1.64  -0.01     0.42
  SINCE JAN 1      1.20                      0.83   0.37     0.27

DEGREE DAYS
 HEATING
  YESTERDAY        0                         8     -8        0
  MONTH TO DATE   83                        71     12       23
  SINCE DEC 1    807                       764     43      573
  SINCE JUL 1   1006                       931     75      682

 COOLING
  YESTERDAY        6                         0      6        5
  MONTH TO DATE    6                         0      6        5
  SINCE DEC 1      6                         3      3        8
  SINCE JAN 1      6                         2      4        5
..................................................................


WIND (MPH)
  RESULTANT WIND SPEED   6   RESULTANT WIND DIRECTION   N (350)
  HIGHEST WIND SPEED    13   HIGHEST WIND DIRECTION    NW (310)
  HIGHEST GUST SPEED    17   HIGHEST GUST DIRECTION    NW (330)
  AVERAGE WIND SPEED     6.9


SKY COVER
  POSSIBLE SUNSHINE  MM
  AVERAGE SKY COVER 0.0


WEATHER CONDITIONS
 THE FOLLOWING WEATHER WAS RECORDED YESTERDAY.
  HAZE


RELATIVE HUMIDITY (PERCENT)
 HIGHEST    30           700 AM
 LOWEST      9           200 PM
 AVERAGE    20

..........................................................


THE THERMAL AIRPORT CA CLIMATE NORMALS FOR TODAY
                         NORMAL    RECORD    YEAR
 MAXIMUM TEMPERATURE (F)   74        91      1951
 MINIMUM TEMPERATURE (F)   40        29      2004


SUNRISE AND SUNSET
FEBRUARY  9 2016......SUNRISE   635 AM PST   SUNSET   523 PM PST
FEBRUARY 10 2016......SUNRISE   634 AM PST   SUNSET   524 PM PST


-  INDICATES NEGATIVE NUMBERS.
R  INDICATES RECORD WAS SET OR TIED.
MM INDICATES DATA IS MISSING.
T  INDICATES TRACE AMOUNT.




$$
