000
CDUS46 KSGX 270016
CLITRM


CLIMATE REPORT
NATIONAL WEATHER SERVICE SAN DIEGO, CA
516 PM PDT SUN MAR 26 2017


...................................

...THE THERMAL AIRPORT CA CLIMATE SUMMARY FOR MARCH 26 2017...
VALID TODAY AS OF 0500 PM LOCAL TIME.

CLIMATE NORMAL PERIOD 1981 TO 2010
CLIMATE RECORD PERIOD 1950 TO 2017


WEATHER ITEM   OBSERVED TIME   RECORD YEAR NORMAL DEPARTURE LAST
                VALUE   (LST)  VALUE       VALUE  FROM      YEAR
                                                  NORMAL
..................................................................
TEMPERATURE (F)
 TODAY
  MAXIMUM         86    304 PM 102    1988  83      3       90
  MINIMUM         63    606 AM  39    1997  49     14       53
  AVERAGE         75                        66      9       72

PRECIPITATION (IN)
  TODAY            0.00          0.48 1992   0.00   0.00     0.00
  MONTH TO DATE    0.00                      0.35  -0.35      T
  SINCE OCT 1      3.69                      2.49   1.20     1.63
  SINCE JAN 1      2.01                      1.68   0.33     1.20

DEGREE DAYS
 HEATING
  TODAY            0                         2     -2        0
  MONTH TO DATE   34                        85    -51       16
  SINCE MAR 1     34                        85    -51       16
  SINCE JUL 1    899                      1150   -251     1041

 COOLING
  TODAY           10                         3      7        7
  MONTH TO DATE  158                        47    111      121
  SINCE MAR 1    158                        47    111      121
  SINCE JAN 1    190                        59    131      186
..................................................................


WIND (MPH)
  RESULTANT WIND SPEED   6   RESULTANT WIND DIRECTION  NW (330)
  HIGHEST WIND SPEED    20   HIGHEST WIND DIRECTION    NW (330)
  HIGHEST GUST SPEED    27   HIGHEST GUST DIRECTION     N (340)
  AVERAGE WIND SPEED    11.1


SKY COVER
  POSSIBLE SUNSHINE  MM
  AVERAGE SKY COVER 0.0


WEATHER CONDITIONS
 THE FOLLOWING WEATHER WAS RECORDED TODAY.
  NO SIGNIFICANT WEATHER WAS OBSERVED.


RELATIVE HUMIDITY (PERCENT)
 HIGHEST    56           200 AM
 LOWEST     17           100 PM
 AVERAGE    37

..........................................................


THE THERMAL AIRPORT CA CLIMATE NORMALS FOR TOMORROW
                         NORMAL    RECORD    YEAR
 MAXIMUM TEMPERATURE (F)   83       100      1988
 MINIMUM TEMPERATURE (F)   49        35      1995


SUNRISE AND SUNSET
MARCH 26 2017.........SUNRISE   640 AM PDT   SUNSET   701 PM PDT
MARCH 27 2017.........SUNRISE   638 AM PDT   SUNSET   702 PM PDT


-  INDICATES NEGATIVE NUMBERS.
R  INDICATES RECORD WAS SET OR TIED.
MM INDICATES DATA IS MISSING.
T  INDICATES TRACE AMOUNT.




$$
