000
CDUS46 KSGX 251150
CLITRM


CLIMATE REPORT
NATIONAL WEATHER SERVICE SAN DIEGO, CA
450 AM PDT TUE APR 25 2017


...................................

...THE THERMAL AIRPORT CA CLIMATE SUMMARY FOR APRIL 24 2017...

CLIMATE NORMAL PERIOD 1981 TO 2010
CLIMATE RECORD PERIOD 1950 TO 2017


WEATHER ITEM   OBSERVED TIME   RECORD YEAR NORMAL DEPARTURE LAST
                VALUE   (LST)  VALUE       VALUE  FROM      YEAR
                                                  NORMAL
..................................................................
TEMPERATURE (F)
 YESTERDAY
  MAXIMUM         90    226 PM 102    1996  89      1       92
  MINIMUM         69    554 AM  45    1968  56     13       54
  AVERAGE         80                        72      8       73

PRECIPITATION (IN)
  YESTERDAY        0.00          0.07 2002   0.00   0.00     0.00
  MONTH TO DATE    T                         0.05  -0.05     0.35
  SINCE OCT 1      3.69                      2.57   1.12     1.98
  SINCE JAN 1      2.01                      1.76   0.25     1.55

DEGREE DAYS
 HEATING
  YESTERDAY        0                         0      0        0
  MONTH TO DATE    0                        19    -19        0
  SINCE MAR 1     34                       111    -77       22
  SINCE JUL 1    899                      1176   -277     1047

 COOLING
  YESTERDAY       15                         8      7        8
  MONTH TO DATE  223                       131     92      206
  SINCE MAR 1    413                       193    220      334
  SINCE JAN 1    445                       205    240      399
..................................................................


WIND (MPH)
  RESULTANT WIND SPEED  17   RESULTANT WIND DIRECTION  NW (330)
  HIGHEST WIND SPEED    33   HIGHEST WIND DIRECTION     N (340)
  HIGHEST GUST SPEED    43   HIGHEST GUST DIRECTION     N (340)
  AVERAGE WIND SPEED    17.7


SKY COVER
  POSSIBLE SUNSHINE  MM
  AVERAGE SKY COVER 0.0


WEATHER CONDITIONS
 THE FOLLOWING WEATHER WAS RECORDED YESTERDAY.
  HAZE


RELATIVE HUMIDITY (PERCENT)
 HIGHEST    49          1000 PM
 LOWEST     22           200 PM
 AVERAGE    36

..........................................................


THE THERMAL AIRPORT CA CLIMATE NORMALS FOR TODAY
                         NORMAL    RECORD    YEAR
 MAXIMUM TEMPERATURE (F)   90       107      1996
 MINIMUM TEMPERATURE (F)   56        47      1988


SUNRISE AND SUNSET
APRIL 25 2017.........SUNRISE   602 AM PDT   SUNSET   723 PM PDT
APRIL 26 2017.........SUNRISE   601 AM PDT   SUNSET   724 PM PDT


-  INDICATES NEGATIVE NUMBERS.
R  INDICATES RECORD WAS SET OR TIED.
MM INDICATES DATA IS MISSING.
T  INDICATES TRACE AMOUNT.




$$
