000
CDUS46 KSGX 031518
CLITRM


CLIMATE REPORT
NATIONAL WEATHER SERVICE SAN DIEGO, CA
718 AM PST SAT DEC 3 2016


...................................

...THE THERMAL AIRPORT CA CLIMATE SUMMARY FOR DECEMBER 2 2016...

CLIMATE NORMAL PERIOD 1981 TO 2010
CLIMATE RECORD PERIOD 1950 TO 2016


WEATHER ITEM   OBSERVED TIME   RECORD YEAR NORMAL DEPARTURE LAST
                VALUE   (LST)  VALUE       VALUE  FROM      YEAR
                                                  NORMAL
..................................................................
TEMPERATURE (F)
 YESTERDAY
  MAXIMUM         68    217 PM  86    1959  72     -4       73
  MINIMUM         52   1212 AM  25    1991  37     15       31
  AVERAGE         60                        55      5       52

PRECIPITATION (IN)
  YESTERDAY        0.00          0.09 1952   0.01  -0.01     0.00
  MONTH TO DATE    0.00                      0.02  -0.02     0.00
  SINCE OCT 1      0.32                      0.48  -0.16     0.41
  SINCE JAN 1      2.16                      2.87  -0.71     2.01

DEGREE DAYS
 HEATING
  YESTERDAY        5                        10     -5       13
  MONTH TO DATE   17                        20     -3       28
  SINCE DEC 1     17                        20     -3       28
  SINCE JUL 1    135                       187    -52      227

 COOLING
  YESTERDAY        0                         0      0        0
  MONTH TO DATE    0                         0      0        0
  SINCE DEC 1      0                         0      0        0
  SINCE JAN 1   4334                      3686    648     4241
..................................................................


WIND (MPH)
  RESULTANT WIND SPEED  12   RESULTANT WIND DIRECTION  NW (320)
  HIGHEST WIND SPEED    22   HIGHEST WIND DIRECTION     N (340)
  HIGHEST GUST SPEED    29   HIGHEST GUST DIRECTION     W (290)
  AVERAGE WIND SPEED    12.6


SKY COVER
  POSSIBLE SUNSHINE  MM
  AVERAGE SKY COVER 0.2


WEATHER CONDITIONS
 THE FOLLOWING WEATHER WAS RECORDED YESTERDAY.
  NO SIGNIFICANT WEATHER WAS OBSERVED.


RELATIVE HUMIDITY (PERCENT)
 HIGHEST    38          1200 AM
 LOWEST     10           100 PM
 AVERAGE    24

..........................................................


THE THERMAL AIRPORT CA CLIMATE NORMALS FOR TODAY
                         NORMAL    RECORD    YEAR
 MAXIMUM TEMPERATURE (F)   72        93      1958
 MINIMUM TEMPERATURE (F)   37        26      1996


SUNRISE AND SUNSET
DECEMBER  3 2016......SUNRISE   633 AM PST   SUNSET   436 PM PST
DECEMBER  4 2016......SUNRISE   634 AM PST   SUNSET   436 PM PST


-  INDICATES NEGATIVE NUMBERS.
R  INDICATES RECORD WAS SET OR TIED.
MM INDICATES DATA IS MISSING.
T  INDICATES TRACE AMOUNT.




$$
