000
CDUS46 KSGX 160119
CLITRM


CLIMATE REPORT
NATIONAL WEATHER SERVICE SAN DIEGO, CA
519 PM PST MON JAN 15 2018


...................................

...THE THERMAL AIRPORT CA CLIMATE SUMMARY FOR JANUARY 15 2018...
VALID TODAY AS OF 0500 PM LOCAL TIME.

CLIMATE NORMAL PERIOD 1981 TO 2010
CLIMATE RECORD PERIOD 1950 TO 2018


WEATHER ITEM   OBSERVED TIME   RECORD YEAR NORMAL DEPARTURE LAST
                VALUE   (LST)  VALUE       VALUE  FROM      YEAR
                                                  NORMAL
..................................................................
TEMPERATURE (F)
 TODAY
  MAXIMUM         81    300 PM  87    1976  72      9       71
  MINIMUM         44    653 AM  20    2007  38      6       44
  AVERAGE         63                        55      8       58

PRECIPITATION (IN)
  TODAY            0.00          0.29 1993   0.02  -0.02     0.00
  MONTH TO DATE    0.41                      0.34   0.07     0.63
  SINCE OCT 1      0.41                      1.15  -0.74     2.31
  SINCE JAN 1      0.41                      0.34   0.07     0.63

DEGREE DAYS
 HEATING
  TODAY            2                        10     -8        7
  MONTH TO DATE   54                       165   -111      148
  SINCE DEC 1    299                       536   -237      454
  SINCE JUL 1    316                       703   -387      572

 COOLING
  TODAY            0                         0      0        0
  MONTH TO DATE    0                         0      0        0
  SINCE DEC 1      0                         1     -1        2
  SINCE JAN 1      0                         0      0        0
..................................................................


WIND (MPH)
  RESULTANT WIND SPEED   1   RESULTANT WIND DIRECTION   N (340)
  HIGHEST WIND SPEED     7   HIGHEST WIND DIRECTION    NW (320)
  HIGHEST GUST SPEED     8   HIGHEST GUST DIRECTION     N (340)
  AVERAGE WIND SPEED     2.1


SKY COVER
  POSSIBLE SUNSHINE  MM
  AVERAGE SKY COVER 0.0


WEATHER CONDITIONS
 THE FOLLOWING WEATHER WAS RECORDED TODAY.
  NO SIGNIFICANT WEATHER WAS OBSERVED.


RELATIVE HUMIDITY (PERCENT)
 HIGHEST    83           500 AM
 LOWEST     16           300 PM
 AVERAGE    50

..........................................................


THE THERMAL AIRPORT CA CLIMATE NORMALS FOR TOMORROW
                         NORMAL    RECORD    YEAR
 MAXIMUM TEMPERATURE (F)   72        88      1976
 MINIMUM TEMPERATURE (F)   38        25      2013


SUNRISE AND SUNSET
JANUARY 15 2018.......SUNRISE   649 AM PST   SUNSET   500 PM PST
JANUARY 16 2018.......SUNRISE   649 AM PST   SUNSET   500 PM PST


-  INDICATES NEGATIVE NUMBERS.
R  INDICATES RECORD WAS SET OR TIED.
MM INDICATES DATA IS MISSING.
T  INDICATES TRACE AMOUNT.




$$
