000
CDUS46 KPQR 291143
CLITTD


CLIMATE REPORT
NATIONAL WEATHER SERVICE PORTLAND OREGON
442 AM PDT FRI APR 29 2016


...................................

...THE TROUTDALE OR CLIMATE SUMMARY FOR APRIL 28 2016...

CLIMATE NORMAL PERIOD 1981 TO 2010
CLIMATE RECORD PERIOD 1948 TO 2016


WEATHER ITEM   OBSERVED TIME   RECORD YEAR NORMAL DEPARTURE LAST
                VALUE   (LST)  VALUE       VALUE  FROM      YEAR
                                                  NORMAL
..................................................................
TEMPERATURE (F)
 YESTERDAY
  MAXIMUM         62    139 PM  84    1998  64     -2       69
  MINIMUM         47    459 AM  33    1973  43      4       48
  AVERAGE         55                        53      2       59

PRECIPITATION (IN)
  YESTERDAY        T                         0.12  -0.12     0.03
  MONTH TO DATE    2.44                      3.63  -1.19     2.20
  SINCE OCT 1     34.97                     37.94  -2.97    27.52
  SINCE JAN 1     15.15                     19.54  -4.39    12.56

DEGREE DAYS
 HEATING
  YESTERDAY       10                        12     -2        6
  MONTH TO DATE  219                       384   -165      356

 COOLING
  YESTERDAY        0                         0      0        0
  MONTH TO DATE   29                         0     29        0
..................................................................


WIND (MPH)
  HIGHEST WIND SPEED     8   HIGHEST WIND DIRECTION    SW (240)
  HIGHEST GUST SPEED    11   HIGHEST GUST DIRECTION     W (250)
  AVERAGE WIND SPEED     1.9


SKY COVER
  POSSIBLE SUNSHINE  MM
  AVERAGE SKY COVER 0.9


WEATHER CONDITIONS
 THE FOLLOWING WEATHER WAS RECORDED YESTERDAY.
  LIGHT RAIN
  HAZE


RELATIVE HUMIDITY (PERCENT)
 HIGHEST    93           500 AM
 LOWEST     51           100 PM
 AVERAGE    72

..........................................................


THE TROUTDALE OR CLIMATE NORMALS FOR TODAY
                         NORMAL    RECORD    YEAR
 MAXIMUM TEMPERATURE (F)   64        87      1998
 MINIMUM TEMPERATURE (F)   43        33      1954


SUNRISE AND SUNSET
APRIL 29 2016.........SUNRISE   600 AM PDT   SUNSET   815 PM PDT
APRIL 30 2016.........SUNRISE   558 AM PDT   SUNSET   816 PM PDT


-  INDICATES NEGATIVE NUMBERS.
R  INDICATES RECORD WAS SET OR TIED.
MM INDICATES DATA IS MISSING.
T  INDICATES TRACE AMOUNT.




$$
