000
CDUS46 KPQR 111143
CLITTD


CLIMATE REPORT
NATIONAL WEATHER SERVICE PORTLAND OREGON
343 AM PST MON DEC 11 2017


...................................

...THE TROUTDALE OR CLIMATE SUMMARY FOR DECEMBER 10 2017...

CLIMATE NORMAL PERIOD 1981 TO 2010
CLIMATE RECORD PERIOD 1948 TO 2017


WEATHER ITEM   OBSERVED TIME   RECORD YEAR NORMAL DEPARTURE LAST
                VALUE   (LST)  VALUE       VALUE  FROM      YEAR
                                                  NORMAL
..................................................................
TEMPERATURE (F)
 YESTERDAY
  MAXIMUM         43   1248 PM  60    2004  45     -2       44
  MINIMUM         37   1159 PM  12    1972  34      3       31
  AVERAGE         40                        39      1       38

PRECIPITATION (IN)
  YESTERDAY        0.00                      0.23  -0.23     0.21
  MONTH TO DATE    0.46                      2.27  -1.81     1.03
  SINCE OCT 1     11.77                     13.50  -1.73    18.99
  SINCE JAN 1     42.15                     42.07   0.08    41.50

DEGREE DAYS
 HEATING
  YESTERDAY       25                        26     -1       27
  MONTH TO DATE  220                       247    -27      260

 COOLING
  YESTERDAY        0                         0      0        0
  MONTH TO DATE    0                         0      0        0
..................................................................


WIND (MPH)
  HIGHEST WIND SPEED    33   HIGHEST WIND DIRECTION     E (80)
  HIGHEST GUST SPEED    43   HIGHEST GUST DIRECTION     E (90)
  AVERAGE WIND SPEED    24.1


SKY COVER
  POSSIBLE SUNSHINE  MM
  AVERAGE SKY COVER 0.0


WEATHER CONDITIONS
 THE FOLLOWING WEATHER WAS RECORDED YESTERDAY.
  NO SIGNIFICANT WEATHER WAS OBSERVED.


RELATIVE HUMIDITY (PERCENT)
 HIGHEST    64          1200 AM
 LOWEST     49          1200 PM
 AVERAGE    57

..........................................................


THE TROUTDALE OR CLIMATE NORMALS FOR TODAY
                         NORMAL    RECORD    YEAR
 MAXIMUM TEMPERATURE (F)   45        65      2014
 MINIMUM TEMPERATURE (F)   34        12      1972


SUNRISE AND SUNSET
DECEMBER 11 2017......SUNRISE   740 AM PST   SUNSET   426 PM PST
DECEMBER 12 2017......SUNRISE   741 AM PST   SUNSET   426 PM PST


-  INDICATES NEGATIVE NUMBERS.
R  INDICATES RECORD WAS SET OR TIED.
MM INDICATES DATA IS MISSING.
T  INDICATES TRACE AMOUNT.




$$
