000
CDUS46 KPQR 240233
CLITTD


CLIMATE REPORT
NATIONAL WEATHER SERVICE PORTLAND OREGON
733 PM PDT FRI JUN 23 2017


...................................

...THE TROUTDALE OR CLIMATE SUMMARY FOR JUNE 23 2017...
VALID TODAY AS OF 0700 PM LOCAL TIME.

CLIMATE NORMAL PERIOD 1981 TO 2010
CLIMATE RECORD PERIOD 1948 TO 2017


WEATHER ITEM   OBSERVED TIME   RECORD YEAR NORMAL DEPARTURE LAST
                VALUE   (LST)  VALUE       VALUE  FROM      YEAR
                                                  NORMAL
..................................................................
TEMPERATURE (F)
 TODAY
  MAXIMUM         92    516 PM 100    1992  76     16       66
  MINIMUM         52    330 AM  40    1956  51      1       55
                                      1985
  AVERAGE         72                        64      8       61

PRECIPITATION (IN)
  TODAY            0.00                      0.06  -0.06     1.49
  MONTH TO DATE    1.72                      2.07  -0.35     2.39
  SINCE OCT 1     48.20                     43.17   5.03    39.28
  SINCE JAN 1     27.11                     24.77   2.34    19.46

DEGREE DAYS
 HEATING
  TODAY            0                         3     -3        4
  MONTH TO DATE   62                       100    -38       69

 COOLING
  TODAY            7                         2      5        0
  MONTH TO DATE   39                        28     11       75
..................................................................


WIND (MPH)
  HIGHEST WIND SPEED    12   HIGHEST WIND DIRECTION     E (100)
  HIGHEST GUST SPEED    16   HIGHEST GUST DIRECTION     E (70)
  AVERAGE WIND SPEED     3.5


SKY COVER
  POSSIBLE SUNSHINE  MM
  AVERAGE SKY COVER 0.0


WEATHER CONDITIONS
 THE FOLLOWING WEATHER WAS RECORDED TODAY.
  NO SIGNIFICANT WEATHER WAS OBSERVED.


RELATIVE HUMIDITY (PERCENT)
 HIGHEST    89           400 AM
 LOWEST     21           400 PM
 AVERAGE    55

..........................................................


THE TROUTDALE OR CLIMATE NORMALS FOR TOMORROW
                         NORMAL    RECORD    YEAR
 MAXIMUM TEMPERATURE (F)   76       100      1989
 MINIMUM TEMPERATURE (F)   51        40      1956


SUNRISE AND SUNSET
JUNE 23 2017..........SUNRISE   521 AM PDT   SUNSET   903 PM PDT
JUNE 24 2017..........SUNRISE   522 AM PDT   SUNSET   903 PM PDT


-  INDICATES NEGATIVE NUMBERS.
R  INDICATES RECORD WAS SET OR TIED.
MM INDICATES DATA IS MISSING.
T  INDICATES TRACE AMOUNT.




$$
