000
CDUS46 KPQR 301141
CLITTD


CLIMATE REPORT
NATIONAL WEATHER SERVICE PORTLAND OREGON
440 AM PDT TUE SEP 30 2014


...................................

...THE TROUTDALE OR CLIMATE SUMMARY FOR SEPTEMBER 29 2014...

CLIMATE NORMAL PERIOD 1981 TO 2010
CLIMATE RECORD PERIOD 9999 TO 9999


WEATHER ITEM   OBSERVED TIME   NORMAL DEPARTURE LAST
                VALUE   (LST)  VALUE  FROM      YEAR
                                      NORMAL
......................................................
TEMPERATURE (F)
 YESTERDAY
  MAXIMUM         66   1137 AM  71     -5       60
  MINIMUM         51    543 AM  47      4       54
  AVERAGE         59            59      0       57

PRECIPITATION (IN)
  YESTERDAY        0.10          0.09   0.01     0.85
  MONTH TO DATE    0.90          1.77  -0.87     3.70
  SINCE OCT 1     30.17         46.89 -16.72    40.50
  SINCE JAN 1     22.58         28.49  -5.91    20.52

DEGREE DAYS
 HEATING
  YESTERDAY        6             6      0        8
  MONTH TO DATE   15           103    -88       72

 COOLING
  YESTERDAY        0             0      0        0
  MONTH TO DATE  105            42     63       84
......................................................


WIND (MPH)
  HIGHEST WIND SPEED    13   HIGHEST WIND DIRECTION    SW (230)
  HIGHEST GUST SPEED    16   HIGHEST GUST DIRECTION    SW (240)
  AVERAGE WIND SPEED     3.1


SKY COVER
  POSSIBLE SUNSHINE  MM
  AVERAGE SKY COVER 0.8


WEATHER CONDITIONS
 THE FOLLOWING WEATHER WAS RECORDED YESTERDAY.
  RAIN
  LIGHT RAIN
  FOG
  HAZE


RELATIVE HUMIDITY (PERCENT)
 HIGHEST    93           100 AM
 LOWEST     67          1200 PM
 AVERAGE    80

..........................................................


THE TROUTDALE OR CLIMATE NORMALS FOR TODAY
                         NORMAL    RECORD    YEAR
 MAXIMUM TEMPERATURE (F)   71        90      1993
 MINIMUM TEMPERATURE (F)   47        35      1983


SUNRISE AND SUNSET
SEPTEMBER 30 2014.....SUNRISE   707 AM PDT   SUNSET   652 PM PDT
OCTOBER  1 2014.......SUNRISE   708 AM PDT   SUNSET   650 PM PDT


-  INDICATES NEGATIVE NUMBERS.
R  INDICATES RECORD WAS SET OR TIED.
MM INDICATES DATA IS MISSING.
T  INDICATES TRACE AMOUNT.




$$
