000
CDUS46 KPQR 171149
CLITTD


CLIMATE REPORT
NATIONAL WEATHER SERVICE PORTLAND OREGON
348 AM PST WED DEC 17 2014


...................................

...THE TROUTDALE OR CLIMATE SUMMARY FOR DECEMBER 16 2014...

CLIMATE NORMAL PERIOD 1981 TO 2010
CLIMATE RECORD PERIOD 9999 TO 9999


WEATHER ITEM   OBSERVED TIME   NORMAL DEPARTURE LAST
                VALUE   (LST)  VALUE  FROM      YEAR
                                      NORMAL
......................................................
TEMPERATURE (F)
 YESTERDAY
  MAXIMUM         46    251 PM  44      2       44
  MINIMUM         41    937 AM  33      8       40
  AVERAGE         44            38      6       42

PRECIPITATION (IN)
  YESTERDAY        T             0.23  -0.23     0.00
  MONTH TO DATE    1.83          3.62  -1.79     1.35
  SINCE OCT 1     12.49         14.85  -2.36     6.57
  SINCE JAN 1     35.19         43.42  -8.23    27.49

DEGREE DAYS
 HEATING
  YESTERDAY       21            27     -6       23
  MONTH TO DATE  340           404    -64      481

 COOLING
  YESTERDAY        0             0      0        0
  MONTH TO DATE    0             0      0        0
......................................................


WIND (MPH)
  HIGHEST WIND SPEED    26   HIGHEST WIND DIRECTION     E (90)
  HIGHEST GUST SPEED    33   HIGHEST GUST DIRECTION     E (90)
  AVERAGE WIND SPEED    20.2


SKY COVER
  POSSIBLE SUNSHINE  MM
  AVERAGE SKY COVER 0.8


WEATHER CONDITIONS
 THE FOLLOWING WEATHER WAS RECORDED YESTERDAY.
  LIGHT RAIN


RELATIVE HUMIDITY (PERCENT)
 HIGHEST    86           600 AM
 LOWEST     70          1200 AM
 AVERAGE    78

..........................................................


THE TROUTDALE OR CLIMATE NORMALS FOR TODAY
                         NORMAL    RECORD    YEAR
 MAXIMUM TEMPERATURE (F)   44        64      1974
 MINIMUM TEMPERATURE (F)   33         6      1964


SUNRISE AND SUNSET
DECEMBER 17 2014......SUNRISE   745 AM PST   SUNSET   427 PM PST
DECEMBER 18 2014......SUNRISE   745 AM PST   SUNSET   427 PM PST


-  INDICATES NEGATIVE NUMBERS.
R  INDICATES RECORD WAS SET OR TIED.
MM INDICATES DATA IS MISSING.
T  INDICATES TRACE AMOUNT.




$$
