000
CDUS41 KPHI 210626
CLITTN


CLIMATE REPORT
NATIONAL WEATHER SERVICE MOUNT HOLLY NJ
126 AM EST FRI NOV 21 2014


...................................

...THE TRENTON NJ CLIMATE SUMMARY FOR NOVEMBER 20 2014...

CLIMATE NORMAL PERIOD 1981 TO 2010
CLIMATE RECORD PERIOD 1865 TO 2014


WEATHER ITEM   OBSERVED TIME   RECORD YEAR NORMAL DEPARTURE LAST
                VALUE   (LST)  VALUE       VALUE  FROM      YEAR
                                                  NORMAL
..................................................................
TEMPERATURE (F)
 YESTERDAY
  MAXIMUM         47    306 PM  76    1985  53     -6       46
  MINIMUM         25    227 AM  17    1984  36    -11       27
  AVERAGE         36                        44     -8       37

PRECIPITATION (IN)
  YESTERDAY        0.00          1.90 1988   0.10  -0.10     0.00
  MONTH TO DATE    2.66                      2.10   0.56     0.60
  SINCE SEP 1      6.85                     10.55  -3.70     3.86
  SINCE JAN 1     38.31                     41.53  -3.22    36.21

SNOWFALL (IN)
  YESTERDAY       MM            MM      MM  MM     MM       MM
  MONTH TO DATE   MM                        MM     MM       MM
  SINCE SEP 1     MM                        MM     MM       MM
  SINCE JUL 1     MM                        MM     MM       MM
  SNOW DEPTH      MM

DEGREE DAYS
 HEATING
  YESTERDAY       29                        21      8       28
  MONTH TO DATE  424                       354     70      365
  SINCE SEP 1    716                       748    -32      711
  SINCE JUL 1    716                       751    -35      711

 COOLING
  YESTERDAY        0                         0      0        0
  MONTH TO DATE    0                         0      0        0
  SINCE SEP 1    147                       109     38      127
  SINCE JAN 1    930                       965    -35     1077
..................................................................


WIND (MPH)
  HIGHEST WIND SPEED    18   HIGHEST WIND DIRECTION    NW (320)
  HIGHEST GUST SPEED    31   HIGHEST GUST DIRECTION     W (290)
  AVERAGE WIND SPEED     8.2


SKY COVER
  POSSIBLE SUNSHINE  MM
  AVERAGE SKY COVER 0.4


WEATHER CONDITIONS
 THE FOLLOWING WEATHER WAS RECORDED YESTERDAY.
  NO SIGNIFICANT WEATHER WAS OBSERVED.


RELATIVE HUMIDITY (PERCENT)
 HIGHEST    68           500 AM
 LOWEST     33          1000 PM
 AVERAGE    51

..........................................................


THE TRENTON NJ CLIMATE NORMALS FOR TODAY
                         NORMAL    RECORD    YEAR
 MAXIMUM TEMPERATURE (F)   52        75      1931
 MINIMUM TEMPERATURE (F)   36        14      1987


SUNRISE AND SUNSET
NOVEMBER 21 2014......SUNRISE   652 AM EST   SUNSET   438 PM EST
NOVEMBER 22 2014......SUNRISE   653 AM EST   SUNSET   437 PM EST


-  INDICATES NEGATIVE NUMBERS.
R  INDICATES RECORD WAS SET OR TIED.
MM INDICATES DATA IS MISSING.
T  INDICATES TRACE AMOUNT.




$$
