503
CDUS41 KPHI 250546
CLITTN


CLIMATE REPORT
NATIONAL WEATHER SERVICE MOUNT HOLLY NJ
144 AM EDT MON SEP 25 2017


...................................

...THE TRENTON NJ CLIMATE SUMMARY FOR SEPTEMBER 24 2017...

CLIMATE NORMAL PERIOD 1981 TO 2010
CLIMATE RECORD PERIOD 1865 TO 2017


WEATHER ITEM   OBSERVED TIME   RECORD YEAR NORMAL DEPARTURE LAST
                VALUE   (LST)  VALUE       VALUE  FROM      YEAR
                                                  NORMAL
..................................................................
TEMPERATURE (F)
 YESTERDAY
  MAXIMUM         92R   330 PM  92    1970  73     19       73
  MINIMUM         66    507 AM  37    1963  53     13       55
  AVERAGE         79                        63     16       64

PRECIPITATION (IN)
  YESTERDAY        0.00          2.27 1975   0.16  -0.16      T
  MONTH TO DATE    1.86                      3.31  -1.45     1.73
  SINCE SEP 1      1.86                      3.31  -1.45     1.73
  SINCE JAN 1     33.03                     34.29  -1.26    26.53

DEGREE DAYS
 HEATING
  YESTERDAY        0                         4     -4        1
  MONTH TO DATE   20                        32    -12        1
  SINCE SEP 1     20                        32    -12        1
  SINCE JUL 1     21                        35    -14        1

 COOLING
  YESTERDAY       14                         2     12        0
  MONTH TO DATE  128                        93     35      201
  SINCE SEP 1    128                        93     35      201
  SINCE JAN 1   1048                       949     99     1352
..................................................................


WIND (MPH)
  HIGHEST WIND SPEED    10   HIGHEST WIND DIRECTION     N (20)
  HIGHEST GUST SPEED    17   HIGHEST GUST DIRECTION    NE (40)
  AVERAGE WIND SPEED     3.9


SKY COVER
  POSSIBLE SUNSHINE  MM
  AVERAGE SKY COVER 0.0


WEATHER CONDITIONS
 THE FOLLOWING WEATHER WAS RECORDED YESTERDAY.
  NO SIGNIFICANT WEATHER WAS OBSERVED.


RELATIVE HUMIDITY (PERCENT)
 HIGHEST    87          1200 AM
 LOWEST     44           100 PM
 AVERAGE    66

..........................................................


THE TRENTON NJ CLIMATE NORMALS FOR TODAY
                         NORMAL    RECORD    YEAR
 MAXIMUM TEMPERATURE (F)   73        92      1970
 MINIMUM TEMPERATURE (F)   53        36      1997


SUNRISE AND SUNSET
SEPTEMBER 25 2017.....SUNRISE   650 AM EDT   SUNSET   651 PM EDT
SEPTEMBER 26 2017.....SUNRISE   651 AM EDT   SUNSET   649 PM EDT


-  INDICATES NEGATIVE NUMBERS.
R  INDICATES RECORD WAS SET OR TIED.
MM INDICATES DATA IS MISSING.
T  INDICATES TRACE AMOUNT.




$$
