000
CDUS41 KPHI 300628
CLITTN


CLIMATE REPORT
NATIONAL WEATHER SERVICE MOUNT HOLLY NJ
228 AM EDT TUE SEP 30 2014


...................................

...THE TRENTON NJ CLIMATE SUMMARY FOR SEPTEMBER 29 2014...

CLIMATE NORMAL PERIOD 1981 TO 2010
CLIMATE RECORD PERIOD 1865 TO 2014


WEATHER ITEM   OBSERVED TIME   RECORD YEAR NORMAL DEPARTURE LAST
                VALUE   (LST)  VALUE       VALUE  FROM      YEAR
                                                  NORMAL
..................................................................
TEMPERATURE (F)
 YESTERDAY
  MAXIMUM         78   1202 PM  88    1921  71      7       72
  MINIMUM         59    459 AM  38    1942  51      8       50
  AVERAGE         69                        61      8       61

PRECIPITATION (IN)
  YESTERDAY        T             2.10 1963   0.15  -0.15     0.00
  MONTH TO DATE    1.05                      4.11  -3.06     1.61
  SINCE SEP 1      1.05                      4.11  -3.06     1.61
  SINCE JAN 1     32.51                     35.09  -2.58    33.96

SNOWFALL (IN)
  YESTERDAY       MM            MM      MM  MM     MM       MM
  MONTH TO DATE   MM                        MM     MM       MM
  SINCE SEP 1     MM                        MM     MM       MM
  SINCE JUL 1     MM                        MM     MM       MM
  SNOW DEPTH      MM

DEGREE DAYS
 HEATING
  YESTERDAY        0                         5     -5        4
  MONTH TO DATE   48                        55     -7       84
  SINCE SEP 1     48                        55     -7       84
  SINCE JUL 1     48                        58    -10       84

 COOLING
  YESTERDAY        4                         1      3        0
  MONTH TO DATE  129                        98     31       91
  SINCE SEP 1    129                        98     31       91
  SINCE JAN 1    912                       954    -42     1041
..................................................................


WIND (MPH)
  HIGHEST WIND SPEED    10   HIGHEST WIND DIRECTION     S (190)
  HIGHEST GUST SPEED    12   HIGHEST GUST DIRECTION    SW (210)
  AVERAGE WIND SPEED     3.2


SKY COVER
  POSSIBLE SUNSHINE  MM
  AVERAGE SKY COVER 0.3


WEATHER CONDITIONS
 THE FOLLOWING WEATHER WAS RECORDED YESTERDAY.
  LIGHT RAIN
  FOG
  HAZE


RELATIVE HUMIDITY (PERCENT)
 HIGHEST    90           500 AM
 LOWEST     50          1200 PM
 AVERAGE    70

..........................................................


THE TRENTON NJ CLIMATE NORMALS FOR TODAY
                         NORMAL    RECORD    YEAR
 MAXIMUM TEMPERATURE (F)   71        85      1986
                                             1953
                                             1921
 MINIMUM TEMPERATURE (F)   50        35      1912


SUNRISE AND SUNSET
SEPTEMBER 30 2014.....SUNRISE   655 AM EDT   SUNSET   643 PM EDT
OCTOBER  1 2014.......SUNRISE   656 AM EDT   SUNSET   642 PM EDT


-  INDICATES NEGATIVE NUMBERS.
R  INDICATES RECORD WAS SET OR TIED.
MM INDICATES DATA IS MISSING.
T  INDICATES TRACE AMOUNT.




$$
