000
CDUS41 KPHI 182128
CLITTN


CLIMATE REPORT
NATIONAL WEATHER SERVICE MOUNT HOLLY NJ
428 PM EST THU DEC 18 2014


...................................

...THE TRENTON NJ CLIMATE SUMMARY FOR DECEMBER 18 2014...
VALID TODAY AS OF 0400 PM LOCAL TIME.

CLIMATE NORMAL PERIOD 1981 TO 2010
CLIMATE RECORD PERIOD 1865 TO 2014


WEATHER ITEM   OBSERVED TIME   RECORD YEAR NORMAL DEPARTURE LAST
                VALUE   (LST)  VALUE       VALUE  FROM      YEAR
                                                  NORMAL
..................................................................
TEMPERATURE (F)
 TODAY
  MAXIMUM         40    210 PM  66    2006  42     -2       37
  MINIMUM         32    708 AM  -1    1919  27      5       19
  AVERAGE         36                        34      2       28

PRECIPITATION (IN)
  TODAY            0.00          1.80 1986   0.12  -0.12     0.00
  MONTH TO DATE    3.10                      2.40   0.70     2.70
  SINCE DEC 1      3.10                      2.40   0.70     2.70
  SINCE JAN 1     42.95                     45.14  -2.19    41.51

SNOWFALL (IN)
  TODAY           MM            MM      MM  MM     MM       MM
  MONTH TO DATE   MM                        MM     MM       MM
  SINCE DEC 1     MM                        MM     MM       MM
  SINCE JUL 1     MM                        MM     MM       MM
  SNOW DEPTH      MM

DEGREE DAYS
 HEATING
  TODAY           29                        31     -2       37
  MONTH TO DATE  468                       500    -32      563
  SINCE DEC 1    468                       500    -32      563
  SINCE JUL 1   1438                      1476    -38     1550

 COOLING
  TODAY            0                         0      0        0
  MONTH TO DATE    0                         0      0        0
  SINCE DEC 1      0                         0      0        0
  SINCE JAN 1    930                       965    -35     1077
..................................................................


WIND (MPH)
  HIGHEST WIND SPEED    17   HIGHEST WIND DIRECTION    NW (300)
  HIGHEST GUST SPEED    27   HIGHEST GUST DIRECTION    NW (300)
  AVERAGE WIND SPEED    10.6


SKY COVER
  POSSIBLE SUNSHINE  MM
  AVERAGE SKY COVER 0.6


WEATHER CONDITIONS
 THE FOLLOWING WEATHER WAS RECORDED TODAY.
  NO SIGNIFICANT WEATHER WAS OBSERVED.


RELATIVE HUMIDITY (PERCENT)
 HIGHEST    56          1200 AM
 LOWEST     48           200 PM
 AVERAGE    52

..........................................................


THE TRENTON NJ CLIMATE NORMALS FOR TOMORROW
                         NORMAL    RECORD    YEAR
 MAXIMUM TEMPERATURE (F)   42        64      1895
 MINIMUM TEMPERATURE (F)   26         7      1919


SUNRISE AND SUNSET
DECEMBER 18 2014......SUNRISE   717 AM EST   SUNSET   435 PM EST
DECEMBER 19 2014......SUNRISE   717 AM EST   SUNSET   435 PM EST


-  INDICATES NEGATIVE NUMBERS.
R  INDICATES RECORD WAS SET OR TIED.
MM INDICATES DATA IS MISSING.
T  INDICATES TRACE AMOUNT.




$$
