000
CDUS41 KPHI 070637
CLITTN


CLIMATE REPORT
NATIONAL WEATHER SERVICE MOUNT HOLLY NJ
232 AM EDT TUE JUL 7 2015


...................................

...THE TRENTON NJ CLIMATE SUMMARY FOR JULY 6 2015...

CLIMATE NORMAL PERIOD 1981 TO 2010
CLIMATE RECORD PERIOD 1865 TO 2015


WEATHER ITEM   OBSERVED TIME   RECORD YEAR NORMAL DEPARTURE LAST
                VALUE   (LST)  VALUE       VALUE  FROM      YEAR
                                                  NORMAL
..................................................................
TEMPERATURE (F)
 YESTERDAY
  MAXIMUM         85    428 PM 104    2010  85      0       84
  MINIMUM         68    431 AM  53    1979  66      2       57
  AVERAGE         77                        75      2       71

PRECIPITATION (IN)
  YESTERDAY        0.09          2.22 1901   0.15  -0.06     0.00
  MONTH TO DATE    0.74                      0.96  -0.22     2.38
  SINCE JUN 1      7.07                      5.37   1.70     4.62
  SINCE JAN 1     21.13                     22.89  -1.76    24.95

SNOWFALL (IN)
  YESTERDAY       MM            MM      MM  MM     MM       MM
  MONTH TO DATE   MM                        MM     MM       MM
  SINCE JUN 1     MM                        MM     MM       MM
  SINCE JUL 1     MM                        MM     MM       MM
  SNOW DEPTH      MM

DEGREE DAYS
 HEATING
  YESTERDAY        0                         0      0        0
  MONTH TO DATE    0                         0      0        0
  SINCE JUN 1     25                        24      1        3
  SINCE JUL 1      0                         0      0        0

 COOLING
  YESTERDAY       12                        10      2        6
  MONTH TO DATE   48                        59    -11       66
  SINCE JUN 1    272                       249     23      267
  SINCE JAN 1    411                       306    105      311
..................................................................


WIND (MPH)
  HIGHEST WIND SPEED    16   HIGHEST WIND DIRECTION     S (160)
  HIGHEST GUST SPEED    20   HIGHEST GUST DIRECTION     S (170)
  AVERAGE WIND SPEED     6.3


SKY COVER
  POSSIBLE SUNSHINE  MM
  AVERAGE SKY COVER 0.4


WEATHER CONDITIONS
 THE FOLLOWING WEATHER WAS RECORDED YESTERDAY.
  HEAVY RAIN
  LIGHT RAIN
  FOG


RELATIVE HUMIDITY (PERCENT)
 HIGHEST    90           200 AM
 LOWEST     61           300 PM
 AVERAGE    76

..........................................................


THE TRENTON NJ CLIMATE NORMALS FOR TODAY
                         NORMAL    RECORD    YEAR
 MAXIMUM TEMPERATURE (F)   85       103      2010
 MINIMUM TEMPERATURE (F)   66        53      2001


SUNRISE AND SUNSET
JULY  7 2015..........SUNRISE   536 AM EDT   SUNSET   832 PM EDT
JULY  8 2015..........SUNRISE   537 AM EDT   SUNSET   831 PM EDT


-  INDICATES NEGATIVE NUMBERS.
R  INDICATES RECORD WAS SET OR TIED.
MM INDICATES DATA IS MISSING.
T  INDICATES TRACE AMOUNT.




$$
