671
CDUS41 KPHI 162139
CLITTN


CLIMATE REPORT
NATIONAL WEATHER SERVICE MOUNT HOLLY NJ
438 PM EST TUE JAN 16 2018


...................................

...THE TRENTON NJ CLIMATE SUMMARY FOR JANUARY 16 2018...
VALID TODAY AS OF 0400 PM LOCAL TIME.

CLIMATE NORMAL PERIOD 1981 TO 2010
CLIMATE RECORD PERIOD 1865 TO 2018


WEATHER ITEM   OBSERVED TIME   RECORD YEAR NORMAL DEPARTURE LAST
                VALUE   (LST)  VALUE       VALUE  FROM      YEAR
                                                  NORMAL
..................................................................
TEMPERATURE (F)
 TODAY
  MAXIMUM         42    329 PM  63    2007  39      3       43
  MINIMUM         26    536 AM  -5    1893  23      3       21
  AVERAGE         34                        31      3       32

PRECIPITATION (IN)
  TODAY            0.00          1.14 1924   0.09  -0.09      T
  MONTH TO DATE    1.50                      1.71  -0.21     1.29
  SINCE DEC 1      3.09                      5.41  -2.32     3.94
  SINCE JAN 1      1.50                      1.71  -0.21     1.29

DEGREE DAYS
 HEATING
  TODAY           31                        34     -3       33
  MONTH TO DATE  629                       543     86      496
  SINCE DEC 1   1596                      1462    134     1370
  SINCE JUL 1   2382                      2438    -56     2180

 COOLING
  TODAY            0                         0      0        0
  MONTH TO DATE    0                         0      0        0
  SINCE DEC 1      0                         0      0        0
  SINCE JAN 1      0                         0      0        0
..................................................................


WIND (MPH)
  HIGHEST WIND SPEED    10   HIGHEST WIND DIRECTION     E (90)
  HIGHEST GUST SPEED    12   HIGHEST GUST DIRECTION     E (90)
  AVERAGE WIND SPEED     3.7


SKY COVER
  POSSIBLE SUNSHINE  MM
  AVERAGE SKY COVER 0.9


WEATHER CONDITIONS
 THE FOLLOWING WEATHER WAS RECORDED TODAY.
  HAZE


RELATIVE HUMIDITY (PERCENT)
 HIGHEST    81          1200 AM
 LOWEST     57           300 PM
 AVERAGE    69

..........................................................


THE TRENTON NJ CLIMATE NORMALS FOR TOMORROW
                         NORMAL    RECORD    YEAR
 MAXIMUM TEMPERATURE (F)   39        67      1870
 MINIMUM TEMPERATURE (F)   23        -8      1982


SUNRISE AND SUNSET
JANUARY 16 2018.......SUNRISE   720 AM EST   SUNSET   459 PM EST
JANUARY 17 2018.......SUNRISE   719 AM EST   SUNSET   500 PM EST


-  INDICATES NEGATIVE NUMBERS.
R  INDICATES RECORD WAS SET OR TIED.
MM INDICATES DATA IS MISSING.
T  INDICATES TRACE AMOUNT.




$$
