000
CDUS41 KPHI 270629
CLITTN


CLIMATE REPORT
NATIONAL WEATHER SERVICE MOUNT HOLLY NJ
228 AM EDT SAT AUG 27 2016


...................................

...THE TRENTON NJ CLIMATE SUMMARY FOR AUGUST 26 2016...

CLIMATE NORMAL PERIOD 1981 TO 2010
CLIMATE RECORD PERIOD 1865 TO 2016


WEATHER ITEM   OBSERVED TIME   RECORD YEAR NORMAL DEPARTURE LAST
                VALUE   (LST)  VALUE       VALUE  FROM      YEAR
                                                  NORMAL
..................................................................
TEMPERATURE (F)
 YESTERDAY
  MAXIMUM         93    319 PM  99    1948  82     11       81
  MINIMUM         72    419 AM  53    1944  63      9       61
                                      1942
                                      1917
  AVERAGE         83                        73     10       71

PRECIPITATION (IN)
  YESTERDAY        0.00          2.10 1908   0.11  -0.11     0.00
  MONTH TO DATE    1.19                      3.56  -2.37     2.62
  SINCE JUN 1     10.76                     12.92  -2.16    12.06
  SINCE JAN 1     24.80                     30.44  -5.64    26.12

SNOWFALL (IN)
  YESTERDAY       MM            MM      MM  MM     MM       MM
  MONTH TO DATE   MM                        MM     MM       MM
  SINCE JUN 1     MM                        MM     MM       MM
  SINCE JUL 1     MM                        MM     MM       MM
  SNOW DEPTH      MM

DEGREE DAYS
 HEATING
  YESTERDAY        0                         0      0        0
  MONTH TO DATE    0                         0      0        0
  SINCE JUN 1      8                        24    -16       25
  SINCE JUL 1      0                         0      0        0

 COOLING
  YESTERDAY       18                         8     10        6
  MONTH TO DATE  344                       243    101      289
  SINCE JUN 1    992                       763    229      877
  SINCE JAN 1   1084                       820    264     1016
..................................................................


WIND (MPH)
  HIGHEST WIND SPEED    15   HIGHEST WIND DIRECTION     N (350)
  HIGHEST GUST SPEED    19   HIGHEST GUST DIRECTION    NW (320)
  AVERAGE WIND SPEED     6.4


SKY COVER
  POSSIBLE SUNSHINE  MM
  AVERAGE SKY COVER 0.2


WEATHER CONDITIONS
 THE FOLLOWING WEATHER WAS RECORDED YESTERDAY.
  NO SIGNIFICANT WEATHER WAS OBSERVED.


RELATIVE HUMIDITY (PERCENT)
 HIGHEST    87           100 AM
 LOWEST     41           400 PM
 AVERAGE    64

..........................................................


THE TRENTON NJ CLIMATE NORMALS FOR TODAY
                         NORMAL    RECORD    YEAR
 MAXIMUM TEMPERATURE (F)   82        98      1948
 MINIMUM TEMPERATURE (F)   63        51      1910
                                             1904


SUNRISE AND SUNSET
AUGUST 27 2016........SUNRISE   622 AM EDT   SUNSET   738 PM EDT
AUGUST 28 2016........SUNRISE   623 AM EDT   SUNSET   737 PM EDT


-  INDICATES NEGATIVE NUMBERS.
R  INDICATES RECORD WAS SET OR TIED.
MM INDICATES DATA IS MISSING.
T  INDICATES TRACE AMOUNT.




$$
