000
CDUS41 KPHI 250628
CLITTN


CLIMATE REPORT
NATIONAL WEATHER SERVICE MOUNT HOLLY NJ
228 AM EDT THU MAY 25 2017


...................................

...THE TRENTON NJ CLIMATE SUMMARY FOR MAY 24 2017...

CLIMATE NORMAL PERIOD 1981 TO 2010
CLIMATE RECORD PERIOD 1865 TO 2017


WEATHER ITEM   OBSERVED TIME   RECORD YEAR NORMAL DEPARTURE LAST
                VALUE   (LST)  VALUE       VALUE  FROM      YEAR
                                                  NORMAL
..................................................................
TEMPERATURE (F)
 YESTERDAY
  MAXIMUM         70    304 PM  94    1910  74     -4       80
  MINIMUM         56    521 AM  38    1963  53      3       56
  AVERAGE         63                        64     -1       68

PRECIPITATION (IN)
  YESTERDAY        0.01          2.57 1999   0.18  -0.17     0.02
  MONTH TO DATE    3.73                      3.09   0.64     2.87
  SINCE MAR 1     11.50                     10.77   0.73     6.16
  SINCE JAN 1     16.24                     16.24   0.00    13.36

DEGREE DAYS
 HEATING
  YESTERDAY        2                         4     -2        0
  MONTH TO DATE  160                       148     12      187
  SINCE MAR 1   1209                      1302    -93     1111
  SINCE JUL 1   4428                      5116   -688     4205

 COOLING
  YESTERDAY        0                         2     -2        3
  MONTH TO DATE   47                        31     16        3
  SINCE MAR 1     78                        39     39       15
  SINCE JAN 1     78                        39     39       15
..................................................................


WIND (MPH)
  HIGHEST WIND SPEED    15   HIGHEST WIND DIRECTION     E (110)
  HIGHEST GUST SPEED    21   HIGHEST GUST DIRECTION    SE (120)
  AVERAGE WIND SPEED     7.2


SKY COVER
  POSSIBLE SUNSHINE  MM
  AVERAGE SKY COVER 0.8


WEATHER CONDITIONS
 THE FOLLOWING WEATHER WAS RECORDED YESTERDAY.
  LIGHT RAIN


RELATIVE HUMIDITY (PERCENT)
 HIGHEST    86          1200 AM
 LOWEST     53           300 PM
 AVERAGE    70

..........................................................


THE TRENTON NJ CLIMATE NORMALS FOR TODAY
                         NORMAL    RECORD    YEAR
 MAXIMUM TEMPERATURE (F)   75        93      1880
 MINIMUM TEMPERATURE (F)   53        40      1956


SUNRISE AND SUNSET
MAY 25 2017...........SUNRISE   535 AM EDT   SUNSET   818 PM EDT
MAY 26 2017...........SUNRISE   535 AM EDT   SUNSET   818 PM EDT


-  INDICATES NEGATIVE NUMBERS.
R  INDICATES RECORD WAS SET OR TIED.
MM INDICATES DATA IS MISSING.
T  INDICATES TRACE AMOUNT.




$$
