000
CDUS44 KTSA 192233 RRA
CLITUL

CLIMATE REPORT
NATIONAL WEATHER SERVICE TULSA OK
427 PM CST THU JAN 19 2017


...................................

...THE TULSA OKLAHOMA CLIMATE SUMMARY FOR JANUARY 19 2017...
VALID TODAY AS OF 0400 PM LOCAL TIME.

CLIMATE NORMAL PERIOD 1981 TO 2010
CLIMATE RECORD PERIOD 1882 TO 2017


WEATHER ITEM   OBSERVED TIME   RECORD YEAR NORMAL DEPARTURE LAST
                VALUE   (LST)  VALUE       VALUE  FROM      YEAR
                                                  NORMAL
..................................................................
TEMPERATURE (F)
 TODAY
  MAXIMUM         53    259 PM  75    1951  48      5       37
  MINIMUM         46    535 AM  -5    1943  27     19       25
  AVERAGE         50                        38     12       31

PRECIPITATION (IN)
  TODAY            T             1.85 1990   0.05  -0.05     0.03
  MONTH TO DATE    1.75                      0.99   0.76     0.61
  SINCE DEC 1      2.19                      3.48  -1.29     9.21
  SINCE JAN 1      1.75                      0.99   0.76     0.61

SNOWFALL (IN)
  TODAY           MM                                         0.0
  MONTH TO DATE    0.2                                       2.5
  SINCE DEC 1      0.7                                       3.0
  SINCE JUL 1      0.7                                       3.0

DEGREE DAYS
 HEATING
  TODAY           15                        27    -12       34
  MONTH TO DATE  489                       528    -39      560
  SINCE DEC 1   1273                      1320    -47     1121
  SINCE JUL 1   1612                      1956   -344     1596
..................................................................


WIND (MPH)
  HIGHEST WIND SPEED    16   HIGHEST WIND DIRECTION    SE (140)
  HIGHEST GUST SPEED    19   HIGHEST GUST DIRECTION    SE (140)
  AVERAGE WIND SPEED     9.4


SKY COVER
  POSSIBLE SUNSHINE  MM
  AVERAGE SKY COVER 1.0


WEATHER CONDITIONS
 THE FOLLOWING WEATHER WAS RECORDED TODAY.
  LIGHT RAIN
  FOG


RELATIVE HUMIDITY (PERCENT)
 HIGHEST   100           300 AM
 LOWEST     83           300 PM
 AVERAGE    92

..........................................................


THE TULSA OKLAHOMA CLIMATE NORMALS FOR TOMORROW
                         NORMAL    RECORD    YEAR
 MAXIMUM TEMPERATURE (F)   48        77      1986
 MINIMUM TEMPERATURE (F)   27        -3      1985


SUNRISE AND SUNSET
JANUARY 19 2017.......SUNRISE   732 AM CST   SUNSET   537 PM CST
JANUARY 20 2017.......SUNRISE   732 AM CST   SUNSET   538 PM CST


-  INDICATES NEGATIVE NUMBERS.
R  INDICATES RECORD WAS SET OR TIED.
MM INDICATES DATA IS MISSING.
T  INDICATES TRACE AMOUNT.




$$

&&
...........................................................

TULSA RECORD LOW MAX AND HIGH MIN TEMPERATURES FOR TOMORROW
                      RECORD        YEAR
  LOW MAXIMUM           15          1984
  HIGH MINIMUM          51          1923
...........................................................
ALL DATA MEASURED AT THE TULSA INTERNATIONAL AIRPORT...
EXCEPT SNOWFALL...WHICH IS MEASURED AT THE NWS OFFICE.
