000
CDUS44 KTSA 072236
CLITUL

CLIMATE REPORT
NATIONAL WEATHER SERVICE TULSA OK
427 PM CST WED DEC 7 2016


...................................

...THE TULSA OKLAHOMA CLIMATE SUMMARY FOR DECEMBER 7 2016...
VALID TODAY AS OF 0400 PM LOCAL TIME.

CLIMATE NORMAL PERIOD 1981 TO 2010
CLIMATE RECORD PERIOD 1882 TO 2016


WEATHER ITEM   OBSERVED TIME   RECORD YEAR NORMAL DEPARTURE LAST
                VALUE   (LST)  VALUE       VALUE  FROM      YEAR
                                                  NORMAL
..................................................................
TEMPERATURE (F)
 TODAY
  MAXIMUM         39   1144 AM  80    1966  51    -12       66
  MINIMUM         33    431 AM   4    1950  31      2       31
  AVERAGE         36                        41     -5       49

PRECIPITATION (IN)
  TODAY            T             1.48 1926   0.08  -0.08     0.00
  MONTH TO DATE    0.18                      0.60  -0.42     0.00
  SINCE DEC 1      0.18                      0.60  -0.42     0.00
  SINCE JAN 1     27.93                     39.08 -11.15    53.19

SNOWFALL (IN)
  TODAY            T                                         0.0
  MONTH TO DATE    0.0                                       0.0
  SINCE DEC 1      0.0                                       0.0
  SINCE JUL 1      0.0                                        T

DEGREE DAYS
 HEATING
  TODAY           29                        24      5       16
  MONTH TO DATE  151                       161    -10      139
  SINCE DEC 1    151                       161    -10      139
  SINCE JUL 1    490                       797   -307      614
..................................................................


WIND (MPH)
  HIGHEST WIND SPEED    16   HIGHEST WIND DIRECTION    NE (40)
  HIGHEST GUST SPEED    19   HIGHEST GUST DIRECTION    NE (40)
  AVERAGE WIND SPEED     9.1


SKY COVER
  POSSIBLE SUNSHINE  MM
  AVERAGE SKY COVER 0.8


WEATHER CONDITIONS
 THE FOLLOWING WEATHER WAS RECORDED TODAY.
  LIGHT SNOW
  FOG


RELATIVE HUMIDITY (PERCENT)
 HIGHEST    59           200 PM
 LOWEST     40          1000 AM
 AVERAGE    50

..........................................................


THE TULSA OKLAHOMA CLIMATE NORMALS FOR TOMORROW
                         NORMAL    RECORD    YEAR
 MAXIMUM TEMPERATURE (F)   51        73      1991
                                             1966
 MINIMUM TEMPERATURE (F)   31        -3      1917


SUNRISE AND SUNSET
DECEMBER  7 2016......SUNRISE   722 AM CST   SUNSET   509 PM CST
DECEMBER  8 2016......SUNRISE   723 AM CST   SUNSET   509 PM CST


-  INDICATES NEGATIVE NUMBERS.
R  INDICATES RECORD WAS SET OR TIED.
MM INDICATES DATA IS MISSING.
T  INDICATES TRACE AMOUNT.




$$

&&
...........................................................

TULSA RECORD LOW MAX AND HIGH MIN TEMPERATURES FOR TOMORROW
                      RECORD        YEAR
  LOW MAXIMUM           19          1909
  HIGH MINIMUM          61          1946
...........................................................
ALL DATA MEASURED AT THE TULSA INTERNATIONAL AIRPORT...
EXCEPT SNOWFALL...WHICH IS MEASURED AT THE NWS OFFICE.
