000
CDUS44 KTSA 240716
CLITUL

CLIMATE REPORT
NATIONAL WEATHER SERVICE TULSA OK
115 AM CST MON NOV 24 2014


...................................

...THE TULSA OKLAHOMA CLIMATE SUMMARY FOR NOVEMBER 23 2014...

CLIMATE NORMAL PERIOD 1981 TO 2010
CLIMATE RECORD PERIOD 1882 TO 2014


WEATHER ITEM   OBSERVED TIME   RECORD YEAR NORMAL DEPARTURE LAST
                VALUE   (LST)  VALUE       VALUE  FROM      YEAR
                                                  NORMAL
..................................................................
TEMPERATURE (F)
 YESTERDAY
  MAXIMUM         67    237 PM  78    1974  57     10       40
                                      1966
  MINIMUM         44   1114 PM  17    1970  36      8       27
  AVERAGE         56                        47      9       34

PRECIPITATION (IN)
  YESTERDAY        0.04          0.80 1931   0.08  -0.04     0.00
  MONTH TO DATE    2.10                      2.24  -0.14     1.91
  SINCE SEP 1      9.11                     10.43  -1.32     7.93
  SINCE JAN 1     27.63                     37.91 -10.28    31.31

SNOWFALL (IN)
  YESTERDAY        0.0                                       0.0
  MONTH TO DATE    0.4                                       0.0
  SINCE SEP 1      0.4                                       0.0
  SINCE JUL 1      0.4                                       0.0

DEGREE DAYS
 HEATING
  YESTERDAY        9                        18     -9       31
  MONTH TO DATE  474                       309    165      327
  SINCE SEP 1    583                       495     88      510
  SINCE JUL 1    584                       495     89      510
..................................................................


WIND (MPH)
  HIGHEST WIND SPEED    29   HIGHEST WIND DIRECTION    NW (330)
  HIGHEST GUST SPEED    40   HIGHEST GUST DIRECTION    NW (330)
  AVERAGE WIND SPEED    13.9


SKY COVER
  POSSIBLE SUNSHINE  MM
  AVERAGE SKY COVER 1.0


WEATHER CONDITIONS
 THE FOLLOWING WEATHER WAS RECORDED YESTERDAY.
  LIGHT RAIN
  FOG


RELATIVE HUMIDITY (PERCENT)
 HIGHEST   100           100 AM
 LOWEST     63           300 PM
 AVERAGE    82

..........................................................


THE TULSA OKLAHOMA CLIMATE NORMALS FOR TODAY
                         NORMAL    RECORD    YEAR
 MAXIMUM TEMPERATURE (F)   57        80      1990
                                             1965
 MINIMUM TEMPERATURE (F)   36        14      1950


SUNRISE AND SUNSET
NOVEMBER 24 2014......SUNRISE   710 AM CST   SUNSET   511 PM CST
NOVEMBER 25 2014......SUNRISE   710 AM CST   SUNSET   510 PM CST


-  INDICATES NEGATIVE NUMBERS.
R  INDICATES RECORD WAS SET OR TIED.
MM INDICATES DATA IS MISSING.
T  INDICATES TRACE AMOUNT.




$$

&&
...........................................................

THE TULSA PRECIPITATION NORMALS FOR TODAY
                       NORMAL    RECORD      YEAR
  TODAY                 0.08      2.54       1973
  MONTH TO DATE         2.32
  YEAR TO DATE         37.99
...........................................................
ALL DATA MEASURED AT THE TULSA INTERNATIONAL AIRPORT...
EXCEPT SNOWFALL...WHICH IS MEASURED AT THE NWS OFFICE.
