000
CDUS44 KTSA 232235
CLITUL

CLIMATE REPORT
NATIONAL WEATHER SERVICE TULSA OK
427 PM CST TUE JAN 23 2018


...................................

...THE TULSA OKLAHOMA CLIMATE SUMMARY FOR JANUARY 23 2018...
VALID TODAY AS OF 0400 PM LOCAL TIME.

CLIMATE NORMAL PERIOD 1981 TO 2010
CLIMATE RECORD PERIOD 1882 TO 2018


WEATHER ITEM   OBSERVED TIME   RECORD YEAR NORMAL DEPARTURE LAST
                VALUE   (LST)  VALUE       VALUE  FROM      YEAR
                                                  NORMAL
..................................................................
TEMPERATURE (F)
 TODAY
  MAXIMUM         52    259 PM  78    1909  49      3       57
  MINIMUM         27    740 AM  -8    1930  28     -1       29
  AVERAGE         40                        38      2       43

PRECIPITATION (IN)
  TODAY            0.00          1.42 1953   0.06  -0.06     0.00
  MONTH TO DATE    0.25                      1.21  -0.96     3.42
  SINCE DEC 1      1.68                      3.70  -2.02     3.86
  SINCE JAN 1      0.25                      1.21  -0.96     3.42

SNOWFALL (IN)
  TODAY            0.0                                       0.0
  MONTH TO DATE    T                                         0.2
  SINCE DEC 1      2.0                                       0.7
  SINCE JUL 1      2.0                                       0.7

DEGREE DAYS
 HEATING
  TODAY           25                        27     -2       22
  MONTH TO DATE  694                       636     58      549
  SINCE DEC 1   1413                      1428    -15     1333
  SINCE JUL 1   1915                      2064   -149     1672
..................................................................


WIND (MPH)
  HIGHEST WIND SPEED    17   HIGHEST WIND DIRECTION    NW (310)
  HIGHEST GUST SPEED    22   HIGHEST GUST DIRECTION    NW (310)
  AVERAGE WIND SPEED     9.4


SKY COVER
  POSSIBLE SUNSHINE  MM
  AVERAGE SKY COVER 0.0


WEATHER CONDITIONS
 THE FOLLOWING WEATHER WAS RECORDED TODAY.
  NO SIGNIFICANT WEATHER WAS OBSERVED.


RELATIVE HUMIDITY (PERCENT)
 HIGHEST    75           600 AM
 LOWEST     24           400 PM
 AVERAGE    50

..........................................................


THE TULSA OKLAHOMA CLIMATE NORMALS FOR TOMORROW
                         NORMAL    RECORD    YEAR
 MAXIMUM TEMPERATURE (F)   49        79      1950
 MINIMUM TEMPERATURE (F)   28        -4      1906


SUNRISE AND SUNSET
JANUARY 23 2018.......SUNRISE   731 AM CST   SUNSET   541 PM CST
JANUARY 24 2018.......SUNRISE   730 AM CST   SUNSET   542 PM CST


-  INDICATES NEGATIVE NUMBERS.
R  INDICATES RECORD WAS SET OR TIED.
MM INDICATES DATA IS MISSING.
T  INDICATES TRACE AMOUNT.




$$

&&
...........................................................

TULSA RECORD LOW MAX AND HIGH MIN TEMPERATURES FOR TOMORROW
                      RECORD        YEAR
  LOW MAXIMUM           15          1940
  HIGH MINIMUM          51          1919
...........................................................
ALL DATA MEASURED AT THE TULSA INTERNATIONAL AIRPORT...
EXCEPT SNOWFALL...WHICH IS MEASURED AT THE NWS OFFICE.
