000
CDUS44 KTSA 270651
CLITUL

CLIMATE REPORT
NATIONAL WEATHER SERVICE TULSA OK
147 AM CDT SAT AUG 27 2016


...................................

...THE TULSA OKLAHOMA CLIMATE SUMMARY FOR AUGUST 26 2016...

CLIMATE NORMAL PERIOD 1981 TO 2010
CLIMATE RECORD PERIOD 1882 TO 2016


WEATHER ITEM   OBSERVED TIME   RECORD YEAR NORMAL DEPARTURE LAST
                VALUE   (LST)  VALUE       VALUE  FROM      YEAR
                                                  NORMAL
..................................................................
TEMPERATURE (F)
 YESTERDAY
  MAXIMUM         90    145 PM 109    1999  92     -2       89
  MINIMUM         72    615 AM  52    1910  70      2       59
  AVERAGE         81                        81      0       74

PRECIPITATION (IN)
  YESTERDAY        0.00          1.91 1987   0.10  -0.10     0.00
  MONTH TO DATE    2.19                      2.36  -0.17     4.72
  SINCE JUN 1      6.72                     10.44  -3.72    16.21
  SINCE JAN 1     20.58                     26.94  -6.36    41.11

DEGREE DAYS
 COOLING
  YESTERDAY       16                        16      0        9
  MONTH TO DATE  473                       459     14      389
  SINCE JUN 1   1643                      1393    250     1472
  SINCE JAN 1   1847                      1627    220     1677
..................................................................


WIND (MPH)
  HIGHEST WIND SPEED    18   HIGHEST WIND DIRECTION    SE (130)
  HIGHEST GUST SPEED    23   HIGHEST GUST DIRECTION    SE (130)
  AVERAGE WIND SPEED     7.6


SKY COVER
  POSSIBLE SUNSHINE  MM
  AVERAGE SKY COVER 0.9


WEATHER CONDITIONS
 THE FOLLOWING WEATHER WAS RECORDED YESTERDAY.
  THUNDERSTORM


RELATIVE HUMIDITY (PERCENT)
 HIGHEST    93           400 AM
 LOWEST     63          1200 PM
 AVERAGE    78

..........................................................


THE TULSA OKLAHOMA CLIMATE NORMALS FOR TODAY
                         NORMAL    RECORD    YEAR
 MAXIMUM TEMPERATURE (F)   91       105      2000
                                             1913
 MINIMUM TEMPERATURE (F)   70        50      1910


SUNRISE AND SUNSET
AUGUST 27 2016........SUNRISE   652 AM CDT   SUNSET   758 PM CDT
AUGUST 28 2016........SUNRISE   652 AM CDT   SUNSET   756 PM CDT


-  INDICATES NEGATIVE NUMBERS.
R  INDICATES RECORD WAS SET OR TIED.
MM INDICATES DATA IS MISSING.
T  INDICATES TRACE AMOUNT.




$$

&&
...........................................................

THE TULSA PRECIPITATION NORMALS FOR TODAY
                       NORMAL    RECORD      YEAR
  TODAY                 0.11      1.42       1927
  MONTH TO DATE         2.47
  YEAR TO DATE         27.05
...........................................................
ALL DATA MEASURED AT THE TULSA INTERNATIONAL AIRPORT...
EXCEPT SNOWFALL...WHICH IS MEASURED AT THE NWS OFFICE.
