146
CDUS44 KTSA 312130
CLITUL

CLIMATE REPORT
NATIONAL WEATHER SERVICE TULSA OK
430 PM CDT TUE MAY 31 2016


...................................

...THE TULSA OKLAHOMA CLIMATE SUMMARY FOR MAY 31 2016...
VALID TODAY AS OF 0400 PM LOCAL TIME.

CLIMATE NORMAL PERIOD 1981 TO 2010
CLIMATE RECORD PERIOD 1882 TO 2016


WEATHER ITEM   OBSERVED TIME   RECORD YEAR NORMAL DEPARTURE LAST
                VALUE   (LST)  VALUE       VALUE  FROM      YEAR
                                                  NORMAL
..................................................................
TEMPERATURE (F)
 TODAY
  MAXIMUM         82    213 PM 100    1934  83     -1       72
  MINIMUM         63    242 AM  49    1930  63      0       60
  AVERAGE         73                        73      0       66

PRECIPITATION (IN)
  TODAY            0.07          2.50 1926   0.19  -0.12      T
  MONTH TO DATE    3.91                      5.91  -2.00    14.77
  SINCE MAR 1     12.66                     12.99  -0.33    22.58
  SINCE JAN 1     13.86                     16.50  -2.64    24.90

DEGREE DAYS
 COOLING
  TODAY            8                         9     -1        1
  MONTH TO DATE  150                       169    -19      131
  SINCE MAR 1    198                       233    -35      205
  SINCE JAN 1    204                       234    -30      205
..................................................................


WIND (MPH)
  HIGHEST WIND SPEED    15   HIGHEST WIND DIRECTION     E (110)
  HIGHEST GUST SPEED    19   HIGHEST GUST DIRECTION    SE (120)
  AVERAGE WIND SPEED     3.8


SKY COVER
  POSSIBLE SUNSHINE  MM
  AVERAGE SKY COVER 0.8


WEATHER CONDITIONS
 THE FOLLOWING WEATHER WAS RECORDED TODAY.
  THUNDERSTORM
  RAIN
  LIGHT RAIN
  FOG


RELATIVE HUMIDITY (PERCENT)
 HIGHEST   100          1200 AM
 LOWEST     65           200 PM
 AVERAGE    83

..........................................................


THE TULSA OKLAHOMA CLIMATE NORMALS FOR TOMORROW
                         NORMAL    RECORD    YEAR
 MAXIMUM TEMPERATURE (F)   83        98      1934
                                             1911
 MINIMUM TEMPERATURE (F)   64        50      2012


SUNRISE AND SUNSET
MAY 31 2016...........SUNRISE   608 AM CDT   SUNSET   835 PM CDT
JUNE  1 2016..........SUNRISE   608 AM CDT   SUNSET   836 PM CDT


-  INDICATES NEGATIVE NUMBERS.
R  INDICATES RECORD WAS SET OR TIED.
MM INDICATES DATA IS MISSING.
T  INDICATES TRACE AMOUNT.




$$

&&
...........................................................

TULSA RECORD LOW MAX AND HIGH MIN TEMPERATURES FOR TOMORROW
                      RECORD        YEAR
  LOW MAXIMUM           69          1992
  HIGH MINIMUM          77          1980
...........................................................
ALL DATA MEASURED AT THE TULSA INTERNATIONAL AIRPORT...
EXCEPT SNOWFALL...WHICH IS MEASURED AT THE NWS OFFICE.
