000
CDUS44 KTSA 092132
CLITUL

CLIMATE REPORT
NATIONAL WEATHER SERVICE TULSA OK
418 PM CDT WED JUL 9 2014


...................................

...THE TULSA OKLAHOMA CLIMATE SUMMARY FOR JULY 9 2014...
VALID TODAY AS OF 0400 PM LOCAL TIME.

CLIMATE NORMAL PERIOD 1981 TO 2010
CLIMATE RECORD PERIOD 1882 TO 2014


WEATHER ITEM   OBSERVED TIME   RECORD YEAR NORMAL DEPARTURE LAST
                VALUE   (LST)  VALUE       VALUE  FROM      YEAR
                                                  NORMAL
..................................................................
TEMPERATURE (F)
 TODAY
  MAXIMUM         93    247 PM 107    1925  93      0      100
  MINIMUM         65    508 AM  59    1952  73     -8       79
                                      1947
  AVERAGE         79                        82     -3       90

PRECIPITATION (IN)
  TODAY            0.00          3.80 1915   0.11  -0.11     0.00
  MONTH TO DATE    0.00                      1.09  -1.09      T
  SINCE JUN 1      4.67                      5.81  -1.14     1.69
  SINCE JAN 1     13.12                     22.31  -9.19    15.57

DEGREE DAYS
 COOLING
  TODAY           14                        17     -3       25
  MONTH TO DATE  135                       152    -17      128
  SINCE JUN 1    538                       531      7      559
  SINCE JAN 1    809                       765     44      751
..................................................................


WIND (MPH)
  HIGHEST WIND SPEED    12   HIGHEST WIND DIRECTION     E (70)
  HIGHEST GUST SPEED    14   HIGHEST GUST DIRECTION     E (90)
  AVERAGE WIND SPEED     2.9


SKY COVER
  POSSIBLE SUNSHINE  MM
  AVERAGE SKY COVER 0.7


WEATHER CONDITIONS
 THE FOLLOWING WEATHER WAS RECORDED TODAY.
  NO SIGNIFICANT WEATHER WAS OBSERVED.


RELATIVE HUMIDITY (PERCENT)
 HIGHEST    93           500 AM
 LOWEST     32           300 PM
 AVERAGE    63

..........................................................


THE TULSA OKLAHOMA CLIMATE NORMALS FOR TOMORROW
                         NORMAL    RECORD    YEAR
 MAXIMUM TEMPERATURE (F)   93       107      2011
 MINIMUM TEMPERATURE (F)   73        59      1961


SUNRISE AND SUNSET
JULY  9 2014..........SUNRISE   614 AM CDT   SUNSET   843 PM CDT
JULY 10 2014..........SUNRISE   615 AM CDT   SUNSET   843 PM CDT


-  INDICATES NEGATIVE NUMBERS.
R  INDICATES RECORD WAS SET OR TIED.
MM INDICATES DATA IS MISSING.
T  INDICATES TRACE AMOUNT.




$$

&&
...........................................................

TULSA RECORD LOW MAX AND HIGH MIN TEMPERATURES FOR TOMORROW
                      RECORD        YEAR
  LOW MAXIMUM           75          *1950
  HIGH MINIMUM          84          1980
...........................................................
ALL DATA MEASURED AT THE TULSA INTERNATIONAL AIRPORT...
EXCEPT SNOWFALL...WHICH IS MEASURED AT THE NWS OFFICE.
