000
CDUS44 KTSA 300648
CLITUL

CLIMATE REPORT
NATIONAL WEATHER SERVICE TULSA OK
147 AM CDT SAT MAY 30 2015


...................................

...THE TULSA OKLAHOMA CLIMATE SUMMARY FOR MAY 29 2015...

CLIMATE NORMAL PERIOD 1981 TO 2010
CLIMATE RECORD PERIOD 1882 TO 2015


WEATHER ITEM   OBSERVED TIME   RECORD YEAR NORMAL DEPARTURE LAST
                VALUE   (LST)  VALUE       VALUE  FROM      YEAR
                                                  NORMAL
..................................................................
TEMPERATURE (F)
 YESTERDAY
  MAXIMUM         72   1015 AM  98    1926  83    -11       89
  MINIMUM         64   1159 PM  40    1947  63      1       64
  AVERAGE         68                        73     -5       77

PRECIPITATION (IN)
  YESTERDAY        1.25          1.60 1903   0.18   1.07     0.10
  MONTH TO DATE   14.77                      5.53   9.24     3.41
  SINCE MAR 1     22.58                     12.61   9.97     7.90
  SINCE JAN 1     24.90                     16.12   8.78     8.35

DEGREE DAYS
 COOLING
  YESTERDAY        3                         8     -5       12
  MONTH TO DATE  130                       152    -22      213
  SINCE MAR 1    204                       216    -12      247
  SINCE JAN 1    204                       217    -13      247
..................................................................


WIND (MPH)
  HIGHEST WIND SPEED    13   HIGHEST WIND DIRECTION    SE (150)
  HIGHEST GUST SPEED    16   HIGHEST GUST DIRECTION     S (160)
  AVERAGE WIND SPEED     5.4


SKY COVER
  POSSIBLE SUNSHINE  MM
  AVERAGE SKY COVER 1.0


WEATHER CONDITIONS
 THE FOLLOWING WEATHER WAS RECORDED YESTERDAY.
  THUNDERSTORM
  HEAVY RAIN
  RAIN
  LIGHT RAIN
  FOG


RELATIVE HUMIDITY (PERCENT)
 HIGHEST   100           200 PM
 LOWEST     84          1200 AM
 AVERAGE    92

..........................................................


THE TULSA OKLAHOMA CLIMATE NORMALS FOR TODAY
                         NORMAL    RECORD    YEAR
 MAXIMUM TEMPERATURE (F)   83        98      1934
 MINIMUM TEMPERATURE (F)   63        45      1947


SUNRISE AND SUNSET
MAY 30 2015...........SUNRISE   609 AM CDT   SUNSET   834 PM CDT
MAY 31 2015...........SUNRISE   608 AM CDT   SUNSET   835 PM CDT


-  INDICATES NEGATIVE NUMBERS.
R  INDICATES RECORD WAS SET OR TIED.
MM INDICATES DATA IS MISSING.
T  INDICATES TRACE AMOUNT.




$$

&&
...........................................................

THE TULSA PRECIPITATION NORMALS FOR TODAY
                       NORMAL    RECORD      YEAR
  TODAY                 0.19      2.71       1976
  MONTH TO DATE         5.72
  YEAR TO DATE         16.31
...........................................................
ALL DATA MEASURED AT THE TULSA INTERNATIONAL AIRPORT...
EXCEPT SNOWFALL...WHICH IS MEASURED AT THE NWS OFFICE.
