000
CDUS44 KTSA 302141
CLITUL

CLIMATE REPORT
NATIONAL WEATHER SERVICE TULSA OK
418 PM CDT SUN APR 30 2017


...................................

...THE TULSA OKLAHOMA CLIMATE SUMMARY FOR APRIL 30 2017...
VALID TODAY AS OF 0400 PM LOCAL TIME.

CLIMATE NORMAL PERIOD 1981 TO 2010
CLIMATE RECORD PERIOD 1882 TO 2017


WEATHER ITEM   OBSERVED TIME   RECORD YEAR NORMAL DEPARTURE LAST
                VALUE   (LST)  VALUE       VALUE  FROM      YEAR
                                                  NORMAL
..................................................................
TEMPERATURE (F)
 TODAY
  MAXIMUM         58   1207 AM  91    1987  76    -18       70
                                      1959
  MINIMUM         49    154 PM  35    1908  54     -5       53
  AVERAGE         54                        65    -11       62

PRECIPITATION (IN)
  TODAY            0.01          3.00 1970   0.17  -0.16      T
  MONTH TO DATE   10.44                      3.79   6.65     5.89
  SINCE MAR 1     12.21                      7.08   5.13     8.75
  SINCE JAN 1     16.81                     10.59   6.22     9.95

SNOWFALL (IN)
  TODAY            0.0                                       0.0
  MONTH TO DATE    T                                         0.0
  SINCE MAR 1      T                                         0.0
  SINCE JUL 1      0.7                                       3.0

DEGREE DAYS
 HEATING
  TODAY           11                         3      8        3
  MONTH TO DATE  125                       187    -62       84
  SINCE MAR 1    419                       624   -205      351
  SINCE JUL 1   2640                      3535   -895     2683

 COOLING
  TODAY            0                         3     -3        0
  MONTH TO DATE   64                        53     11       39
  SINCE MAR 1    104                        64     40       48
  SINCE JAN 1    120                        65     55       54
..................................................................


WIND (MPH)
  HIGHEST WIND SPEED    32   HIGHEST WIND DIRECTION     S (190)
  HIGHEST GUST SPEED    42   HIGHEST GUST DIRECTION     S (200)
  AVERAGE WIND SPEED    14.7


SKY COVER
  POSSIBLE SUNSHINE  MM
  AVERAGE SKY COVER 0.9


WEATHER CONDITIONS
 THE FOLLOWING WEATHER WAS RECORDED TODAY.
  LIGHT RAIN
  FOG


RELATIVE HUMIDITY (PERCENT)
 HIGHEST   100          1200 AM
 LOWEST     59          1100 AM
 AVERAGE    80

..........................................................


THE TULSA OKLAHOMA CLIMATE NORMALS FOR TOMORROW
                         NORMAL    RECORD    YEAR
 MAXIMUM TEMPERATURE (F)   76        91      2002
 MINIMUM TEMPERATURE (F)   55        32      1909


SUNRISE AND SUNSET
APRIL 30 2017.........SUNRISE   631 AM CDT   SUNSET   811 PM CDT
MAY  1 2017...........SUNRISE   630 AM CDT   SUNSET   811 PM CDT


-  INDICATES NEGATIVE NUMBERS.
R  INDICATES RECORD WAS SET OR TIED.
MM INDICATES DATA IS MISSING.
T  INDICATES TRACE AMOUNT.




$$

&&
...........................................................

TULSA RECORD LOW MAX AND HIGH MIN TEMPERATURES FOR TOMORROW
                      RECORD        YEAR
  LOW MAXIMUM           53          1966
  HIGH MINIMUM          71          1936
...........................................................
ALL DATA MEASURED AT THE TULSA INTERNATIONAL AIRPORT...
EXCEPT SNOWFALL...WHICH IS MEASURED AT THE NWS OFFICE.
