902
CDUS44 KMEG 162147
CLITUP


CLIMATE REPORT
NATIONAL WEATHER SERVICE MEMPHIS TN
447 PM CDT WED AUG 16 2017


...................................

...THE TUPELO CLIMATE SUMMARY FOR AUGUST 16 2017...
VALID TODAY AS OF 0400 PM LOCAL TIME.

CLIMATE NORMAL PERIOD 1981 TO 2010
CLIMATE RECORD PERIOD 1930 TO 2017


WEATHER ITEM   OBSERVED TIME   RECORD YEAR NORMAL DEPARTURE LAST
                VALUE   (LST)  VALUE       VALUE  FROM      YEAR
                                                  NORMAL
..................................................................
TEMPERATURE (F)
 TODAY
  MAXIMUM         90    233 PM 105    1943  92     -2       92
  MINIMUM         74    500 AM  55    2004  70      4       73
  AVERAGE         82                        81      1       83

PRECIPITATION (IN)
  TODAY            T             2.79 1985   0.11  -0.11     1.11
  MONTH TO DATE    1.72                      1.94  -0.22     3.05
  SINCE JUN 1     11.71                     10.36   1.35    11.45
  SINCE JAN 1     33.47                     34.96  -1.49    33.55

SNOWFALL (IN)
  TODAY            0.0

DEGREE DAYS
 HEATING
  TODAY            0                         0      0        0
  MONTH TO DATE    0                         0      0        0
  SINCE JUN 1      0                         0      0        0
  SINCE JUL 1      0                         0      0        0

 COOLING
  TODAY           17                        16      1       18
  MONTH TO DATE  246                       260    -14      311
  SINCE JUN 1   1146                      1165    -19     1371
  SINCE JAN 1   1482                      1442     40     1657
..................................................................


WIND (MPH)
  HIGHEST WIND SPEED    10   HIGHEST WIND DIRECTION     S (170)
  HIGHEST GUST SPEED    14   HIGHEST GUST DIRECTION    SE (150)
  AVERAGE WIND SPEED     6.0


SKY COVER
  POSSIBLE SUNSHINE  MM
  AVERAGE SKY COVER 0.7


WEATHER CONDITIONS
 THE FOLLOWING WEATHER WAS RECORDED TODAY.
  LIGHT RAIN


RELATIVE HUMIDITY (PERCENT)
 HIGHEST    93           300 AM
 LOWEST     59           300 PM
 AVERAGE    76

..........................................................


THE TUPELO CLIMATE NORMALS FOR TOMORROW
                         NORMAL    RECORD    YEAR
 MAXIMUM TEMPERATURE (F)   92       104      1936
 MINIMUM TEMPERATURE (F)   70        56      2004


SUNRISE AND SUNSET
AUGUST 16 2017........SUNRISE   617 AM CDT   SUNSET   741 PM CDT
AUGUST 17 2017........SUNRISE   618 AM CDT   SUNSET   740 PM CDT


-  INDICATES NEGATIVE NUMBERS.
R  INDICATES RECORD WAS SET OR TIED.
MM INDICATES DATA IS MISSING.
T  INDICATES TRACE AMOUNT.




$$
