000
CDUS44 KMEG 290646
CLITUP


CLIMATE REPORT
NATIONAL WEATHER SERVICE MEMPHIS TN
146 AM CDT THU JUN 29 2017


...................................

...THE TUPELO CLIMATE SUMMARY FOR JUNE 28 2017...

CLIMATE NORMAL PERIOD 1981 TO 2010
CLIMATE RECORD PERIOD 1930 TO 2017


WEATHER ITEM   OBSERVED TIME   RECORD YEAR NORMAL DEPARTURE LAST
                VALUE   (LST)  VALUE       VALUE  FROM      YEAR
                                                  NORMAL
..................................................................
TEMPERATURE (F)
 YESTERDAY
  MAXIMUM         89    230 PM 104    2012  91     -2       91
                                      1954
                                      1952
  MINIMUM         65    512 AM  53    1974  70     -5       72
  AVERAGE         77                        80     -3       82

PRECIPITATION (IN)
  YESTERDAY        0.00          2.21 1939   0.15  -0.15      T
  MONTH TO DATE    8.56                      4.22   4.34     6.06
  SINCE JUN 1      8.56                      4.22   4.34     6.06
  SINCE JAN 1     30.32                     28.82   1.50    28.16

SNOWFALL (IN)
  YESTERDAY        0.0          MM      MM   0.0    0.0      0.0
  MONTH TO DATE    0.0                       0.0    0.0      0.0
  SINCE JUN 1      0.0                       0.0    0.0      0.0
  SINCE JUL 1      T                         2.1   -2.1       T
  SNOW DEPTH       0

DEGREE DAYS
 HEATING
  YESTERDAY        0                         0      0        0
  MONTH TO DATE    0                         0      0        0
  SINCE JUN 1      0                         0      0        0
  SINCE JUL 1   1986                      2956   -970     2282

 COOLING
  YESTERDAY       12                        15     -3       17
  MONTH TO DATE  324                       362    -38      456
  SINCE JUN 1    324                       362    -38      456
  SINCE JAN 1    660                       639     21      742
..................................................................


WIND (MPH)
  HIGHEST WIND SPEED    16   HIGHEST WIND DIRECTION    SE (150)
  HIGHEST GUST SPEED    24   HIGHEST GUST DIRECTION    SE (120)
  AVERAGE WIND SPEED     6.1


SKY COVER
  POSSIBLE SUNSHINE  MM
  AVERAGE SKY COVER 0.1


WEATHER CONDITIONS
 THE FOLLOWING WEATHER WAS RECORDED YESTERDAY.
  NO SIGNIFICANT WEATHER WAS OBSERVED.


RELATIVE HUMIDITY (PERCENT)
 HIGHEST    87           100 AM
 LOWEST     40           200 PM
 AVERAGE    64

..........................................................


THE TUPELO CLIMATE NORMALS FOR TODAY
                         NORMAL    RECORD    YEAR
 MAXIMUM TEMPERATURE (F)   91       106      2012
 MINIMUM TEMPERATURE (F)   70        52      1974


SUNRISE AND SUNSET
JUNE 29 2017..........SUNRISE   546 AM CDT   SUNSET   811 PM CDT
JUNE 30 2017..........SUNRISE   546 AM CDT   SUNSET   811 PM CDT


-  INDICATES NEGATIVE NUMBERS.
R  INDICATES RECORD WAS SET OR TIED.
MM INDICATES DATA IS MISSING.
T  INDICATES TRACE AMOUNT.




$$
