000
CDUS44 KMEG 030639
CLITUP


CLIMATE REPORT
NATIONAL WEATHER SERVICE MEMPHIS TN
139 AM CDT TUE MAY 3 2016


...................................

...THE TUPELO CLIMATE SUMMARY FOR MAY 2 2016...

CLIMATE NORMAL PERIOD 1981 TO 2010
CLIMATE RECORD PERIOD 1930 TO 2016


WEATHER ITEM   OBSERVED TIME   RECORD YEAR NORMAL DEPARTURE LAST
                VALUE   (LST)  VALUE       VALUE  FROM      YEAR
                                                  NORMAL
..................................................................
TEMPERATURE (F)
 YESTERDAY
  MAXIMUM         70    925 AM  91    1959  78     -8       77
  MINIMUM         61   1159 PM  38    1981  55      6       45
                                      1976
  AVERAGE         66                        67     -1       61

PRECIPITATION (IN)
  YESTERDAY        0.43          3.15 2010   0.20   0.23     0.00
  MONTH TO DATE    0.43                      0.39   0.04     0.00
  SINCE MAR 1     14.17                      9.99   4.18    14.16
  SINCE JAN 1     21.34                     19.43   1.91    23.32

SNOWFALL (IN)
  YESTERDAY        0.0          MM      MM   0.0    0.0      0.0
  MONTH TO DATE    0.0                       0.0    0.0      0.0
  SINCE MAR 1      0.0                       0.3   -0.3      0.1
  SINCE JUL 1      T                         2.1   -2.1      7.4
  SNOW DEPTH       0

DEGREE DAYS
 HEATING
  YESTERDAY        0                         2     -2        4
  MONTH TO DATE    0                         4     -4       10
  SINCE MAR 1    324                       505   -181      424
  SINCE JUL 1   2261                      2936   -675     3142

 COOLING
  YESTERDAY        1                         4     -3        0
  MONTH TO DATE    7                         7      0        0
  SINCE MAR 1     97                        81     16       76
  SINCE JAN 1     97                        83     14       76
..................................................................


WIND (MPH)
  HIGHEST WIND SPEED    14   HIGHEST WIND DIRECTION     N (10)
  HIGHEST GUST SPEED    18   HIGHEST GUST DIRECTION     W (290)
  AVERAGE WIND SPEED     6.4


SKY COVER
  POSSIBLE SUNSHINE  MM
  AVERAGE SKY COVER 0.9


WEATHER CONDITIONS
 THE FOLLOWING WEATHER WAS RECORDED YESTERDAY.
  THUNDERSTORM
  HEAVY RAIN
  RAIN
  LIGHT RAIN
  FOG
  HAZE


RELATIVE HUMIDITY (PERCENT)
 HIGHEST    93          1200 AM
 LOWEST     81           100 PM
 AVERAGE    87

..........................................................


THE TUPELO CLIMATE NORMALS FOR TODAY
                         NORMAL    RECORD    YEAR
 MAXIMUM TEMPERATURE (F)   79        90      1952
 MINIMUM TEMPERATURE (F)   56        36      1971


SUNRISE AND SUNSET
MAY  3 2016...........SUNRISE   603 AM CDT   SUNSET   741 PM CDT
MAY  4 2016...........SUNRISE   602 AM CDT   SUNSET   742 PM CDT


-  INDICATES NEGATIVE NUMBERS.
R  INDICATES RECORD WAS SET OR TIED.
MM INDICATES DATA IS MISSING.
T  INDICATES TRACE AMOUNT.




$$
