000
CDUS44 KMEG 210636
CLITUP


CLIMATE REPORT
NATIONAL WEATHER SERVICE MEMPHIS TN
136 AM CDT SAT OCT 21 2017


...................................

...THE TUPELO CLIMATE SUMMARY FOR OCTOBER 20 2017...

CLIMATE NORMAL PERIOD 1981 TO 2010
CLIMATE RECORD PERIOD 1930 TO 2017


WEATHER ITEM   OBSERVED TIME   RECORD YEAR NORMAL DEPARTURE LAST
                VALUE   (LST)  VALUE       VALUE  FROM      YEAR
                                                  NORMAL
..................................................................
TEMPERATURE (F)
 YESTERDAY
  MAXIMUM         79    141 PM  88    1941  74      5       85
  MINIMUM         43    547 AM  30    1981  49     -6       59
  AVERAGE         61                        62     -1       72

PRECIPITATION (IN)
  YESTERDAY        0.00          1.25 1938   0.13  -0.13     0.03
  MONTH TO DATE    0.65                      2.68  -2.03     0.44
  SINCE SEP 1      2.93                      6.12  -3.19     0.87
  SINCE JAN 1     38.98                     42.59  -3.61    36.72

SNOWFALL (IN)
  YESTERDAY        0.0           0.0  2002   0.0    0.0      0.0
                                      2001
  MONTH TO DATE    0.0                       0.0    0.0      0.0
  SINCE SEP 1      0.0                       0.0    0.0      0.0
  SINCE JUL 1      0.0                       0.0    0.0      0.0
  SNOW DEPTH       0

DEGREE DAYS
 HEATING
  YESTERDAY        4                         5     -1        0
  MONTH TO DATE   37                        64    -27        0
  SINCE SEP 1     42                        76    -34        0
  SINCE JUL 1     42                        76    -34        0

 COOLING
  YESTERDAY        0                         2     -2        7
  MONTH TO DATE  122                        61     61      128
  SINCE SEP 1    400                       347     53      552
  SINCE JAN 1   2098                      2019     79     2475
..................................................................


WIND (MPH)
  HIGHEST WIND SPEED     9   HIGHEST WIND DIRECTION     E (100)
  HIGHEST GUST SPEED    12   HIGHEST GUST DIRECTION    SE (130)
  AVERAGE WIND SPEED     3.0


SKY COVER
  POSSIBLE SUNSHINE  MM
  AVERAGE SKY COVER 0.0


WEATHER CONDITIONS
 THE FOLLOWING WEATHER WAS RECORDED YESTERDAY.
  FOG


RELATIVE HUMIDITY (PERCENT)
 HIGHEST    93          1200 AM
 LOWEST     39           200 PM
 AVERAGE    66

..........................................................


THE TUPELO CLIMATE NORMALS FOR TODAY
                         NORMAL    RECORD    YEAR
 MAXIMUM TEMPERATURE (F)   74        90      1941
 MINIMUM TEMPERATURE (F)   49        27      1976


SUNRISE AND SUNSET
OCTOBER 21 2017.......SUNRISE   706 AM CDT   SUNSET   613 PM CDT
OCTOBER 22 2017.......SUNRISE   706 AM CDT   SUNSET   612 PM CDT


-  INDICATES NEGATIVE NUMBERS.
R  INDICATES RECORD WAS SET OR TIED.
MM INDICATES DATA IS MISSING.
T  INDICATES TRACE AMOUNT.




$$
