000
CDUS44 KMEG 230733
CLITUP


CLIMATE REPORT
NATIONAL WEATHER SERVICE MEMPHIS TN
133 AM CST FRI FEB 23 2018


...................................

...THE TUPELO CLIMATE SUMMARY FOR FEBRUARY 22 2018...

CLIMATE NORMAL PERIOD 1981 TO 2010
CLIMATE RECORD PERIOD 1930 TO 2018


WEATHER ITEM   OBSERVED TIME   RECORD YEAR NORMAL DEPARTURE LAST
                VALUE   (LST)  VALUE       VALUE  FROM      YEAR
                                                  NORMAL
..................................................................
TEMPERATURE (F)
 YESTERDAY
  MAXIMUM         73    459 PM  78    1980  59     14       72
  MINIMUM         55   1237 AM   8    1963  37     18       54
  AVERAGE         64                        48     16       63

PRECIPITATION (IN)
  YESTERDAY        2.90R         1.42 1991   0.20   2.70     0.00
  MONTH TO DATE   10.30                      3.81   6.49     1.67
  SINCE DEC 1     20.13                     14.57   5.56    12.34
  SINCE JAN 1     13.67                      8.29   5.38     7.44

SNOWFALL (IN)
  YESTERDAY        0.0           T    1989   0.0    0.0      0.0
                                      1984
  MONTH TO DATE    0.0                       0.5   -0.5      0.0
  SINCE DEC 1      0.8                       1.7   -0.9       T
  SINCE JUL 1      0.8                       1.7   -0.9       T
  SNOW DEPTH       0

DEGREE DAYS
 HEATING
  YESTERDAY        1                        17    -16        2
  MONTH TO DATE  318                       437   -119      251
  SINCE DEC 1   1804                      1811     -7     1270
  SINCE JUL 1   2294                      2333    -39     1564

 COOLING
  YESTERDAY        0                         0      0        0
  MONTH TO DATE   14                         0     14        0
  SINCE DEC 1     14                         3     11       15
  SINCE JAN 1     14                         1     13        8
..................................................................


WIND (MPH)
  HIGHEST WIND SPEED    21   HIGHEST WIND DIRECTION     W (270)
  HIGHEST GUST SPEED    30   HIGHEST GUST DIRECTION     W (270)
  AVERAGE WIND SPEED     4.9


SKY COVER
  POSSIBLE SUNSHINE  MM
  AVERAGE SKY COVER 0.6


WEATHER CONDITIONS
 THE FOLLOWING WEATHER WAS RECORDED YESTERDAY.
  THUNDERSTORM
  HEAVY RAIN
  RAIN
  LIGHT RAIN
  FOG


RELATIVE HUMIDITY (PERCENT)
 HIGHEST    97          1000 PM
 LOWEST     68           500 PM
 AVERAGE    83

..........................................................


THE TUPELO CLIMATE NORMALS FOR TODAY
                         NORMAL    RECORD    YEAR
 MAXIMUM TEMPERATURE (F)   59        84      1996
 MINIMUM TEMPERATURE (F)   37        18      1963


SUNRISE AND SUNSET
FEBRUARY 23 2018......SUNRISE   631 AM CST   SUNSET   546 PM CST
FEBRUARY 24 2018......SUNRISE   630 AM CST   SUNSET   547 PM CST


-  INDICATES NEGATIVE NUMBERS.
R  INDICATES RECORD WAS SET OR TIED.
MM INDICATES DATA IS MISSING.
T  INDICATES TRACE AMOUNT.




$$
