000
CDUS44 KMEG 120626
CLITUP


CLIMATE REPORT
NATIONAL WEATHER SERVICE MEMPHIS TN
126 AM CDT SAT JUL 12 2014


...................................

...THE TUPELO CLIMATE SUMMARY FOR JULY 11 2014...

CLIMATE NORMAL PERIOD 1981 TO 2010
CLIMATE RECORD PERIOD 1930 TO 2014


WEATHER ITEM   OBSERVED TIME   RECORD YEAR NORMAL DEPARTURE LAST
                VALUE   (LST)  VALUE       VALUE  FROM      YEAR
                                                  NORMAL
..................................................................
TEMPERATURE (F)
 YESTERDAY
  MAXIMUM         91    218 PM 103    1936  92     -1       89
  MINIMUM         71    502 AM  58    1976  71      0       75
                                      1963
  AVERAGE         81                        82     -1       82

PRECIPITATION (IN)
  YESTERDAY        0.00          2.97 1964   0.13  -0.13     0.00
  MONTH TO DATE    0.82                      1.49  -0.67     0.29
  SINCE JUN 1      9.16                      6.01   3.15     2.33
  SINCE JAN 1     29.33                     30.61  -1.28    30.76

SNOWFALL (IN)
  YESTERDAY        0.0          MM      MM   0.0    0.0      0.0
  MONTH TO DATE    0.0                       0.0    0.0      0.0
  SINCE JUN 1      0.0                       0.0    0.0      0.0
  SINCE JUL 1      0.0                       0.0    0.0      0.0
  SNOW DEPTH       0

DEGREE DAYS
 HEATING
  YESTERDAY        0                         0      0        0
  MONTH TO DATE    0                         0      0        0
  SINCE JUN 1      0                         0      0        0
  SINCE JUL 1      0                         0      0        0

 COOLING
  YESTERDAY       16                        16      0       17
  MONTH TO DATE  146                       176    -30      161
  SINCE JUN 1    566                       571     -5      577
  SINCE JAN 1    840                       848     -8      823
..................................................................


WIND (MPH)
  HIGHEST WIND SPEED    10   HIGHEST WIND DIRECTION    NE (60)
  HIGHEST GUST SPEED    13   HIGHEST GUST DIRECTION    NE (50)
  AVERAGE WIND SPEED     3.1


SKY COVER
  POSSIBLE SUNSHINE  MM
  AVERAGE SKY COVER 0.1


WEATHER CONDITIONS
 THE FOLLOWING WEATHER WAS RECORDED YESTERDAY.
  NO SIGNIFICANT WEATHER WAS OBSERVED.


RELATIVE HUMIDITY (PERCENT)
 HIGHEST    93          1200 AM
 LOWEST     44           200 PM
 AVERAGE    69

..........................................................


THE TUPELO CLIMATE NORMALS FOR TODAY
                         NORMAL    RECORD    YEAR
 MAXIMUM TEMPERATURE (F)   92       107      1930
 MINIMUM TEMPERATURE (F)   71        58      1976
                                             1973


SUNRISE AND SUNSET
JULY 12 2014..........SUNRISE   552 AM CDT   SUNSET   809 PM CDT
JULY 13 2014..........SUNRISE   553 AM CDT   SUNSET   808 PM CDT


-  INDICATES NEGATIVE NUMBERS.
R  INDICATES RECORD WAS SET OR TIED.
MM INDICATES DATA IS MISSING.
T  INDICATES TRACE AMOUNT.




$$
