000
CDUS44 KMEG 282247
CLITUP


CLIMATE REPORT
NATIONAL WEATHER SERVICE MEMPHIS TN
447 PM CST WED JAN 28 2015


...................................

...THE TUPELO CLIMATE SUMMARY FOR JANUARY 28 2015...
VALID TODAY AS OF 0400 PM LOCAL TIME.

CLIMATE NORMAL PERIOD 1981 TO 2010
CLIMATE RECORD PERIOD 1930 TO 2015


WEATHER ITEM   OBSERVED TIME   RECORD YEAR NORMAL DEPARTURE LAST
                VALUE   (LST)  VALUE       VALUE  FROM      YEAR
                                                  NORMAL
..................................................................
TEMPERATURE (F)
 TODAY
  MAXIMUM         57    248 PM  76    1975  53      4       23
  MINIMUM         28    707 AM -10    1940  32     -4       11
  AVERAGE         43                        42      1       17

PRECIPITATION (IN)
  TODAY            0.00          1.84 1974   0.14  -0.14     0.00
  MONTH TO DATE    4.24                      4.03   0.21     1.77
  SINCE DEC 1      9.32                     10.31  -0.99     7.95
  SINCE JAN 1      4.24                      4.03   0.21     1.77

SNOWFALL (IN)
  TODAY            0.0

DEGREE DAYS
 HEATING
  TODAY           22                        23     -1       48
  MONTH TO DATE  683                       658     25      814
  SINCE DEC 1   1243                      1309    -66     1484
  SINCE JUL 1   1880                      1831     49     2107

 COOLING
  TODAY            0                         0      0        0
  MONTH TO DATE    0                         0      0        0
  SINCE DEC 1      0                         2     -2        9
  SINCE JAN 1      0                         0      0        0
..................................................................


WIND (MPH)
  HIGHEST WIND SPEED    13   HIGHEST WIND DIRECTION    SE (140)
  HIGHEST GUST SPEED    15   HIGHEST GUST DIRECTION    SE (140)
  AVERAGE WIND SPEED     4.3


SKY COVER
  POSSIBLE SUNSHINE  MM
  AVERAGE SKY COVER 0.0


WEATHER CONDITIONS
 THE FOLLOWING WEATHER WAS RECORDED TODAY.
  NO SIGNIFICANT WEATHER WAS OBSERVED.


RELATIVE HUMIDITY (PERCENT)
 HIGHEST    85           400 AM
 LOWEST     36           400 PM
 AVERAGE    61

..........................................................


THE TUPELO CLIMATE NORMALS FOR TOMORROW
                         NORMAL    RECORD    YEAR
 MAXIMUM TEMPERATURE (F)   53        77      1947
 MINIMUM TEMPERATURE (F)   32         0      1966


SUNRISE AND SUNSET
JANUARY 28 2015.......SUNRISE   655 AM CST   SUNSET   521 PM CST
JANUARY 29 2015.......SUNRISE   655 AM CST   SUNSET   522 PM CST


-  INDICATES NEGATIVE NUMBERS.
R  INDICATES RECORD WAS SET OR TIED.
MM INDICATES DATA IS MISSING.
T  INDICATES TRACE AMOUNT.




$$
