000
CDUS44 KMEG 290639
CLITUP


CLIMATE REPORT
NATIONAL WEATHER SERVICE MEMPHIS TN
137 AM CDT SAT APR 29 2017


...................................

...THE TUPELO CLIMATE SUMMARY FOR APRIL 28 2017...

CLIMATE NORMAL PERIOD 1981 TO 2010
CLIMATE RECORD PERIOD 1930 TO 2017


WEATHER ITEM   OBSERVED TIME   RECORD YEAR NORMAL DEPARTURE LAST
                VALUE   (LST)  VALUE       VALUE  FROM      YEAR
                                                  NORMAL
..................................................................
TEMPERATURE (F)
 YESTERDAY
  MAXIMUM         87    215 PM  91    1981  77     10       86
  MINIMUM         55    236 AM  35    1973  54      1       61
  AVERAGE         71                        66      5       74

PRECIPITATION (IN)
  YESTERDAY        0.00          2.41 1991   0.18  -0.18     0.00
  MONTH TO DATE    5.30                      4.43   0.87     4.74
  SINCE MAR 1      9.41                      9.25   0.16    12.63
  SINCE JAN 1     17.88                     18.69  -0.81    19.80

SNOWFALL (IN)
  YESTERDAY        0.0          MM      MM   0.0    0.0      0.0
  MONTH TO DATE    0.0                       0.0    0.0      0.0
  SINCE MAR 1      T                         0.3   -0.3      0.0
  SINCE JUL 1      T                         2.1   -2.1       T
  SNOW DEPTH       0

DEGREE DAYS
 HEATING
  YESTERDAY        0                         2     -2        0
  MONTH TO DATE   51                       142    -91       94
  SINCE MAR 1    341                       497   -156      324
  SINCE JUL 1   1959                      2928   -969     2261

 COOLING
  YESTERDAY        6                         3      3        9
  MONTH TO DATE   92                        53     39       52
  SINCE MAR 1    126                        67     59       81
  SINCE JAN 1    138                        69     69       81
..................................................................


WIND (MPH)
  HIGHEST WIND SPEED    25   HIGHEST WIND DIRECTION    SE (150)
  HIGHEST GUST SPEED    32   HIGHEST GUST DIRECTION    SE (150)
  AVERAGE WIND SPEED    10.6


SKY COVER
  POSSIBLE SUNSHINE  MM
  AVERAGE SKY COVER 0.4


WEATHER CONDITIONS
 THE FOLLOWING WEATHER WAS RECORDED YESTERDAY.
  FOG


RELATIVE HUMIDITY (PERCENT)
 HIGHEST    93          1200 AM
 LOWEST     51           500 PM
 AVERAGE    72

..........................................................


THE TUPELO CLIMATE NORMALS FOR TODAY
                         NORMAL    RECORD    YEAR
 MAXIMUM TEMPERATURE (F)   78        90      1957
 MINIMUM TEMPERATURE (F)   54        34      1973


SUNRISE AND SUNSET
APRIL 29 2017.........SUNRISE   607 AM CDT   SUNSET   738 PM CDT
APRIL 30 2017.........SUNRISE   606 AM CDT   SUNSET   739 PM CDT


-  INDICATES NEGATIVE NUMBERS.
R  INDICATES RECORD WAS SET OR TIED.
MM INDICATES DATA IS MISSING.
T  INDICATES TRACE AMOUNT.




$$
