000
CDUS45 KTWC 270754
CLITUS

CLIMATE REPORT
NATIONAL WEATHER SERVICE TUCSON AZ
1253 AM MST SAT MAY 27 2017


...................................

...THE TUCSON AZ CLIMATE SUMMARY FOR MAY 26 2017...

CLIMATE NORMAL PERIOD 1981 TO 2010
CLIMATE RECORD PERIOD 1895 TO 2017


WEATHER ITEM   OBSERVED TIME   RECORD YEAR NORMAL DEPARTURE LAST
                VALUE   (LST)  VALUE       VALUE  FROM      YEAR
                                                  NORMAL
..................................................................
TEMPERATURE (F)
 YESTERDAY
  MAXIMUM         96    230 PM 107    1951  95      1       82
  MINIMUM         70    605 AM  44    1916  63      7       56
  AVERAGE         83                        79      4       69

PRECIPITATION (IN)
  YESTERDAY        0.00          0.44 1926   0.01  -0.01     0.00
  MONTH TO DATE    0.02                      0.19  -0.17     0.00
  SINCE OCT 1      3.29                      5.42  -2.13     5.41
  SINCE JAN 1      1.61                      3.03  -1.42     2.53

DEGREE DAYS
 HEATING
  YESTERDAY        0                         0      0        0
  MONTH TO DATE    8                         3      5        0
  SINCE MAR 1     71                       242   -171       89
  SINCE JUL 1    952                      1509   -557     1217

 COOLING
  YESTERDAY       18                        14      4        4
  MONTH TO DATE  284                       273     11      257
  SINCE MAR 1    634                       423    211      472
  SINCE JAN 1    643                       427    216      506
..................................................................


WIND (MPH)
  HIGHEST WIND SPEED    25   HIGHEST WIND DIRECTION     W (260)
  HIGHEST GUST SPEED    35   HIGHEST GUST DIRECTION    SW (240)
  AVERAGE WIND SPEED    11.0


SKY COVER
  POSSIBLE SUNSHINE  MM
  AVERAGE SKY COVER 0.0


WEATHER CONDITIONS
 THE FOLLOWING WEATHER WAS RECORDED YESTERDAY.
  NO SIGNIFICANT WEATHER WAS OBSERVED.


RELATIVE HUMIDITY (PERCENT)
 HIGHEST    25
 LOWEST      6
 AVERAGE    16

..........................................................


THE TUCSON AZ CLIMATE NORMALS FOR TODAY
                         NORMAL    RECORD    YEAR
 MAXIMUM TEMPERATURE (F)   95       107      1951
 MINIMUM TEMPERATURE (F)   64        44      1917


SUNRISE AND SUNSET
MAY 27 2017...........SUNRISE   520 AM MST   SUNSET   723 PM MST
MAY 28 2017...........SUNRISE   519 AM MST   SUNSET   723 PM MST


-  INDICATES NEGATIVE NUMBERS.
R  INDICATES RECORD WAS SET OR TIED.
MM INDICATES DATA IS MISSING.
T  INDICATES TRACE AMOUNT.




$$
