000
CDUS45 KTWC 170034
CLITUS

CLIMATE REPORT
NATIONAL WEATHER SERVICE TUCSON AZ
533 PM MST MON JAN 16 2017


...................................

...THE TUCSON AZ CLIMATE SUMMARY FOR JANUARY 16 2017...
VALID TODAY AS OF 0500 PM LOCAL TIME.

CLIMATE NORMAL PERIOD 1981 TO 2010
CLIMATE RECORD PERIOD 1895 TO 2017


WEATHER ITEM   OBSERVED TIME   RECORD YEAR NORMAL DEPARTURE LAST
                VALUE   (LST)  VALUE       VALUE  FROM      YEAR
                                                  NORMAL
..................................................................
TEMPERATURE (F)
 TODAY
  MAXIMUM         60    147 PM  84    2000  66     -6       61
  MINIMUM         48    832 AM  22    1919  40      8       35
  AVERAGE         54                        53      1       48

PRECIPITATION (IN)
  TODAY            0.01          0.37 1987   0.03  -0.02     0.00
  MONTH TO DATE    0.79                      0.48   0.31     1.53
  SINCE OCT 1      2.47                      2.87  -0.40     4.41
  SINCE JAN 1      0.79                      0.48   0.31     1.53

DEGREE DAYS
 HEATING
  TODAY           11                        12     -1       17
  MONTH TO DATE  146                       206    -60      237
  SINCE DEC 1    410                       611   -201      647
  SINCE JUL 1    504                       817   -313      842

 COOLING
  TODAY            0                         0      0        0
  MONTH TO DATE    0                         0      0        0
  SINCE DEC 1      3                         0      3        0
  SINCE JAN 1      0                         0      0        0
..................................................................


WIND (MPH)
  HIGHEST WIND SPEED    12   HIGHEST WIND DIRECTION    NW (330)
  HIGHEST GUST SPEED    14   HIGHEST GUST DIRECTION    NW (330)
  AVERAGE WIND SPEED     3.5


SKY COVER
  POSSIBLE SUNSHINE  MM
  AVERAGE SKY COVER 0.7


WEATHER CONDITIONS
 THE FOLLOWING WEATHER WAS RECORDED TODAY.
  LIGHT RAIN


RELATIVE HUMIDITY (PERCENT)
 HIGHEST    93
 LOWEST     51
 AVERAGE    72

..........................................................


THE TUCSON AZ CLIMATE NORMALS FOR TOMORROW
                         NORMAL    RECORD    YEAR
 MAXIMUM TEMPERATURE (F)   66        82      1923
 MINIMUM TEMPERATURE (F)   40        19      1987


SUNRISE AND SUNSET
JANUARY 16 2017.......SUNRISE   724 AM MST   SUNSET   543 PM MST
JANUARY 17 2017.......SUNRISE   724 AM MST   SUNSET   544 PM MST


-  INDICATES NEGATIVE NUMBERS.
R  INDICATES RECORD WAS SET OR TIED.
MM INDICATES DATA IS MISSING.
T  INDICATES TRACE AMOUNT.




$$
