000
CDUS45 KTWC 300735
CLITUS

CLIMATE REPORT
NATIONAL WEATHER SERVICE TUCSON AZ
1234 AM MST FRI JAN 30 2015

...................................

...THE TUCSON AZ CLIMATE SUMMARY FOR JANUARY 29 2015...

CLIMATE NORMAL PERIOD 1981 TO 2010
CLIMATE RECORD PERIOD 1895 TO 2015


WEATHER ITEM   OBSERVED TIME   RECORD YEAR NORMAL DEPARTURE LAST
                VALUE   (LST)  VALUE       VALUE  FROM      YEAR
                                                  NORMAL
..................................................................
TEMPERATURE (F)
 YESTERDAY
  MAXIMUM         69    442 PM  82    1986  67      2       75
  MINIMUM         52    549 AM  19    1932  41     11       40
  AVERAGE         61                        54      7       58

PRECIPITATION (IN)
  YESTERDAY        0.01          0.93 1936   0.03  -0.02     0.00
  MONTH TO DATE    0.38                      0.87  -0.49      T
  SINCE OCT 1      3.88                      3.26   0.62     3.05
  SINCE JAN 1      0.38                      0.87  -0.49      T

DEGREE DAYS
 HEATING
  YESTERDAY        4                        11     -7        7
  MONTH TO DATE  272                       360    -88      229
  SINCE DEC 1    604                       765   -161      588
  SINCE JUL 1    740                       971   -231      694

 COOLING
  YESTERDAY        0                         0      0        0
  MONTH TO DATE    0                         0      0        0
  SINCE DEC 1      3                         0      3        0
  SINCE JAN 1      0                         0      0        0
..................................................................


WIND (MPH)
  HIGHEST WIND SPEED    21   HIGHEST WIND DIRECTION    SE (150)
  HIGHEST GUST SPEED    24   HIGHEST GUST DIRECTION    SE (150)
  AVERAGE WIND SPEED     7.2


SKY COVER
  POSSIBLE SUNSHINE  MM
  AVERAGE SKY COVER  MM


WEATHER CONDITIONS
THE FOLLOWING WEATHER WAS RECORDED YESTERDAY.
  LIGHT RAIN


RELATIVE HUMIDITY (PERCENT)
 HIGHEST    80
 LOWEST     43
 AVERAGE    62

..........................................................


THE TUCSON AZ CLIMATE NORMALS FOR TODAY
                         NORMAL    RECORD    YEAR
 MAXIMUM TEMPERATURE (F)   67        82      1987
                                             1940
 MINIMUM TEMPERATURE (F)   41        25      1979
                                             1932
                                             1904


SUNRISE AND SUNSET
JANUARY 30 2015.......SUNRISE   719 AM MST   SUNSET   556 PM MST
JANUARY 31 2015.......SUNRISE   718 AM MST   SUNSET   556 PM MST


-  INDICATES NEGATIVE NUMBERS.
R  INDICATES RECORD WAS SET OR TIED.
MM INDICATES DATA IS MISSING.
T  INDICATES TRACE AMOUNT.

$$
