000
CDUS45 KTWC 310735
CLITUS

CLIMATE REPORT
NATIONAL WEATHER SERVICE TUCSON AZ
1233 AM MST THU JUL 31 2014


...................................

...THE TUCSON AZ CLIMATE SUMMARY FOR JULY 30 2014...

CLIMATE NORMAL PERIOD 1981 TO 2010
CLIMATE RECORD PERIOD 1895 TO 2014


WEATHER ITEM   OBSERVED TIME   RECORD YEAR NORMAL DEPARTURE LAST
                VALUE   (LST)  VALUE       VALUE  FROM      YEAR
                                                  NORMAL
..................................................................
TEMPERATURE (F)
 YESTERDAY
  MAXIMUM        105    401 PM 109    1986  98      7      104
                                      1957
                                      1943
  MINIMUM         80    625 AM  64    1919  74      6       77
                                      1903
  AVERAGE         93                        86      7       91

PRECIPITATION (IN)
  YESTERDAY        0.00          1.08 1964   0.10  -0.10     0.00
  MONTH TO DATE    1.43                      2.15  -0.72     2.60
  SINCE OCT 1      5.09                      7.81  -2.72     5.58
  SINCE JAN 1      2.04                      5.42  -3.38     4.37

DEGREE DAYS
 HEATING
  YESTERDAY        0                         0      0        0
  MONTH TO DATE    0                         0      0        0
  SINCE JUN 1      0                         0      0        0
  SINCE JUL 1      0                         0      0        0

 COOLING
  YESTERDAY       28                        21      7       26
  MONTH TO DATE  705                       665     40      694
  SINCE JUN 1   1430                      1259    171     1435
  SINCE JAN 1   2033                      1761    272     2146
..................................................................


WIND (MPH)
  HIGHEST WIND SPEED    26   HIGHEST WIND DIRECTION    SW (220)
  HIGHEST GUST SPEED    38   HIGHEST GUST DIRECTION    SW (220)
  AVERAGE WIND SPEED     7.4


SKY COVER
  POSSIBLE SUNSHINE  MM
  AVERAGE SKY COVER 0.0


WEATHER CONDITIONS
 THE FOLLOWING WEATHER WAS RECORDED YESTERDAY.
  THUNDERSTORM
  HAZE


RELATIVE HUMIDITY (PERCENT)
 HIGHEST    49
 LOWEST     16
 AVERAGE    33

..........................................................


THE TUCSON AZ CLIMATE NORMALS FOR TODAY
                         NORMAL    RECORD    YEAR
 MAXIMUM TEMPERATURE (F)   98       111      1986
 MINIMUM TEMPERATURE (F)   74        66      2006
                                             1955
                                             1921


SUNRISE AND SUNSET
JULY 31 2014..........SUNRISE   538 AM MST   SUNSET   722 PM MST
AUGUST  1 2014........SUNRISE   539 AM MST   SUNSET   721 PM MST


-  INDICATES NEGATIVE NUMBERS.
R  INDICATES RECORD WAS SET OR TIED.
MM INDICATES DATA IS MISSING.
T  INDICATES TRACE AMOUNT.




$$
