000
CDUS45 KTWC 270028
CLITUS

CLIMATE REPORT
NATIONAL WEATHER SERVICE TUCSON AZ
528 PM MST WED JUL 26 2017


...................................

...THE TUCSON AZ CLIMATE SUMMARY FOR JULY 26 2017...
VALID TODAY AS OF 0500 PM LOCAL TIME.

CLIMATE NORMAL PERIOD 1981 TO 2010
CLIMATE RECORD PERIOD 1895 TO 2017


WEATHER ITEM   OBSERVED TIME   RECORD YEAR NORMAL DEPARTURE LAST
                VALUE   (LST)  VALUE       VALUE  FROM      YEAR
                                                  NORMAL
..................................................................
TEMPERATURE (F)
 TODAY
  MAXIMUM         97    305 PM 112    1995  98     -1      105
  MINIMUM         76    607 AM  59    1913  74      2       78
  AVERAGE         87                        86      1       92

PRECIPITATION (IN)
  TODAY            0.00          2.00 1936   0.09  -0.09     0.02
  MONTH TO DATE    4.54                      1.77   2.77     1.22
  SINCE OCT 1      7.83                      7.43   0.40     8.22
  SINCE JAN 1      6.15                      5.04   1.11     5.34

DEGREE DAYS
 HEATING
  TODAY            0                         0      0        0
  MONTH TO DATE    0                         0      0        0
  SINCE JUN 1      0                         0      0        0
  SINCE JUL 1      0                         0      0        0

 COOLING
  TODAY           22                        21      1       27
  MONTH TO DATE  607                       581     26      679
  SINCE JUN 1   1357                      1175    182     1389
  SINCE JAN 1   2090                      1677    413     1956
..................................................................


WIND (MPH)
  HIGHEST WIND SPEED    13   HIGHEST WIND DIRECTION     N (350)
  HIGHEST GUST SPEED    15   HIGHEST GUST DIRECTION     N (340)
  AVERAGE WIND SPEED     4.4


SKY COVER
  POSSIBLE SUNSHINE  MM
  AVERAGE SKY COVER 0.1


WEATHER CONDITIONS
 THE FOLLOWING WEATHER WAS RECORDED TODAY.
  NO SIGNIFICANT WEATHER WAS OBSERVED.


RELATIVE HUMIDITY (PERCENT)
 HIGHEST    74
 LOWEST     29
 AVERAGE    52

..........................................................


THE TUCSON AZ CLIMATE NORMALS FOR TOMORROW
                         NORMAL    RECORD    YEAR
 MAXIMUM TEMPERATURE (F)   98       113      1995
 MINIMUM TEMPERATURE (F)   74        59      1913


SUNRISE AND SUNSET
JULY 26 2017..........SUNRISE   535 AM MST   SUNSET   725 PM MST
JULY 27 2017..........SUNRISE   536 AM MST   SUNSET   724 PM MST


-  INDICATES NEGATIVE NUMBERS.
R  INDICATES RECORD WAS SET OR TIED.
MM INDICATES DATA IS MISSING.
T  INDICATES TRACE AMOUNT.




$$
