000
CDUS43 KAPX 220527
CLITVC


CLIMATE REPORT
NATIONAL WEATHER SERVICE GAYLORD MI
126 AM EDT TUE AUG 22 2017


...................................

...THE TRAVERSE CITY MI CLIMATE SUMMARY FOR AUGUST 21 2017...

CLIMATE NORMAL PERIOD 1981 TO 2010
CLIMATE RECORD PERIOD 1896 TO 2017


WEATHER ITEM   OBSERVED TIME   RECORD YEAR NORMAL DEPARTURE LAST
                VALUE   (LST)  VALUE       VALUE  FROM      YEAR
                                                  NORMAL
..................................................................
TEMPERATURE (F)
 YESTERDAY
  MAXIMUM         86    416 PM  99    1955  77      9       71
  MINIMUM         68    432 AM  41    2004  57     11       59
                                      1933
  AVERAGE         77                        67     10       65

PRECIPITATION (IN)
  YESTERDAY        0.00          1.27 2002   0.11  -0.11     0.05
  MONTH TO DATE    4.50                      2.29   2.21     3.24
  SINCE JUN 1     10.12                      8.47   1.65     7.45
  SINCE JAN 1     20.09                     20.02   0.07    17.31

DEGREE DAYS
 HEATING
  YESTERDAY        0                         1     -1        0
  MONTH TO DATE    2                        21    -19        0
  SINCE JUN 1     52                       161   -109       73
  SINCE JUL 1      5                        49    -44        9

 COOLING
  YESTERDAY       12                         3      9        0
  MONTH TO DATE   91                        87      4      206
  SINCE JUN 1    354                       320     34      548
  SINCE JAN 1    375                       340     35      598
..................................................................


WIND (MPH)
  HIGHEST WIND SPEED     9   HIGHEST WIND DIRECTION    SW (230)
  HIGHEST GUST SPEED    15   HIGHEST GUST DIRECTION    SW (210)
  AVERAGE WIND SPEED     3.9




RELATIVE HUMIDITY (PERCENT)
 HIGHEST    84
 LOWEST     48
 AVERAGE    66

..........................................................


THE TRAVERSE CITY MI CLIMATE NORMALS FOR TODAY
                         NORMAL    RECORD    YEAR
 MAXIMUM TEMPERATURE (F)   77        98      1916
 MINIMUM TEMPERATURE (F)   56        34      1950


SUNRISE AND SUNSET
AUGUST 22 2017........SUNRISE   653 AM EDT   SUNSET   836 PM EDT
AUGUST 23 2017........SUNRISE   654 AM EDT   SUNSET   834 PM EDT


-  INDICATES NEGATIVE NUMBERS.
R  INDICATES RECORD WAS SET OR TIED.
MM INDICATES DATA IS MISSING.
T  INDICATES TRACE AMOUNT.




$$
