000
CDUS43 KAPX 260527
CLITVC


CLIMATE REPORT
NATIONAL WEATHER SERVICE GAYLORD MI
127 AM EDT MON JUN 26 2017


...................................

...THE TRAVERSE CITY MI CLIMATE SUMMARY FOR JUNE 25 2017...

CLIMATE NORMAL PERIOD 1981 TO 2010
CLIMATE RECORD PERIOD 1896 TO 2017


WEATHER ITEM   OBSERVED TIME   RECORD YEAR NORMAL DEPARTURE LAST
                VALUE   (LST)  VALUE       VALUE  FROM      YEAR
                                                  NORMAL
..................................................................
TEMPERATURE (F)
 YESTERDAY
  MAXIMUM         67    539 PM  97    1966  78    -11       90
  MINIMUM         53    551 AM  33    1979  55     -2       57
  AVERAGE         60                        67     -7       74

PRECIPITATION (IN)
  YESTERDAY        0.16          3.50 1954   0.12   0.04     0.00
  MONTH TO DATE    3.46                      2.59   0.87     1.68
  SINCE JUN 1      3.46                      2.59   0.87     1.68
  SINCE JAN 1     13.43                     14.14  -0.71    11.54

DEGREE DAYS
 HEATING
  YESTERDAY        5                         2      3        0
  MONTH TO DATE   32                       104    -72       56
  SINCE JUN 1     32                       104    -72       56
  SINCE JUL 1   6107                      7540  -1433     6224

 COOLING
  YESTERDAY        0                         4     -4        9
  MONTH TO DATE   93                        59     34       70
  SINCE JUN 1     93                        59     34       70
  SINCE JAN 1    114                        79     35      120
..................................................................


WIND (MPH)
  HIGHEST WIND SPEED    16   HIGHEST WIND DIRECTION     W (290)
  HIGHEST GUST SPEED    20   HIGHEST GUST DIRECTION     W (280)
  AVERAGE WIND SPEED     6.0




RELATIVE HUMIDITY (PERCENT)
 HIGHEST    93
 LOWEST     56
 AVERAGE    75

..........................................................


THE TRAVERSE CITY MI CLIMATE NORMALS FOR TODAY
                         NORMAL    RECORD    YEAR
 MAXIMUM TEMPERATURE (F)   79       102      1901
 MINIMUM TEMPERATURE (F)   56        36      1982


SUNRISE AND SUNSET
JUNE 26 2017..........SUNRISE   558 AM EDT   SUNSET   932 PM EDT
JUNE 27 2017..........SUNRISE   559 AM EDT   SUNSET   932 PM EDT


-  INDICATES NEGATIVE NUMBERS.
R  INDICATES RECORD WAS SET OR TIED.
MM INDICATES DATA IS MISSING.
T  INDICATES TRACE AMOUNT.




$$
