000
CDUS43 KAPX 010527
CLITVC


CLIMATE REPORT
NATIONAL WEATHER SERVICE GAYLORD MI
127 AM EDT WED OCT 1 2014


...................................

...THE TRAVERSE CITY MI CLIMATE SUMMARY FOR SEPTEMBER 30 2014...

CLIMATE NORMAL PERIOD 1981 TO 2010
CLIMATE RECORD PERIOD 1896 TO 2014


WEATHER ITEM   OBSERVED TIME   RECORD YEAR NORMAL DEPARTURE LAST
                VALUE   (LST)  VALUE       VALUE  FROM      YEAR
                                                  NORMAL
..................................................................
TEMPERATURE (F)
 YESTERDAY
  MAXIMUM         54    456 PM  89    1922  64    -10       71
  MINIMUM         47    755 AM  26    1945  44      3       42
  AVERAGE         51                        54     -3       57

PRECIPITATION (IN)
  YESTERDAY        0.10          3.75 1994   0.11  -0.01     0.00
  MONTH TO DATE    6.26                      3.53   2.73     2.92
  SINCE SEP 1      6.26                      3.53   2.73     2.92
  SINCE JAN 1     23.06                     24.64  -1.58    23.49

DEGREE DAYS
 HEATING
  YESTERDAY       14                        11      3        8
  MONTH TO DATE  153                       194    -41      165
  SINCE SEP 1    153                       193    -40      165
  SINCE JUL 1    232                       262    -30      215

 COOLING
  YESTERDAY        0                         0      0        0
  MONTH TO DATE   42                        38      4       53
  SINCE SEP 1     42                        38      4       53
  SINCE JAN 1    374                       407    -33      530
..................................................................


WIND (MPH)
  HIGHEST WIND SPEED    13   HIGHEST WIND DIRECTION    NE (30)
  HIGHEST GUST SPEED    19   HIGHEST GUST DIRECTION     N (360)
  AVERAGE WIND SPEED     7.2




RELATIVE HUMIDITY (PERCENT)
 HIGHEST    93
 LOWEST     71
 AVERAGE    82

..........................................................


THE TRAVERSE CITY MI CLIMATE NORMALS FOR TODAY
                         NORMAL    RECORD    YEAR
 MAXIMUM TEMPERATURE (F)   64        88      1971
 MINIMUM TEMPERATURE (F)   44        30      2009
                                             1960


SUNRISE AND SUNSET
OCTOBER  1 2014.......SUNRISE   740 AM EDT   SUNSET   723 PM EDT
OCTOBER  2 2014.......SUNRISE   741 AM EDT   SUNSET   721 PM EDT


-  INDICATES NEGATIVE NUMBERS.
R  INDICATES RECORD WAS SET OR TIED.
MM INDICATES DATA IS MISSING.
T  INDICATES TRACE AMOUNT.




$$
