000
CDUS43 KAPX 270535
CLITVC


CLIMATE REPORT
NATIONAL WEATHER SERVICE GAYLORD MI
134 AM EDT FRI MAY 27 2016


...................................

...THE TRAVERSE CITY MI CLIMATE SUMMARY FOR MAY 26 2016...

CLIMATE NORMAL PERIOD 1981 TO 2010
CLIMATE RECORD PERIOD 1896 TO 2016


WEATHER ITEM   OBSERVED TIME   RECORD YEAR NORMAL DEPARTURE LAST
                VALUE   (LST)  VALUE       VALUE  FROM      YEAR
                                                  NORMAL
..................................................................
TEMPERATURE (F)
 YESTERDAY
  MAXIMUM         86    420 PM  89    1978  69     17       81
  MINIMUM         65    619 AM  27    1969  45     20       66
  AVERAGE         76                        57     19       74

PRECIPITATION (IN)
  YESTERDAY        0.29          0.96 1985   0.08   0.21     0.38
  MONTH TO DATE    0.82                      2.16  -1.34     2.75
  SINCE MAR 1      6.38                      6.80  -0.42     4.68
  SINCE JAN 1      9.17                     11.12  -1.95     5.46

DEGREE DAYS
 HEATING
  YESTERDAY        0                         9     -9        0
  MONTH TO DATE  298                       330    -32      249
  SINCE MAR 1   1857                      2057   -200     1982
  SINCE JUL 1   6167                      7397  -1230     7714

 COOLING
  YESTERDAY       11                         1     10        9
  MONTH TO DATE   19                         9     10       31
  SINCE MAR 1     19                        12      7       31
  SINCE JAN 1     19                        12      7       31
..................................................................


WIND (MPH)
  HIGHEST WIND SPEED    24   HIGHEST WIND DIRECTION     W (260)
  HIGHEST GUST SPEED    35   HIGHEST GUST DIRECTION     W (260)
  AVERAGE WIND SPEED     6.4




RELATIVE HUMIDITY (PERCENT)
 HIGHEST    93
 LOWEST     40
 AVERAGE    67

..........................................................


THE TRAVERSE CITY MI CLIMATE NORMALS FOR TODAY
                         NORMAL    RECORD    YEAR
 MAXIMUM TEMPERATURE (F)   69        93      1978
 MINIMUM TEMPERATURE (F)   45        28      1961


SUNRISE AND SUNSET
MAY 27 2016...........SUNRISE   603 AM EDT   SUNSET   917 PM EDT
MAY 28 2016...........SUNRISE   602 AM EDT   SUNSET   918 PM EDT


-  INDICATES NEGATIVE NUMBERS.
R  INDICATES RECORD WAS SET OR TIED.
MM INDICATES DATA IS MISSING.
T  INDICATES TRACE AMOUNT.




$$
