000
CDUS43 KAPX 020537
CLITVC


CLIMATE REPORT
NATIONAL WEATHER SERVICE GAYLORD MI
136 AM EDT SAT AUG 2 2014


...................................

...THE TRAVERSE CITY MI CLIMATE SUMMARY FOR AUGUST 1 2014...

CLIMATE NORMAL PERIOD 1981 TO 2010
CLIMATE RECORD PERIOD 1896 TO 2014


WEATHER ITEM   OBSERVED TIME   RECORD YEAR NORMAL DEPARTURE LAST
                VALUE   (LST)  VALUE       VALUE  FROM      YEAR
                                                  NORMAL
..................................................................
TEMPERATURE (F)
 YESTERDAY
  MAXIMUM         81    303 PM 100    1917  80      1       78
  MINIMUM         58    618 AM  40    1947  58      0       60
  AVERAGE         70                        69      1       69

PRECIPITATION (IN)
  YESTERDAY        0.00          1.48 2002   0.11  -0.11     0.00
  MONTH TO DATE    0.00                      0.11  -0.11     0.00
  SINCE JUN 1      4.77                      6.29  -1.52     4.21
  SINCE JAN 1     14.45                     17.84  -3.39    16.59

DEGREE DAYS
 HEATING
  YESTERDAY        0                         1     -1        0
  MONTH TO DATE    0                         1     -1        0
  SINCE JUN 1    127                       141    -14      130
  SINCE JUL 1     55                        29     26       28

 COOLING
  YESTERDAY        5                         5      0        4
  MONTH TO DATE    5                         5      0        4
  SINCE JUN 1    203                       238    -35      297
  SINCE JAN 1    212                       258    -46      339
..................................................................


WIND (MPH)
  HIGHEST WIND SPEED    13   HIGHEST WIND DIRECTION    NE (30)
  HIGHEST GUST SPEED    16   HIGHEST GUST DIRECTION    NE (40)
  AVERAGE WIND SPEED     3.3




RELATIVE HUMIDITY (PERCENT)
 HIGHEST    93
 LOWEST     32
 AVERAGE    63

..........................................................


THE TRAVERSE CITY MI CLIMATE NORMALS FOR TODAY
                         NORMAL    RECORD    YEAR
 MAXIMUM TEMPERATURE (F)   80        98      1988
 MINIMUM TEMPERATURE (F)   58        41      1965


SUNRISE AND SUNSET
AUGUST  2 2014........SUNRISE   629 AM EDT   SUNSET   907 PM EDT
AUGUST  3 2014........SUNRISE   631 AM EDT   SUNSET   906 PM EDT


-  INDICATES NEGATIVE NUMBERS.
R  INDICATES RECORD WAS SET OR TIED.
MM INDICATES DATA IS MISSING.
T  INDICATES TRACE AMOUNT.




$$
