000
CDUS43 KAPX 230529
CLITVC


CLIMATE REPORT
NATIONAL WEATHER SERVICE GAYLORD MI
128 AM EDT THU OCT 23 2014


...................................

...THE TRAVERSE CITY MI CLIMATE SUMMARY FOR OCTOBER 22 2014...

CLIMATE NORMAL PERIOD 1981 TO 2010
CLIMATE RECORD PERIOD 1896 TO 2014


WEATHER ITEM   OBSERVED TIME   RECORD YEAR NORMAL DEPARTURE LAST
                VALUE   (LST)  VALUE       VALUE  FROM      YEAR
                                                  NORMAL
..................................................................
TEMPERATURE (F)
 YESTERDAY
  MAXIMUM         49    332 PM  83    1947  55     -6       49
  MINIMUM         27    741 AM  22    2008  37    -10       35
  AVERAGE         38                        46     -8       42

PRECIPITATION (IN)
  YESTERDAY        0.00          1.00 1972   0.10  -0.10     0.37
  MONTH TO DATE    4.71                      2.29   2.42     5.53
  SINCE SEP 1     10.97                      5.82   5.15     8.45
  SINCE JAN 1     27.77                     26.93   0.84    29.02

DEGREE DAYS
 HEATING
  YESTERDAY       27                        19      8       23
  MONTH TO DATE  330                       340    -10      229
  SINCE SEP 1    483                       533    -50      394
  SINCE JUL 1    562                       602    -40      444

 COOLING
  YESTERDAY        0                         0      0        0
  MONTH TO DATE    0                         0      0        1
  SINCE SEP 1     42                        38      4       54
  SINCE JAN 1    374                       407    -33      531
..................................................................


WIND (MPH)
  HIGHEST WIND SPEED     9   HIGHEST WIND DIRECTION    SE (120)
  HIGHEST GUST SPEED     9   HIGHEST GUST DIRECTION    SE (120)
  AVERAGE WIND SPEED     1.1




RELATIVE HUMIDITY (PERCENT)
 HIGHEST    92
 LOWEST     50
 AVERAGE    71

..........................................................


THE TRAVERSE CITY MI CLIMATE NORMALS FOR TODAY
                         NORMAL    RECORD    YEAR
 MAXIMUM TEMPERATURE (F)   54        82      1963
 MINIMUM TEMPERATURE (F)   37        22      2008


SUNRISE AND SUNSET
OCTOBER 23 2014.......SUNRISE   808 AM EDT   SUNSET   644 PM EDT
OCTOBER 24 2014.......SUNRISE   809 AM EDT   SUNSET   643 PM EDT


-  INDICATES NEGATIVE NUMBERS.
R  INDICATES RECORD WAS SET OR TIED.
MM INDICATES DATA IS MISSING.
T  INDICATES TRACE AMOUNT.




$$
