000
CDUS43 KAPX 230527
CLITVC


CLIMATE REPORT
NATIONAL WEATHER SERVICE GAYLORD MI
126 AM EDT SAT AUG 23 2014


...................................

...THE TRAVERSE CITY MI CLIMATE SUMMARY FOR AUGUST 22 2014...

CLIMATE NORMAL PERIOD 1981 TO 2010
CLIMATE RECORD PERIOD 1896 TO 2014


WEATHER ITEM   OBSERVED TIME   RECORD YEAR NORMAL DEPARTURE LAST
                VALUE   (LST)  VALUE       VALUE  FROM      YEAR
                                                  NORMAL
..................................................................
TEMPERATURE (F)
 YESTERDAY
  MAXIMUM         82    236 PM  98    1916  77      5       78
  MINIMUM         67    619 AM  34    1950  56     11       58
  AVERAGE         75                        67      8       68

PRECIPITATION (IN)
  YESTERDAY        0.00          0.88 1956   0.11  -0.11     0.00
  MONTH TO DATE    1.61                      2.40  -0.79     0.86
  SINCE JUN 1      6.38                      8.58  -2.20     5.07
  SINCE JAN 1     16.06                     20.13  -4.07    17.45

DEGREE DAYS
 HEATING
  YESTERDAY        0                         1     -1        0
  MONTH TO DATE   14                        22     -8       22
  SINCE JUN 1    141                       162    -21      152
  SINCE JUL 1     69                        50     19       50

 COOLING
  YESTERDAY       10                         3      7        3
  MONTH TO DATE   75                        90    -15       66
  SINCE JUN 1    273                       323    -50      359
  SINCE JAN 1    282                       343    -61      401
..................................................................


WIND (MPH)
  HIGHEST WIND SPEED     9   HIGHEST WIND DIRECTION     N (10)
  HIGHEST GUST SPEED    14   HIGHEST GUST DIRECTION     N (10)
  AVERAGE WIND SPEED     2.3




RELATIVE HUMIDITY (PERCENT)
 HIGHEST    90
 LOWEST     58
 AVERAGE    74

..........................................................


THE TRAVERSE CITY MI CLIMATE NORMALS FOR TODAY
                         NORMAL    RECORD    YEAR
 MAXIMUM TEMPERATURE (F)   77        98      1968
 MINIMUM TEMPERATURE (F)   56        39      1952


SUNRISE AND SUNSET
AUGUST 23 2014........SUNRISE   654 AM EDT   SUNSET   835 PM EDT
AUGUST 24 2014........SUNRISE   655 AM EDT   SUNSET   833 PM EDT


-  INDICATES NEGATIVE NUMBERS.
R  INDICATES RECORD WAS SET OR TIED.
MM INDICATES DATA IS MISSING.
T  INDICATES TRACE AMOUNT.




$$
