000
CDUS43 KAPX 120536
CLITVC


CLIMATE REPORT
NATIONAL WEATHER SERVICE GAYLORD MI
1235 AM EST TUE DEC 12 2017


...................................

...THE TRAVERSE CITY MI CLIMATE SUMMARY FOR DECEMBER 11 2017...

CLIMATE NORMAL PERIOD 1981 TO 2010
CLIMATE RECORD PERIOD 1896 TO 2017


WEATHER ITEM   OBSERVED TIME   RECORD YEAR NORMAL DEPARTURE LAST
                VALUE   (LST)  VALUE       VALUE  FROM      YEAR
                                                  NORMAL
..................................................................
TEMPERATURE (F)
 YESTERDAY
  MAXIMUM         30    950 PM  58    1949  33     -3       27
  MINIMUM         21   1015 AM -11    1977  22     -1       20
  AVERAGE         26                        28     -2       24

PRECIPITATION (IN)
  YESTERDAY        0.02          1.30 1899   0.08  -0.06     0.02
  MONTH TO DATE    0.80                      0.89  -0.09     0.54
  SINCE DEC 1      0.80                      0.89  -0.09     0.54
  SINCE JAN 1     32.09                     31.45   0.64    25.71

DEGREE DAYS
 HEATING
  YESTERDAY       39                        37      2       41
  MONTH TO DATE  356                       390    -34      359
  SINCE DEC 1    356                       390    -34      359
  SINCE JUL 1   1650                      2009   -359     1318
..................................................................


WIND (MPH)
  HIGHEST WIND SPEED    28   HIGHEST WIND DIRECTION    NW (330)
  HIGHEST GUST SPEED    36   HIGHEST GUST DIRECTION     N (340)
  AVERAGE WIND SPEED     7.1




RELATIVE HUMIDITY (PERCENT)
 HIGHEST    88
 LOWEST     68
 AVERAGE    78

..........................................................


THE TRAVERSE CITY MI CLIMATE NORMALS FOR TODAY
                         NORMAL    RECORD    YEAR
 MAXIMUM TEMPERATURE (F)   33        58      1949
 MINIMUM TEMPERATURE (F)   22        -8      1989


SUNRISE AND SUNSET
DECEMBER 12 2017......SUNRISE   810 AM EST   SUNSET   502 PM EST
DECEMBER 13 2017......SUNRISE   811 AM EST   SUNSET   502 PM EST


-  INDICATES NEGATIVE NUMBERS.
R  INDICATES RECORD WAS SET OR TIED.
MM INDICATES DATA IS MISSING.
T  INDICATES TRACE AMOUNT.




$$
