000
CDUS43 KAPX 200530
CLITVC


CLIMATE REPORT
NATIONAL WEATHER SERVICE GAYLORD MI
1230 AM EST MON FEB 20 2017


...................................

...THE TRAVERSE CITY MI CLIMATE SUMMARY FOR FEBRUARY 19 2017...

CLIMATE NORMAL PERIOD 1981 TO 2010
CLIMATE RECORD PERIOD 1896 TO 2017


WEATHER ITEM   OBSERVED TIME   RECORD YEAR NORMAL DEPARTURE LAST
                VALUE   (LST)  VALUE       VALUE  FROM      YEAR
                                                  NORMAL
..................................................................
TEMPERATURE (F)
 YESTERDAY
  MAXIMUM         49    126 PM  57    2016  31     18       57
  MINIMUM         29    656 AM -20    1979  15     14       32
  AVERAGE         39                        23     16       45

PRECIPITATION (IN)
  YESTERDAY        0.00          0.69 1971   0.05  -0.05     0.16
  MONTH TO DATE    0.61                      1.02  -0.41     0.69
  SINCE DEC 1      3.65                      6.33  -2.68     5.77
  SINCE JAN 1      2.42                      3.84  -1.42     2.78

DEGREE DAYS
 HEATING
  YESTERDAY       26                        42    -16       20
  MONTH TO DATE  701                       819   -118      763
  SINCE DEC 1   2977                      3356   -379     2818
  SINCE JUL 1   3936                      4975  -1039     3998
..................................................................


WIND (MPH)
  HIGHEST WIND SPEED    10   HIGHEST WIND DIRECTION    NW (330)
  HIGHEST GUST SPEED    14   HIGHEST GUST DIRECTION    NW (320)
  AVERAGE WIND SPEED     3.2




RELATIVE HUMIDITY (PERCENT)
 HIGHEST    92
 LOWEST     50
 AVERAGE    71

..........................................................


THE TRAVERSE CITY MI CLIMATE NORMALS FOR TODAY
                         NORMAL    RECORD    YEAR
 MAXIMUM TEMPERATURE (F)   32        57      1983
 MINIMUM TEMPERATURE (F)   15       -22      2015


SUNRISE AND SUNSET
FEBRUARY 20 2017......SUNRISE   734 AM EST   SUNSET   618 PM EST
FEBRUARY 21 2017......SUNRISE   733 AM EST   SUNSET   619 PM EST


-  INDICATES NEGATIVE NUMBERS.
R  INDICATES RECORD WAS SET OR TIED.
MM INDICATES DATA IS MISSING.
T  INDICATES TRACE AMOUNT.




$$
