000
CDUS43 KAPX 060532
CLITVC


CLIMATE REPORT
NATIONAL WEATHER SERVICE GAYLORD MI
1229 AM EST TUE DEC 6 2016


...................................

...THE TRAVERSE CITY MI CLIMATE SUMMARY FOR DECEMBER 5 2016...

CLIMATE NORMAL PERIOD 1981 TO 2010
CLIMATE RECORD PERIOD 1896 TO 2016


WEATHER ITEM   OBSERVED TIME   RECORD YEAR NORMAL DEPARTURE LAST
                VALUE   (LST)  VALUE       VALUE  FROM      YEAR
                                                  NORMAL
..................................................................
TEMPERATURE (F)
 YESTERDAY
  MAXIMUM         43    339 PM  63    2001  36      7       52
  MINIMUM         32    920 PM   2    1963  24      8       35
  AVERAGE         38                        30      8       44

PRECIPITATION (IN)
  YESTERDAY        T             1.40 1982   0.08  -0.08     0.00
  MONTH TO DATE    0.32                      0.41  -0.09     0.16
  SINCE DEC 1      0.32                      0.41  -0.09     0.16
  SINCE JAN 1     25.49                     30.97  -5.48    21.63

DEGREE DAYS
 HEATING
  YESTERDAY       27                        35     -8       21
  MONTH TO DATE  138                       172    -34      127
  SINCE DEC 1    138                       172    -34      127
  SINCE JUL 1   1097                      1791   -694     1307
..................................................................


WIND (MPH)
  HIGHEST WIND SPEED    15   HIGHEST WIND DIRECTION     W (250)
  HIGHEST GUST SPEED    21   HIGHEST GUST DIRECTION     W (260)
  AVERAGE WIND SPEED     4.6




RELATIVE HUMIDITY (PERCENT)
 HIGHEST    89
 LOWEST     62
 AVERAGE    76

..........................................................


THE TRAVERSE CITY MI CLIMATE NORMALS FOR TODAY
                         NORMAL    RECORD    YEAR
 MAXIMUM TEMPERATURE (F)   35        56      1998
 MINIMUM TEMPERATURE (F)   24        -1      1991


SUNRISE AND SUNSET
DECEMBER  6 2016......SUNRISE   805 AM EST   SUNSET   502 PM EST
DECEMBER  7 2016......SUNRISE   806 AM EST   SUNSET   502 PM EST


-  INDICATES NEGATIVE NUMBERS.
R  INDICATES RECORD WAS SET OR TIED.
MM INDICATES DATA IS MISSING.
T  INDICATES TRACE AMOUNT.




$$
