296
CDUS43 KAPX 182226
CLITVC


CLIMATE REPORT
NATIONAL WEATHER SERVICE GAYLORD MI
526 PM EST WED JAN 18 2017


...................................

...THE TRAVERSE CITY MI CLIMATE SUMMARY FOR JANUARY 18 2017...
VALID TODAY AS OF 0500 PM LOCAL TIME.

CLIMATE NORMAL PERIOD 1981 TO 2010
CLIMATE RECORD PERIOD 1896 TO 2017


WEATHER ITEM   OBSERVED TIME   RECORD YEAR NORMAL DEPARTURE LAST
                VALUE   (LST)  VALUE       VALUE  FROM      YEAR
                                                  NORMAL
..................................................................
TEMPERATURE (F)
 TODAY
  MAXIMUM         39    344 PM  56    1996  28     11       17
  MINIMUM         33    143 AM -13    1918  15     18       12
  AVERAGE         36                        21     15       15

PRECIPITATION (IN)
  TODAY            0.00          0.71 1997   0.10  -0.10     0.05
  MONTH TO DATE    1.03                      1.76  -0.73     1.13
  SINCE DEC 1      2.26                      4.25  -1.99     4.12
  SINCE JAN 1      1.03                      1.76  -0.73     1.13

SNOWFALL (IN)
  TODAY           MM            MM      MM   1.1   MM       MM
  MONTH TO DATE   MM                        20.9   MM       MM
  SINCE OCT 1     MM                        56.8   MM       MM
  SINCE JUL 1     MM                        56.8   MM       MM

DEGREE DAYS
 HEATING
  TODAY           29                        44    -15       50
  MONTH TO DATE  738                       777    -39      740
  SINCE DEC 1   1858                      1966   -108     1561
  SINCE JUL 1   2817                      3585   -768     2741
..................................................................


WIND (MPH)
  RESULTANT WIND SPEED   3   RESULTANT WIND DIRECTION  SW (220)
  HIGHEST WIND SPEED    13   HIGHEST WIND DIRECTION    SW (230)
  HIGHEST GUST SPEED    22   HIGHEST GUST DIRECTION    SW (240)
  AVERAGE WIND SPEED     5.4


SKY COVER
  POSSIBLE SUNSHINE  MM
  AVERAGE SKY COVER 1.0


WEATHER CONDITIONS
 THE FOLLOWING WEATHER WAS RECORDED TODAY.
  FOG


RELATIVE HUMIDITY (PERCENT)
 HIGHEST   100          1200 AM
 LOWEST     85          1100 AM
 AVERAGE    93

..........................................................




SUNRISE AND SUNSET
JANUARY 18 2017.......SUNRISE   814 AM EST   SUNSET   532 PM EST
JANUARY 19 2017.......SUNRISE   813 AM EST   SUNSET   533 PM EST


-  INDICATES NEGATIVE NUMBERS.
R  INDICATES RECORD WAS SET OR TIED.
MM INDICATES DATA IS MISSING.
T  INDICATES TRACE AMOUNT.




$$
