000
CDUS44 KJAN 222209
CLITVR


CLIMATE REPORT
NATIONAL WEATHER SERVICE JACKSON MS
509 PM CDT MON MAY 22 2017


...................................

...THE VICKSBURG CLIMATE SUMMARY FOR MAY 22 2017...
VALID AS OF 0500 PM LOCAL TIME.

CLIMATE NORMAL PERIOD 1981 TO 2010
CLIMATE RECORD PERIOD 1948 TO 2017


WEATHER ITEM   OBSERVED TIME   RECORD YEAR NORMAL DEPARTURE LAST
                VALUE   (LST)  VALUE       VALUE  FROM      YEAR
                                                  NORMAL
..................................................................
TEMPERATURE (F)
 TODAY
  MAXIMUM         68   1248 PM  92    1978  86    -18       86
                                      1962
                                      1957
  MINIMUM         64    114 AM  47    1954  63      1       61
  AVERAGE         66                        74     -8       74

PRECIPITATION (IN)
  TODAY            0.46          3.02 1980   0.15   0.31     0.00
  MONTH TO DATE    2.91                      3.70  -0.79     1.32
  SINCE MAR 1     16.75                     13.70   3.05    23.95
  SINCE JAN 1     23.51                     24.04  -0.53    33.95

SNOWFALL (IN)
  TODAY            0.0

DEGREE DAYS
 HEATING
  TODAY            0                         0      0        0
  MONTH TO DATE   14                         9      5        0
  SINCE MAR 1    213                       374   -161      129
  SINCE JUL 1   1489                      2350   -861     1507

 COOLING
  TODAY            1                        10     -9        9
  MONTH TO DATE  144                       157    -13      159
  SINCE MAR 1    379                       266    113      375
  SINCE JAN 1    430                       275    155      387
..................................................................


WIND (MPH)
  HIGHEST WIND SPEED    13   HIGHEST WIND DIRECTION     N (20)
  HIGHEST GUST SPEED    15   HIGHEST GUST DIRECTION     N (10)
  AVERAGE WIND SPEED     3.0


SKY COVER
  POSSIBLE SUNSHINE  MM
  AVERAGE SKY COVER 0.5


WEATHER CONDITIONS
 THE FOLLOWING WEATHER WAS RECORDED TODAY.
  HEAVY RAIN
  RAIN
  LIGHT RAIN
  FOG


RELATIVE HUMIDITY (PERCENT)
 HIGHEST   100          1200 AM
 LOWEST     81          1000 AM
 AVERAGE    91

..........................................................


THE VICKSBURG CLIMATE NORMALS FOR TOMORROW
                         NORMAL    RECORD    YEAR
 MAXIMUM TEMPERATURE (F)   86        93      2005
                                             1972
                                             1969
 MINIMUM TEMPERATURE (F)   64        51      2002


SUNRISE AND SUNSET
MAY 22 2017...........SUNRISE   602 AM CDT   SUNSET   800 PM CDT
MAY 23 2017...........SUNRISE   601 AM CDT   SUNSET   801 PM CDT


-  INDICATES NEGATIVE NUMBERS.
R  INDICATES RECORD WAS SET OR TIED.
MM INDICATES DATA IS MISSING.
T  INDICATES TRACE AMOUNT.




$$
