000
CDUS44 KJAN 232113
CLITVR


CLIMATE REPORT
NATIONAL WEATHER SERVICE JACKSON MS
413 PM CDT TUE SEP 23 2014


...................................

...THE VICKSBURG CLIMATE SUMMARY FOR SEPTEMBER 23 2014...
VALID TODAY AS OF 0400 PM LOCAL TIME.

CLIMATE NORMAL PERIOD 1981 TO 2010
CLIMATE RECORD PERIOD 1948 TO 2014


WEATHER ITEM   OBSERVED TIME   RECORD YEAR NORMAL DEPARTURE LAST
                VALUE   (LST)  VALUE       VALUE  FROM      YEAR
                                                  NORMAL
..................................................................
TEMPERATURE (F)
 TODAY
  MAXIMUM         83    259 PM  96    1980  85     -2       88
  MINIMUM         56    347 AM  43    1983  61     -5       49
                                      1953
  AVERAGE         70                        73     -3       69

PRECIPITATION (IN)
  TODAY            0.00          0.57 1986   0.06  -0.06     0.00
  MONTH TO DATE    0.98                      2.27  -1.29     3.62
  SINCE SEP 1      0.98                      2.27  -1.29     3.62
  SINCE JAN 1     45.22                     38.84   6.38    51.77

SNOWFALL (IN)
  TODAY            0.0

DEGREE DAYS
 HEATING
  TODAY            0                         0      0        0
  MONTH TO DATE    0                         0      0        0
  SINCE SEP 1      0                         0      0        0
  SINCE JUL 1      0                         0      0        0

 COOLING
  TODAY            5                         8     -3        4
  MONTH TO DATE  325                       256     69      334
  SINCE SEP 1    325                       256     69      334
  SINCE JAN 1   1983                      2045    -62     2041
..................................................................


WIND (MPH)
  HIGHEST WIND SPEED    13   HIGHEST WIND DIRECTION     N (20)
  HIGHEST GUST SPEED    16   HIGHEST GUST DIRECTION     N (10)
  AVERAGE WIND SPEED     7.0


SKY COVER
  POSSIBLE SUNSHINE  MM
  AVERAGE SKY COVER 0.0


WEATHER CONDITIONS
 THE FOLLOWING WEATHER WAS RECORDED TODAY.
  NO SIGNIFICANT WEATHER WAS OBSERVED.


RELATIVE HUMIDITY (PERCENT)
 HIGHEST    87           300 AM
 LOWEST     34           200 PM
 AVERAGE    61

..........................................................


THE VICKSBURG CLIMATE NORMALS FOR TOMORROW
                         NORMAL    RECORD    YEAR
 MAXIMUM TEMPERATURE (F)   85        95      2010
                                             1980
 MINIMUM TEMPERATURE (F)   61        45      1983
                                             1982


SUNRISE AND SUNSET
SEPTEMBER 23 2014.....SUNRISE   653 AM CDT   SUNSET   659 PM CDT
SEPTEMBER 24 2014.....SUNRISE   654 AM CDT   SUNSET   658 PM CDT


-  INDICATES NEGATIVE NUMBERS.
R  INDICATES RECORD WAS SET OR TIED.
MM INDICATES DATA IS MISSING.
T  INDICATES TRACE AMOUNT.




$$
