000
CDUS45 KBOI 030930
CLITWF


CLIMATE REPORT
NATIONAL WEATHER SERVICE BOISE ID
330 AM MDT WED JUN 3 2015


...................................

...THE TWIN FALLS ID CLIMATE SUMMARY FOR JUNE 2 2015...

CLIMATE NORMAL PERIOD 1981 TO 2010
CLIMATE RECORD PERIOD 9999 TO 9999


WEATHER ITEM   OBSERVED TIME   NORMAL DEPARTURE LAST
                VALUE   (LST)  VALUE  FROM      YEAR
                                      NORMAL
......................................................
TEMPERATURE (F)
 YESTERDAY
  MAXIMUM         76    417 PM  75      1       86
  MINIMUM         56    936 PM  47      9       48
  AVERAGE         66

PRECIPITATION (IN)
  YESTERDAY        0.00          0.03  -0.03     0.00
  MONTH TO DATE    0.05          0.07  -0.02     0.00
  SINCE OCT 1      7.29          8.65  -1.36     6.06
  SINCE JAN 1      4.29          5.40  -1.11     5.59

DEGREE DAYS
 HEATING
  YESTERDAY        0             6     -6        0
  MONTH TO DATE    0            12    -12        2
  SINCE JUN 1      0            12    -12        2
  SINCE JUL 1   4828          6096  -1268     5519

 COOLING
  YESTERDAY        1             1      0        2
  MONTH TO DATE    2             2      0        2
  SINCE JUN 1      2             2      0        2
  SINCE JAN 1     18            24     -6       35
......................................................


WIND (MPH)
  HIGHEST WIND SPEED    21   HIGHEST WIND DIRECTION     W (250)
  HIGHEST GUST SPEED    26   HIGHEST GUST DIRECTION     W (250)
  AVERAGE WIND SPEED    10.4


SKY COVER
  AVERAGE SKY COVER 0.1


WEATHER CONDITIONS
 THE FOLLOWING WEATHER WAS RECORDED YESTERDAY.
  NO SIGNIFICANT WEATHER WAS OBSERVED.


RELATIVE HUMIDITY (PERCENT)
 HIGHEST    62           400 AM
 LOWEST     29           400 PM
 AVERAGE    46

..........................................................




SUNRISE AND SUNSET
JUNE  3 2015..........SUNRISE   602 AM MDT   SUNSET   910 PM MDT
JUNE  4 2015..........SUNRISE   602 AM MDT   SUNSET   911 PM MDT


-  INDICATES NEGATIVE NUMBERS.
R  INDICATES RECORD WAS SET OR TIED.
MM INDICATES DATA IS MISSING.
T  INDICATES TRACE AMOUNT.




$$
