000
CDUS45 KBOI 270936
CLITWF


CLIMATE REPORT
NATIONAL WEATHER SERVICE BOISE ID
334 AM MDT WED JUL 27 2016


...................................

...THE TWIN FALLS ID CLIMATE SUMMARY FOR JULY 26 2016...

CLIMATE NORMAL PERIOD 1981 TO 2010
CLIMATE RECORD PERIOD 9999 TO 9999


WEATHER ITEM   OBSERVED TIME   NORMAL DEPARTURE LAST
                VALUE   (LST)  VALUE  FROM      YEAR
                                      NORMAL
......................................................
TEMPERATURE (F)
 YESTERDAY
  MAXIMUM         96    437 PM  91      5       87
  MINIMUM         56    505 AM  59     -3       63
  AVERAGE         76

PRECIPITATION (IN)
  YESTERDAY        0.00          0.01  -0.01     0.00
  MONTH TO DATE    0.15          0.25  -0.10     0.65
  SINCE OCT 1     10.96          9.76   1.20     8.05
  SINCE JAN 1      6.58          6.51   0.07     5.05

DEGREE DAYS
 HEATING
  YESTERDAY        0             0      0        0
  MONTH TO DATE   21             3     18        0
  SINCE JUN 1     74            90    -16        7
  SINCE JUL 1     21             3     18        0

 COOLING
  YESTERDAY       11            10      1       10
  MONTH TO DATE  179           226    -47      265
  SINCE JUN 1    320           313      7      531
  SINCE JAN 1    323           335    -12      547
......................................................


WIND (MPH)
  HIGHEST WIND SPEED    15   HIGHEST WIND DIRECTION     W (290)
  HIGHEST GUST SPEED    19   HIGHEST GUST DIRECTION     S (170)
  AVERAGE WIND SPEED     9.1


SKY COVER
  AVERAGE SKY COVER 0.0


WEATHER CONDITIONS
 THE FOLLOWING WEATHER WAS RECORDED YESTERDAY.
  NO SIGNIFICANT WEATHER WAS OBSERVED.


RELATIVE HUMIDITY (PERCENT)
 HIGHEST    35           500 AM
 LOWEST     10           500 PM
 AVERAGE    23

..........................................................




SUNRISE AND SUNSET
JULY 27 2016..........SUNRISE   626 AM MDT   SUNSET   903 PM MDT
JULY 28 2016..........SUNRISE   627 AM MDT   SUNSET   902 PM MDT


-  INDICATES NEGATIVE NUMBERS.
R  INDICATES RECORD WAS SET OR TIED.
MM INDICATES DATA IS MISSING.
T  INDICATES TRACE AMOUNT.




$$
