000
CDUS45 KBOI 210932
CLITWF


CLIMATE REPORT
NATIONAL WEATHER SERVICE BOISE ID
332 AM MDT SUN SEP 21 2014


...................................

...THE TWIN FALLS ID CLIMATE SUMMARY FOR SEPTEMBER 20 2014...

CLIMATE NORMAL PERIOD 1981 TO 2010
CLIMATE RECORD PERIOD 9999 TO 9999


WEATHER ITEM   OBSERVED TIME   NORMAL DEPARTURE LAST
                VALUE   (LST)  VALUE  FROM      YEAR
                                      NORMAL
......................................................
TEMPERATURE (F)
 YESTERDAY
  MAXIMUM         84    410 PM  75      9       86
  MINIMUM         55   1134 PM  46      9       35
  AVERAGE         70

PRECIPITATION (IN)
  YESTERDAY        0.00          0.03  -0.03     0.00
  MONTH TO DATE    T             0.34  -0.34     0.73
  SINCE OCT 1     12.72         10.47   2.25     7.10
  SINCE JAN 1     12.25          7.22   5.03     3.92

DEGREE DAYS
 HEATING
  YESTERDAY        0             6     -6        4
  MONTH TO DATE   41            67    -26       24
  SINCE SEP 1     41            67    -26       24
  SINCE JUL 1     60            88    -28       24

 COOLING
  YESTERDAY        5             1      4        0
  MONTH TO DATE   62            54      8       97
  SINCE SEP 1     62            54      8       97
  SINCE JAN 1    821           671    150     1136
......................................................


WIND (MPH)
  HIGHEST WIND SPEED    14   HIGHEST WIND DIRECTION     S (190)
  HIGHEST GUST SPEED    18   HIGHEST GUST DIRECTION    NE (50)
  AVERAGE WIND SPEED     7.8


SKY COVER
  AVERAGE SKY COVER 0.0


WEATHER CONDITIONS
 THE FOLLOWING WEATHER WAS RECORDED YESTERDAY.
  NO SIGNIFICANT WEATHER WAS OBSERVED.


RELATIVE HUMIDITY (PERCENT)
 HIGHEST    61           500 AM
 LOWEST     26           300 PM
 AVERAGE    44

..........................................................




SUNRISE AND SUNSET
SEPTEMBER 21 2014.....SUNRISE   724 AM MDT   SUNSET   737 PM MDT
SEPTEMBER 22 2014.....SUNRISE   725 AM MDT   SUNSET   735 PM MDT


-  INDICATES NEGATIVE NUMBERS.
R  INDICATES RECORD WAS SET OR TIED.
MM INDICATES DATA IS MISSING.
T  INDICATES TRACE AMOUNT.




$$
