000
CDUS45 KBOI 300933
CLITWF


CLIMATE REPORT
NATIONAL WEATHER SERVICE BOISE ID
332 AM MDT SAT AUG 30 2014


...................................

...THE TWIN FALLS ID CLIMATE SUMMARY FOR AUGUST 29 2014...

CLIMATE NORMAL PERIOD 1981 TO 2010
CLIMATE RECORD PERIOD 9999 TO 9999


WEATHER ITEM   OBSERVED TIME   NORMAL DEPARTURE LAST
                VALUE   (LST)  VALUE  FROM      YEAR
                                      NORMAL
......................................................
TEMPERATURE (F)
 YESTERDAY
  MAXIMUM         86    419 PM  85      1       94
  MINIMUM         62   1024 PM  53      9       69
  AVERAGE         74

PRECIPITATION (IN)
  YESTERDAY        T             0.01  -0.01      T
  MONTH TO DATE    5.55          0.29   5.26      T
  SINCE OCT 1     12.70         10.10   2.60     6.37
  SINCE JAN 1     12.23          6.85   5.38     3.19

DEGREE DAYS
 HEATING
  YESTERDAY        0             1     -1        0
  MONTH TO DATE   16             7      9        0
  SINCE JUN 1     74           100    -26       55
  SINCE JUL 1     16            13      3        0

 COOLING
  YESTERDAY        9             5      4       17
  MONTH TO DATE  204           222    -18      360
  SINCE JUN 1    725           586    139      991
  SINCE JAN 1    758           608    150     1016
......................................................


WIND (MPH)
  HIGHEST WIND SPEED    28   HIGHEST WIND DIRECTION    SW (210)
  HIGHEST GUST SPEED    36   HIGHEST GUST DIRECTION    SW (210)
  AVERAGE WIND SPEED     7.2


SKY COVER
  AVERAGE SKY COVER 0.1


WEATHER CONDITIONS
 THE FOLLOWING WEATHER WAS RECORDED YESTERDAY.
  THUNDERSTORM
  LIGHT RAIN


RELATIVE HUMIDITY (PERCENT)
 HIGHEST    56          1000 PM
 LOWEST     30          1200 PM
 AVERAGE    43

..........................................................




SUNRISE AND SUNSET
AUGUST 30 2014........SUNRISE   701 AM MDT   SUNSET   815 PM MDT
AUGUST 31 2014........SUNRISE   702 AM MDT   SUNSET   814 PM MDT


-  INDICATES NEGATIVE NUMBERS.
R  INDICATES RECORD WAS SET OR TIED.
MM INDICATES DATA IS MISSING.
T  INDICATES TRACE AMOUNT.




$$
