000
CDUS45 KBOI 020934
CLITWF


CLIMATE REPORT
NATIONAL WEATHER SERVICE BOISE ID
333 AM MDT MON MAY 2 2016


...................................

...THE TWIN FALLS ID CLIMATE SUMMARY FOR MAY 1 2016...

CLIMATE NORMAL PERIOD 1981 TO 2010
CLIMATE RECORD PERIOD 9999 TO 9999


WEATHER ITEM   OBSERVED TIME   NORMAL DEPARTURE LAST
                VALUE   (LST)  VALUE  FROM      YEAR
                                      NORMAL
......................................................
TEMPERATURE (F)
 YESTERDAY
  MAXIMUM         62    505 PM  65     -3       77
  MINIMUM         39    553 AM  39      0       38
  AVERAGE         51

PRECIPITATION (IN)
  YESTERDAY        0.00          0.06  -0.06     0.00
  MONTH TO DATE    0.00          0.06  -0.06     0.00
  SINCE OCT 1      8.67          7.28   1.39     4.86
  SINCE JAN 1      4.29          4.03   0.26     1.86

DEGREE DAYS
 HEATING
  YESTERDAY       14            13      1        7
  MONTH TO DATE   14            13      1        7
  SINCE MAR 1   1092          1244   -152      948
  SINCE JUL 1   5378          5811   -433     4641

 COOLING
  YESTERDAY        0             0      0        0
  MONTH TO DATE    0             0      0        0
  SINCE MAR 1      0             1     -1        0
  SINCE JAN 1      0             1     -1        0
......................................................


WIND (MPH)
  HIGHEST WIND SPEED    25   HIGHEST WIND DIRECTION     E (70)
  HIGHEST GUST SPEED    33   HIGHEST GUST DIRECTION    NE (50)
  AVERAGE WIND SPEED    11.1


SKY COVER
  AVERAGE SKY COVER 0.1


WEATHER CONDITIONS
 THE FOLLOWING WEATHER WAS RECORDED YESTERDAY.
  LIGHT RAIN


RELATIVE HUMIDITY (PERCENT)
 HIGHEST    93           500 AM
 LOWEST     29           600 PM
 AVERAGE    61

..........................................................




SUNRISE AND SUNSET
MAY  2 2016...........SUNRISE   631 AM MDT   SUNSET   840 PM MDT
MAY  3 2016...........SUNRISE   629 AM MDT   SUNSET   841 PM MDT


-  INDICATES NEGATIVE NUMBERS.
R  INDICATES RECORD WAS SET OR TIED.
MM INDICATES DATA IS MISSING.
T  INDICATES TRACE AMOUNT.




$$
