000
CDUS45 KBOI 210934
CLITWF


CLIMATE REPORT
NATIONAL WEATHER SERVICE BOISE ID
233 AM MST TUE FEB 21 2017


...................................

...THE TWIN FALLS ID CLIMATE SUMMARY FOR FEBRUARY 20 2017...

CLIMATE NORMAL PERIOD 1981 TO 2010
CLIMATE RECORD PERIOD 9999 TO 9999


WEATHER ITEM   OBSERVED TIME   NORMAL DEPARTURE LAST
                VALUE   (LST)  VALUE  FROM      YEAR
                                      NORMAL
......................................................
TEMPERATURE (F)
 YESTERDAY
  MAXIMUM         51    348 PM  44      7       45
  MINIMUM         33   1209 AM  24      9       27
  AVERAGE         42

PRECIPITATION (IN)
  YESTERDAY        0.08          0.03   0.05     0.00
  MONTH TO DATE    1.09          0.60   0.49     0.17
  SINCE OCT 1      7.10          4.83   2.27     5.60
  SINCE JAN 1      2.60          1.58   1.02     1.22

DEGREE DAYS
 HEATING
  YESTERDAY       23            31     -8       29
  MONTH TO DATE  560           663   -103      584
  SINCE DEC 1   3179          2893    286     2843
  SINCE JUL 1   4481          4331    150     4054

 COOLING
  YESTERDAY        0             0      0        0
  MONTH TO DATE    0             0      0        0
  SINCE DEC 1      0             0      0        0
  SINCE JAN 1      0             0      0        0
......................................................


WIND (MPH)
  HIGHEST WIND SPEED    39   HIGHEST WIND DIRECTION     S (170)
  HIGHEST GUST SPEED    50   HIGHEST GUST DIRECTION     S (160)
  AVERAGE WIND SPEED    17.4


SKY COVER
  AVERAGE SKY COVER 0.9


WEATHER CONDITIONS
 THE FOLLOWING WEATHER WAS RECORDED YESTERDAY.
  LIGHT RAIN


RELATIVE HUMIDITY (PERCENT)
 HIGHEST    82           500 AM
 LOWEST     54           300 PM
 AVERAGE    68

..........................................................




SUNRISE AND SUNSET
FEBRUARY 21 2017......SUNRISE   725 AM MST   SUNSET   618 PM MST
FEBRUARY 22 2017......SUNRISE   724 AM MST   SUNSET   619 PM MST


-  INDICATES NEGATIVE NUMBERS.
R  INDICATES RECORD WAS SET OR TIED.
MM INDICATES DATA IS MISSING.
T  INDICATES TRACE AMOUNT.




$$
