000
CDUS44 KSHV 280753
CLITXK


CLIMATE REPORT
NATIONAL WEATHER SERVICE SHREVEPORT, LA
250 AM CDT TUE MAR 28 2017


...................................

...THE TEXARKANA CLIMATE SUMMARY FOR MARCH 27 2017...

CLIMATE NORMAL PERIOD 1981 TO 2010
CLIMATE RECORD PERIOD 1896 TO 2017


WEATHER ITEM   OBSERVED TIME   RECORD YEAR NORMAL DEPARTURE LAST
                VALUE   (LST)  VALUE       VALUE  FROM      YEAR
                                                  NORMAL
..................................................................
TEMPERATURE (F)
 YESTERDAY
  MAXIMUM         80    228 PM  88    1972  71      9       73
  MINIMUM         60   1159 PM  21    1955  47     13       47
  AVERAGE         70                        59     11       60

PRECIPITATION (IN)
  YESTERDAY        0.01          1.53 1931   0.13  -0.12      T
  MONTH TO DATE    2.35                      3.66  -1.31     6.98
  SINCE DEC 1     17.41                     16.10   1.31    19.08
  SINCE JAN 1     10.99                     11.05  -0.06    13.10

SNOWFALL (IN)
  YESTERDAY        0.0
  MONTH TO DATE    0.0
  SINCE MAR 1      0.0
  SINCE JUL 1      0.1
  SNOW DEPTH       0

DEGREE DAYS
 HEATING
  YESTERDAY        0                         7     -7        5
  MONTH TO DATE  193                       274    -81      160
  SINCE MAR 1    193                       274    -81      160
  SINCE JUL 1   1644                      2468   -824     1813

 COOLING
  YESTERDAY        5                         1      4        0
  MONTH TO DATE   41                        15     26       17
  SINCE MAR 1     41                        15     26       17
  SINCE JAN 1     73                        19     54       23
..................................................................


WIND (MPH)
  HIGHEST WIND SPEED    18   HIGHEST WIND DIRECTION    SW (240)
  HIGHEST GUST SPEED    25   HIGHEST GUST DIRECTION    SW (210)
  AVERAGE WIND SPEED     9.8


SKY COVER
  POSSIBLE SUNSHINE  MM
  AVERAGE SKY COVER 0.4


WEATHER CONDITIONS
 THE FOLLOWING WEATHER WAS RECORDED YESTERDAY.
  THUNDERSTORM
  LIGHT RAIN


RELATIVE HUMIDITY (PERCENT)
 HIGHEST    93           800 AM
 LOWEST     54           400 PM
 AVERAGE    74

..........................................................


THE TEXARKANA CLIMATE NORMALS FOR TODAY
                         NORMAL    RECORD    YEAR
 MAXIMUM TEMPERATURE (F)   71        87      1907
 MINIMUM TEMPERATURE (F)   47        26      1931


SUNRISE AND SUNSET
MARCH 28 2017.........SUNRISE   709 AM CDT   SUNSET   734 PM CDT
MARCH 29 2017.........SUNRISE   707 AM CDT   SUNSET   735 PM CDT


-  INDICATES NEGATIVE NUMBERS.
R  INDICATES RECORD WAS SET OR TIED.
MM INDICATES DATA IS MISSING.
T  INDICATES TRACE AMOUNT.




$$
