000
CDUS44 KSHV 230733
CLITXK


CLIMATE REPORT
NATIONAL WEATHER SERVICE SHREVEPORT, LA
232 AM CDT WED AUG 23 2017


...................................

...THE TEXARKANA CLIMATE SUMMARY FOR AUGUST 22 2017...

CLIMATE NORMAL PERIOD 1981 TO 2010
CLIMATE RECORD PERIOD 1896 TO 2017


WEATHER ITEM   OBSERVED TIME   RECORD YEAR NORMAL DEPARTURE LAST
                VALUE   (LST)  VALUE       VALUE  FROM      YEAR
                                                  NORMAL
..................................................................
TEMPERATURE (F)
 YESTERDAY
  MAXIMUM         91    429 PM 105    2010  93     -2       81
  MINIMUM         74    504 AM  56    1956  70      4       71
  AVERAGE         83                        82      1       76

PRECIPITATION (IN)
  YESTERDAY        0.00          1.34 1942   0.10  -0.10     0.02
  MONTH TO DATE    8.38                      1.98   6.40     5.45
  SINCE DEC 1     45.55                     35.54  10.01    44.26
  SINCE JAN 1     39.13                     30.49   8.64    38.28

SNOWFALL (IN)
  YESTERDAY        0.0
  MONTH TO DATE    0.0
  SINCE JUN 1      0.0
  SINCE JUL 1      0.0
  SNOW DEPTH       0

DEGREE DAYS
 HEATING
  YESTERDAY        0                         0      0        0
  MONTH TO DATE    0                         0      0        0
  SINCE JUN 1      0                         0      0        0
  SINCE JUL 1      0                         0      0        0

 COOLING
  YESTERDAY       18                        17      1       11
  MONTH TO DATE  331                       389    -58      376
  SINCE JUN 1   1244                      1329    -85     1493
  SINCE JAN 1   1604                      1649    -45     1783
..................................................................


WIND (MPH)
  HIGHEST WIND SPEED    13   HIGHEST WIND DIRECTION     W (260)
  HIGHEST GUST SPEED    14   HIGHEST GUST DIRECTION     W (260)
  AVERAGE WIND SPEED     3.6


SKY COVER
  POSSIBLE SUNSHINE  MM
  AVERAGE SKY COVER 0.1


WEATHER CONDITIONS
 THE FOLLOWING WEATHER WAS RECORDED YESTERDAY.
  FOG


RELATIVE HUMIDITY (PERCENT)
 HIGHEST    97           900 PM
 LOWEST     56           400 PM
 AVERAGE    77

..........................................................


THE TEXARKANA CLIMATE NORMALS FOR TODAY
                         NORMAL    RECORD    YEAR
 MAXIMUM TEMPERATURE (F)   93       105      1921
 MINIMUM TEMPERATURE (F)   70        57      1956


SUNRISE AND SUNSET
AUGUST 23 2017........SUNRISE   644 AM CDT   SUNSET   752 PM CDT
AUGUST 24 2017........SUNRISE   645 AM CDT   SUNSET   751 PM CDT


-  INDICATES NEGATIVE NUMBERS.
R  INDICATES RECORD WAS SET OR TIED.
MM INDICATES DATA IS MISSING.
T  INDICATES TRACE AMOUNT.




$$
