000
CDUS44 KSHV 280846
CLITXK


CLIMATE REPORT
NATIONAL WEATHER SERVICE SHREVEPORT, LA
245 AM CST SAT FEB 28 2015


...................................

...THE TEXARKANA CLIMATE SUMMARY FOR FEBRUARY 27 2015...

CLIMATE NORMAL PERIOD 1981 TO 2010
CLIMATE RECORD PERIOD 1896 TO 2015


WEATHER ITEM   OBSERVED TIME   RECORD YEAR NORMAL DEPARTURE LAST
                VALUE   (LST)  VALUE       VALUE  FROM      YEAR
                                                  NORMAL
..................................................................
TEMPERATURE (F)
 YESTERDAY
  MAXIMUM         32   1203 AM  85    1918  62    -30       52
  MINIMUM         24    750 AM  15    1935  41    -17       21
  AVERAGE         28                        51    -23       37

PRECIPITATION (IN)
  YESTERDAY        0.00          4.29 2001   0.15  -0.15     0.00
  MONTH TO DATE    3.85                      3.84   0.01     3.19
  SINCE DEC 1     10.77                     12.29  -1.52     9.75
  SINCE JAN 1      8.09                      7.24   0.85     3.92

SNOWFALL (IN)
  YESTERDAY        0.0
  MONTH TO DATE    4.0
  SINCE DEC 1      4.0
  SINCE JUL 1      4.0
  SNOW DEPTH       0

DEGREE DAYS
 HEATING
  YESTERDAY       37                        14     23       28
  MONTH TO DATE  618                       459    159      546
  SINCE DEC 1   1839                      1723    116     1921
  SINCE JUL 1   2349                      2181    168     2446

 COOLING
  YESTERDAY        0                         0      0        0
  MONTH TO DATE    0                         0      0        0
  SINCE DEC 1      1                         4     -3        2
  SINCE JAN 1      0                         1     -1        0
..................................................................


WIND (MPH)
  HIGHEST WIND SPEED    15   HIGHEST WIND DIRECTION     E (70)
  HIGHEST GUST SPEED    22   HIGHEST GUST DIRECTION    NE (30)
  AVERAGE WIND SPEED     8.9


SKY COVER
  POSSIBLE SUNSHINE  MM
  AVERAGE SKY COVER 0.6


WEATHER CONDITIONS
 THE FOLLOWING WEATHER WAS RECORDED YESTERDAY.
  HAZE


RELATIVE HUMIDITY (PERCENT)
 HIGHEST    75          1100 PM
 LOWEST     53           300 PM
 AVERAGE    64

..........................................................


THE TEXARKANA CLIMATE NORMALS FOR TODAY
                         NORMAL    RECORD    YEAR
 MAXIMUM TEMPERATURE (F)   63        84      1950
 MINIMUM TEMPERATURE (F)   41        24      2002
                                             1900


SUNRISE AND SUNSET
FEBRUARY 28 2015......SUNRISE   646 AM CST   SUNSET   612 PM CST
MARCH  1 2015.........SUNRISE   645 AM CST   SUNSET   613 PM CST


-  INDICATES NEGATIVE NUMBERS.
R  INDICATES RECORD WAS SET OR TIED.
MM INDICATES DATA IS MISSING.
T  INDICATES TRACE AMOUNT.




$$
