000
CDUS44 KSHV 132327
CLITXK


CLIMATE REPORT
NATIONAL WEATHER SERVICE SHREVEPORT, LA
435 PM CST WED DEC 13 2017


...................................

...THE TEXARKANA CLIMATE SUMMARY FOR DECEMBER 13 2017...
VALID TODAY AS OF 0400 PM LOCAL TIME.

CLIMATE NORMAL PERIOD 1981 TO 2010
CLIMATE RECORD PERIOD 1896 TO 2017


WEATHER ITEM   OBSERVED TIME   RECORD YEAR NORMAL DEPARTURE LAST
                VALUE   (LST)  VALUE       VALUE  FROM      YEAR
                                                  NORMAL
..................................................................
TEMPERATURE (F)
 TODAY
  MAXIMUM         66    347 PM  80    1948  56     10       63
  MINIMUM         30    645 AM  16    1962  36     -6       50
  AVERAGE         48                        46      2       57

PRECIPITATION (IN)
  TODAY            0.00          1.60 2015   0.18  -0.18     0.00
  MONTH TO DATE    0.56                      2.31  -1.75     1.23
  SINCE DEC 1      0.56                      2.31  -1.75     1.23
  SINCE JAN 1     44.00                     46.91  -2.91    44.14

SNOWFALL (IN)
  TODAY            0.0
  MONTH TO DATE    0.0
  SINCE DEC 1      0.0
  SINCE JUL 1      0.0
  SNOW DEPTH       0

DEGREE DAYS
 HEATING
  TODAY           17                        19     -2        8
  MONTH TO DATE  196                       234    -38      233
  SINCE DEC 1    196                       234    -38      233
  SINCE JUL 1    552                       692   -140      467

 COOLING
  TODAY            0                         0      0        0
  MONTH TO DATE    2                         0      2        0
  SINCE DEC 1      2                         0      2        0
  SINCE JAN 1   2209                      2204      5     2587
..................................................................


WIND (MPH)
  HIGHEST WIND SPEED    23   HIGHEST WIND DIRECTION    SW (230)
  HIGHEST GUST SPEED    30   HIGHEST GUST DIRECTION    SW (230)
  AVERAGE WIND SPEED     9.8


SKY COVER
  POSSIBLE SUNSHINE  MM
  AVERAGE SKY COVER 0.0


WEATHER CONDITIONS
 THE FOLLOWING WEATHER WAS RECORDED TODAY.
  NO SIGNIFICANT WEATHER WAS OBSERVED.


RELATIVE HUMIDITY (PERCENT)
 HIGHEST    72           500 AM
 LOWEST     20           300 PM
 AVERAGE    46

..........................................................


THE TEXARKANA CLIMATE NORMALS FOR TOMORROW
                         NORMAL    RECORD    YEAR
 MAXIMUM TEMPERATURE (F)   55        80      1995
 MINIMUM TEMPERATURE (F)   36        16      1985


SUNRISE AND SUNSET
DECEMBER 13 2017......SUNRISE   711 AM CST   SUNSET   509 PM CST
DECEMBER 14 2017......SUNRISE   712 AM CST   SUNSET   510 PM CST


-  INDICATES NEGATIVE NUMBERS.
R  INDICATES RECORD WAS SET OR TIED.
MM INDICATES DATA IS MISSING.
T  INDICATES TRACE AMOUNT.




$$
