000
CDUS44 KSHV 190755
CLITXK


CLIMATE REPORT
NATIONAL WEATHER SERVICE SHREVEPORT, LA
255 AM CDT THU OCT 19 2017


...................................

...THE TEXARKANA CLIMATE SUMMARY FOR OCTOBER 18 2017...

CLIMATE NORMAL PERIOD 1981 TO 2010
CLIMATE RECORD PERIOD 1896 TO 2017


WEATHER ITEM   OBSERVED TIME   RECORD YEAR NORMAL DEPARTURE LAST
                VALUE   (LST)  VALUE       VALUE  FROM      YEAR
                                                  NORMAL
..................................................................
TEMPERATURE (F)
 YESTERDAY
  MAXIMUM         80    401 PM  92    2005  76      4       89
                                      1932
  MINIMUM         41    608 AM  34    1948  52    -11       72
  AVERAGE         61                        64     -3       81

PRECIPITATION (IN)
  YESTERDAY        0.00          1.09 2002   0.19  -0.19     0.00
  MONTH TO DATE    0.08                      2.75  -2.67     0.04
  SINCE DEC 1     46.65                     42.65   4.00    45.28
  SINCE JAN 1     40.23                     37.60   2.63    39.30

SNOWFALL (IN)
  YESTERDAY        0.0
  MONTH TO DATE    0.0
  SINCE SEP 1      0.0
  SINCE JUL 1      0.0
  SNOW DEPTH       0

DEGREE DAYS
 HEATING
  YESTERDAY        4                         4      0        0
  MONTH TO DATE   22                        40    -18        4
  SINCE SEP 1     22                        51    -29        4
  SINCE JUL 1     22                        51    -29        4

 COOLING
  YESTERDAY        0                         3     -3       16
  MONTH TO DATE  125                        72     53      140
  SINCE SEP 1    434                       378     56      545
  SINCE JAN 1   2138                      2166    -28     2485
..................................................................


WIND (MPH)
  HIGHEST WIND SPEED    12   HIGHEST WIND DIRECTION     S (170)
  HIGHEST GUST SPEED    15   HIGHEST GUST DIRECTION     S (170)
  AVERAGE WIND SPEED     5.0


SKY COVER
  POSSIBLE SUNSHINE  MM
  AVERAGE SKY COVER 0.0


WEATHER CONDITIONS
 THE FOLLOWING WEATHER WAS RECORDED YESTERDAY.
  NO SIGNIFICANT WEATHER WAS OBSERVED.


RELATIVE HUMIDITY (PERCENT)
 HIGHEST   100           600 AM
 LOWEST     30           400 PM
 AVERAGE    65

..........................................................


THE TEXARKANA CLIMATE NORMALS FOR TODAY
                         NORMAL    RECORD    YEAR
 MAXIMUM TEMPERATURE (F)   75        96      1921
 MINIMUM TEMPERATURE (F)   52        31      1917


SUNRISE AND SUNSET
OCTOBER 19 2017.......SUNRISE   724 AM CDT   SUNSET   637 PM CDT
OCTOBER 20 2017.......SUNRISE   725 AM CDT   SUNSET   636 PM CDT


-  INDICATES NEGATIVE NUMBERS.
R  INDICATES RECORD WAS SET OR TIED.
MM INDICATES DATA IS MISSING.
T  INDICATES TRACE AMOUNT.




$$
