000
CDUS44 KSHV 022213
CLITXK


CLIMATE REPORT
NATIONAL WEATHER SERVICE SHREVEPORT, LA
512 PM CDT TUE SEP 2 2014


...................................

...THE TEXARKANA CLIMATE SUMMARY FOR SEPTEMBER 2 2014...
VALID TODAY AS OF 0500 PM LOCAL TIME.

CLIMATE NORMAL PERIOD 1981 TO 2010
CLIMATE RECORD PERIOD 1896 TO 2014


WEATHER ITEM   OBSERVED TIME   RECORD YEAR NORMAL DEPARTURE LAST
                VALUE   (LST)  VALUE       VALUE  FROM      YEAR
                                                  NORMAL
..................................................................
TEMPERATURE (F)
 TODAY
  MAXIMUM         91   1226 PM 107    2000  91      0       95
  MINIMUM         77    621 AM  53    1967  68      9       74
  AVERAGE         84                        79      5       85

PRECIPITATION (IN)
  TODAY            T             2.27 2008   0.12  -0.12     0.02
  MONTH TO DATE    T                         0.23  -0.23     0.14
  SINCE DEC 1     30.76                     36.70  -5.94    24.18
  SINCE JAN 1     24.93                     31.65  -6.72    19.72

DEGREE DAYS
 HEATING
  TODAY            0                         0      0        0
  MONTH TO DATE    0                         0      0        0
  SINCE SEP 1      0                         0      0        0
  SINCE JUL 1      0                         0      0        0

 COOLING
  TODAY           19                        14      5       20
  MONTH TO DATE   39                        29     10       44
  SINCE SEP 1     39                        29     10       44
  SINCE JAN 1   1690                      1817   -127     1859
..................................................................


WIND (MPH)
  HIGHEST WIND SPEED    25   HIGHEST WIND DIRECTION     N (20)
  HIGHEST GUST SPEED    35   HIGHEST GUST DIRECTION     N (360)
  AVERAGE WIND SPEED     8.1


SKY COVER
  POSSIBLE SUNSHINE  MM
  AVERAGE SKY COVER 0.4


WEATHER CONDITIONS
 THE FOLLOWING WEATHER WAS RECORDED TODAY.
  NO SIGNIFICANT WEATHER WAS OBSERVED.


RELATIVE HUMIDITY (PERCENT)
 HIGHEST    94           300 AM
 LOWEST     47           300 PM
 AVERAGE    71

..........................................................


THE TEXARKANA CLIMATE NORMALS FOR TOMORROW
                         NORMAL    RECORD    YEAR
 MAXIMUM TEMPERATURE (F)   90       107      1939
                                             2000
 MINIMUM TEMPERATURE (F)   68        56      1974


SUNRISE AND SUNSET
SEPTEMBER  2 2014.....SUNRISE   651 AM CDT   SUNSET   740 PM CDT
SEPTEMBER  3 2014.....SUNRISE   651 AM CDT   SUNSET   739 PM CDT


-  INDICATES NEGATIVE NUMBERS.
R  INDICATES RECORD WAS SET OR TIED.
MM INDICATES DATA IS MISSING.
T  INDICATES TRACE AMOUNT.




$$
