000
CDUS44 KSHV 270739
CLITXK


CLIMATE REPORT
NATIONAL WEATHER SERVICE SHREVEPORT, LA
239 AM CDT FRI MAY 27 2016


...................................

...THE TEXARKANA CLIMATE SUMMARY FOR MAY 26 2016...

CLIMATE NORMAL PERIOD 1981 TO 2010
CLIMATE RECORD PERIOD 1896 TO 2016


WEATHER ITEM   OBSERVED TIME   RECORD YEAR NORMAL DEPARTURE LAST
                VALUE   (LST)  VALUE       VALUE  FROM      YEAR
                                                  NORMAL
..................................................................
TEMPERATURE (F)
 YESTERDAY
  MAXIMUM         81   1140 AM  96    1898  85     -4       80
  MINIMUM         70   1159 PM  43    1925  64      6       62
  AVERAGE         76                        74      2       71

PRECIPITATION (IN)
  YESTERDAY        0.77          2.37 1976   0.15   0.62     0.00
  MONTH TO DATE    2.94                      4.37  -1.43     7.47
  SINCE DEC 1     31.32                     24.95   6.37    35.34
  SINCE JAN 1     25.34                     19.90   5.44    32.66

SNOWFALL (IN)
  YESTERDAY        0.0
  MONTH TO DATE    0.0
  SINCE MAR 1      0.0
  SINCE JUL 1      0.0
  SNOW DEPTH       0

DEGREE DAYS
 HEATING
  YESTERDAY        0                         0      0        0
  MONTH TO DATE   17                        12      5        8
  SINCE MAR 1    255                       421   -166      430
  SINCE JUL 1   1908                      2615   -707     2811

 COOLING
  YESTERDAY       11                         9      2        6
  MONTH TO DATE  127                       172    -45      179
  SINCE MAR 1    236                       265    -29      276
  SINCE JAN 1    242                       269    -27      276
..................................................................


WIND (MPH)
  HIGHEST WIND SPEED    20   HIGHEST WIND DIRECTION     W (250)
  HIGHEST GUST SPEED    24   HIGHEST GUST DIRECTION     S (200)
  AVERAGE WIND SPEED     7.1


SKY COVER
  POSSIBLE SUNSHINE  MM
  AVERAGE SKY COVER 0.6


WEATHER CONDITIONS
 THE FOLLOWING WEATHER WAS RECORDED YESTERDAY.
  THUNDERSTORM
  HEAVY RAIN
  RAIN
  LIGHT RAIN
  FOG


RELATIVE HUMIDITY (PERCENT)
 HIGHEST   100           200 PM
 LOWEST     79           100 AM
 AVERAGE    90

..........................................................


THE TEXARKANA CLIMATE NORMALS FOR TODAY
                         NORMAL    RECORD    YEAR
 MAXIMUM TEMPERATURE (F)   85        97      1928
 MINIMUM TEMPERATURE (F)   64        46      1961


SUNRISE AND SUNSET
MAY 27 2016...........SUNRISE   609 AM CDT   SUNSET   818 PM CDT
MAY 28 2016...........SUNRISE   608 AM CDT   SUNSET   819 PM CDT


-  INDICATES NEGATIVE NUMBERS.
R  INDICATES RECORD WAS SET OR TIED.
MM INDICATES DATA IS MISSING.
T  INDICATES TRACE AMOUNT.




$$
