000
CDUS44 KSHV 282252
CLITYR


CLIMATE REPORT
NATIONAL WEATHER SERVICE SHREVEPORT, LA
551 PM CDT THU APR 28 2016


...................................

...THE TYLER CLIMATE SUMMARY FOR APRIL 28 2016...
VALID TODAY AS OF 0500 PM LOCAL TIME.

CLIMATE NORMAL PERIOD 1981 TO 2010
CLIMATE RECORD PERIOD 1896 TO 2016


WEATHER ITEM   OBSERVED TIME   RECORD YEAR NORMAL DEPARTURE LAST
                VALUE   (LST)  VALUE       VALUE  FROM      YEAR
                                                  NORMAL
..................................................................
TEMPERATURE (F)
 TODAY
  MAXIMUM         87    259 PM  92    1987  78      9       62
  MINIMUM         60    407 AM  41    1973  58      2       52
  AVERAGE         74                        68      6       57

PRECIPITATION (IN)
  TODAY            0.00          3.79 1963   0.13  -0.13     0.03
  MONTH TO DATE    5.18                      2.91   2.27     9.06
  SINCE DEC 1     27.19                     18.14   9.05    24.50
  SINCE JAN 1     17.42                     13.90   3.52    23.03

SNOWFALL (IN)
  TODAY            0.0
  MONTH TO DATE    0.0
  SINCE MAR 1      0.0
  SINCE JUL 1      0.0
  SNOW DEPTH       0

DEGREE DAYS
 HEATING
  TODAY            0                         1     -1        8
  MONTH TO DATE   31                        95    -64       39
  SINCE MAR 1    146                       368   -222      304
  SINCE JUL 1   1455                      2260   -805     2191

 COOLING
  TODAY            9                         4      5        0
  MONTH TO DATE  110                        69     41      140
  SINCE MAR 1    157                        90     67      172
  SINCE JAN 1    167                       102     65      172
..................................................................


WIND (MPH)
  HIGHEST WIND SPEED    15   HIGHEST WIND DIRECTION    SE (130)
  HIGHEST GUST SPEED    20   HIGHEST GUST DIRECTION    SE (130)
  AVERAGE WIND SPEED     7.3


SKY COVER
  POSSIBLE SUNSHINE  MM
  AVERAGE SKY COVER 0.0


WEATHER CONDITIONS
 THE FOLLOWING WEATHER WAS RECORDED TODAY.
  NO SIGNIFICANT WEATHER WAS OBSERVED.


RELATIVE HUMIDITY (PERCENT)
 HIGHEST    78           100 AM
 LOWEST     32           300 PM
 AVERAGE    55

..........................................................


THE TYLER CLIMATE NORMALS FOR TOMORROW
                         NORMAL    RECORD    YEAR
 MAXIMUM TEMPERATURE (F)   78        93      1990
 MINIMUM TEMPERATURE (F)   59        36      1965


SUNRISE AND SUNSET
APRIL 28 2016.........SUNRISE   638 AM CDT   SUNSET   801 PM CDT
APRIL 29 2016.........SUNRISE   637 AM CDT   SUNSET   802 PM CDT


-  INDICATES NEGATIVE NUMBERS.
R  INDICATES RECORD WAS SET OR TIED.
MM INDICATES DATA IS MISSING.
T  INDICATES TRACE AMOUNT.




$$
