856
CDUS44 KSHV 312213
CLITYR


CLIMATE REPORT
NATIONAL WEATHER SERVICE SHREVEPORT, LA
513 PM CDT TUE MAY 31 2016


...................................

...THE TYLER CLIMATE SUMMARY FOR MAY 31 2016...
VALID TODAY AS OF 0500 PM LOCAL TIME.

CLIMATE NORMAL PERIOD 1981 TO 2010
CLIMATE RECORD PERIOD 1896 TO 2016


WEATHER ITEM   OBSERVED TIME   RECORD YEAR NORMAL DEPARTURE LAST
                VALUE   (LST)  VALUE       VALUE  FROM      YEAR
                                                  NORMAL
..................................................................
TEMPERATURE (F)
 TODAY
  MAXIMUM         88    234 PM 102    1911  86      2       80
  MINIMUM         70    533 AM  52    1930  68      2       63
  AVERAGE         79                        77      2       72

PRECIPITATION (IN)
  TODAY            0.00          3.27 1967   0.18  -0.18     0.00
  MONTH TO DATE    2.97                      4.77  -1.80    10.19
  SINCE DEC 1     31.81                     23.17   8.64    34.69
  SINCE JAN 1     22.04                     18.93   3.11    33.22

DEGREE DAYS
 HEATING
  TODAY            0                         0      0        0
  MONTH TO DATE   12                         6      6        0
  SINCE MAR 1    158                       377   -219      307
  SINCE JUL 1   1467                      2269   -802     2194

 COOLING
  TODAY           14                        12      2        7
  MONTH TO DATE  261                       257      4      289
  SINCE MAR 1    438                       357     81      462
  SINCE JAN 1    448                       369     79      462
..................................................................


WIND (MPH)
  HIGHEST WIND SPEED    13   HIGHEST WIND DIRECTION    SE (150)
  HIGHEST GUST SPEED    16   HIGHEST GUST DIRECTION     S (160)
  AVERAGE WIND SPEED     7.5


SKY COVER
  POSSIBLE SUNSHINE  MM
  AVERAGE SKY COVER 0.2


WEATHER CONDITIONS
 THE FOLLOWING WEATHER WAS RECORDED TODAY.
  FOG


RELATIVE HUMIDITY (PERCENT)
 HIGHEST    97           500 AM
 LOWEST     55           100 PM
 AVERAGE    76

..........................................................


THE TYLER CLIMATE NORMALS FOR TOMORROW
                         NORMAL    RECORD    YEAR
 MAXIMUM TEMPERATURE (F)   86       100      1998
 MINIMUM TEMPERATURE (F)   68        50      1972


SUNRISE AND SUNSET
MAY 31 2016...........SUNRISE   616 AM CDT   SUNSET   823 PM CDT
JUNE  1 2016..........SUNRISE   615 AM CDT   SUNSET   824 PM CDT


-  INDICATES NEGATIVE NUMBERS.
R  INDICATES RECORD WAS SET OR TIED.
MM INDICATES DATA IS MISSING.
T  INDICATES TRACE AMOUNT.




$$
