000
CDUS44 KSHV 242157
CLITYR


CLIMATE REPORT
NATIONAL WEATHER SERVICE SHREVEPORT, LA
456 PM CDT SUN SEP 24 2017


...................................

...THE TYLER CLIMATE SUMMARY FOR SEPTEMBER 24 2017...
VALID TODAY AS OF 0400 PM LOCAL TIME.

CLIMATE NORMAL PERIOD 1981 TO 2010
CLIMATE RECORD PERIOD 1896 TO 2017


WEATHER ITEM   OBSERVED TIME   RECORD YEAR NORMAL DEPARTURE LAST
                VALUE   (LST)  VALUE       VALUE  FROM      YEAR
                                                  NORMAL
..................................................................
TEMPERATURE (F)
 TODAY
  MAXIMUM         91    249 PM 100    1939  84      7       94
  MINIMUM         71    642 AM  44    1989  63      8       73
  AVERAGE         81                        74      7       84

PRECIPITATION (IN)
  TODAY            0.00          2.63 1941   0.10  -0.10     0.00
  MONTH TO DATE    0.18                      2.72  -2.54     0.07
  SINCE DEC 1     34.50                     36.22  -1.72    41.28
  SINCE JAN 1     31.85                     31.98  -0.13    31.51

DEGREE DAYS
 HEATING
  TODAY            0                         0      0        0
  MONTH TO DATE    0                         0      0        0
  SINCE SEP 1      0                         0      0        0
  SINCE JUL 1      0                         0      0        0

 COOLING
  TODAY           16                         9      7       19
  MONTH TO DATE  292                       294     -2      433
  SINCE SEP 1    292                       294     -2      433
  SINCE JAN 1   2426                      2216    210     2732
..................................................................


WIND (MPH)
  HIGHEST WIND SPEED    16   HIGHEST WIND DIRECTION    SE (130)
  HIGHEST GUST SPEED    19   HIGHEST GUST DIRECTION    SE (120)
  AVERAGE WIND SPEED     5.8


SKY COVER
  POSSIBLE SUNSHINE  MM
  AVERAGE SKY COVER 0.1


WEATHER CONDITIONS
 THE FOLLOWING WEATHER WAS RECORDED TODAY.
  FOG


RELATIVE HUMIDITY (PERCENT)
 HIGHEST   100           300 AM
 LOWEST     41           100 PM
 AVERAGE    71

..........................................................


THE TYLER CLIMATE NORMALS FOR TOMORROW
                         NORMAL    RECORD    YEAR
 MAXIMUM TEMPERATURE (F)   84       100      2011
 MINIMUM TEMPERATURE (F)   63        43      1989


SUNRISE AND SUNSET
SEPTEMBER 24 2017.....SUNRISE   711 AM CDT   SUNSET   715 PM CDT
SEPTEMBER 25 2017.....SUNRISE   712 AM CDT   SUNSET   714 PM CDT


-  INDICATES NEGATIVE NUMBERS.
R  INDICATES RECORD WAS SET OR TIED.
MM INDICATES DATA IS MISSING.
T  INDICATES TRACE AMOUNT.




$$
