000
CDUS44 KSHV 310745
CLITYR


CLIMATE REPORT
NATIONAL WEATHER SERVICE SHREVEPORT, LA
243 AM CDT SUN JUL 31 2016


...................................

...THE TYLER CLIMATE SUMMARY FOR JULY 30 2016...

CLIMATE NORMAL PERIOD 1981 TO 2010
CLIMATE RECORD PERIOD 1896 TO 2016


WEATHER ITEM   OBSERVED TIME   RECORD YEAR NORMAL DEPARTURE LAST
                VALUE   (LST)  VALUE       VALUE  FROM      YEAR
                                                  NORMAL
..................................................................
TEMPERATURE (F)
 YESTERDAY
  MAXIMUM         98    404 PM 107    1930  94      4      104
  MINIMUM         78    152 AM  61    1984  74      4       77
  AVERAGE         88                        84      4       91

PRECIPITATION (IN)
  YESTERDAY        T             2.05 1903   0.07  -0.07     0.00
  MONTH TO DATE    1.24                      2.58  -1.34     0.04
  SINCE DEC 1     36.12                     30.58   5.54    39.97
  SINCE JAN 1     26.35                     26.34   0.01    38.50

SNOWFALL (IN)
  YESTERDAY        0.0
  MONTH TO DATE    0.0
  SINCE JUN 1      0.0
  SINCE JUL 1      0.0
  SNOW DEPTH       0

DEGREE DAYS
 HEATING
  YESTERDAY        0                         0      0        0
  MONTH TO DATE    0                         0      0        0
  SINCE JUN 1      0                         0      0        0
  SINCE JUL 1      0                         0      0        0

 COOLING
  YESTERDAY       23                        19      4       26
  MONTH TO DATE  670                       539    131      652
  SINCE JUN 1   1209                       972    237     1155
  SINCE JAN 1   1657                      1341    316     1617
..................................................................


WIND (MPH)
  HIGHEST WIND SPEED    14   HIGHEST WIND DIRECTION    SW (220)
  HIGHEST GUST SPEED    19   HIGHEST GUST DIRECTION     S (200)
  AVERAGE WIND SPEED     7.4


SKY COVER
  POSSIBLE SUNSHINE  MM
  AVERAGE SKY COVER 0.1


WEATHER CONDITIONS
 THE FOLLOWING WEATHER WAS RECORDED YESTERDAY.
  NO SIGNIFICANT WEATHER WAS OBSERVED.


RELATIVE HUMIDITY (PERCENT)
 HIGHEST    79          1200 AM
 LOWEST     35           400 PM
 AVERAGE    57

..........................................................


THE TYLER CLIMATE NORMALS FOR TODAY
                         NORMAL    RECORD    YEAR
 MAXIMUM TEMPERATURE (F)   94       111      1921
 MINIMUM TEMPERATURE (F)   74        51      1971


SUNRISE AND SUNSET
JULY 31 2016..........SUNRISE   636 AM CDT   SUNSET   820 PM CDT
AUGUST  1 2016........SUNRISE   637 AM CDT   SUNSET   819 PM CDT


-  INDICATES NEGATIVE NUMBERS.
R  INDICATES RECORD WAS SET OR TIED.
MM INDICATES DATA IS MISSING.
T  INDICATES TRACE AMOUNT.




$$
