000
CDUS44 KSHV 242153
CLITYR


CLIMATE REPORT
NATIONAL WEATHER SERVICE SHREVEPORT, LA
450 PM CDT WED AUG 24 2016


...................................

...THE TYLER CLIMATE SUMMARY FOR AUGUST 24 2016...
VALID TODAY AS OF 0400 PM LOCAL TIME.

CLIMATE NORMAL PERIOD 1981 TO 2010
CLIMATE RECORD PERIOD 1896 TO 2016


WEATHER ITEM   OBSERVED TIME   RECORD YEAR NORMAL DEPARTURE LAST
                VALUE   (LST)  VALUE       VALUE  FROM      YEAR
                                                  NORMAL
..................................................................
TEMPERATURE (F)
 TODAY
  MAXIMUM         93    259 PM 105    2011  92      1       98
  MINIMUM         77    649 AM  57    1956  73      4       77
  AVERAGE         85                        82      3       88

PRECIPITATION (IN)
  TODAY            0.00          2.58 1918   0.10  -0.10     0.00
  MONTH TO DATE    4.95                      2.11   2.84     1.45
  SINCE DEC 1     41.07                     32.75   8.32    41.42
  SINCE JAN 1     31.30                     28.51   2.79    39.95

DEGREE DAYS
 HEATING
  TODAY            0                         0      0        0
  MONTH TO DATE    0                         0      0        0
  SINCE JUN 1      0                         0      0        0
  SINCE JUL 1      0                         0      0        0

 COOLING
  TODAY           20                        17      3       23
  MONTH TO DATE  492                       448     44      518
  SINCE JUN 1   1723                      1437    286     1696
  SINCE JAN 1   2171                      1806    365     2158
..................................................................


WIND (MPH)
  HIGHEST WIND SPEED    16   HIGHEST WIND DIRECTION     S (200)
  HIGHEST GUST SPEED    21   HIGHEST GUST DIRECTION    SW (210)
  AVERAGE WIND SPEED    10.2


SKY COVER
  POSSIBLE SUNSHINE  MM
  AVERAGE SKY COVER 0.2


WEATHER CONDITIONS
 THE FOLLOWING WEATHER WAS RECORDED TODAY.
  FOG


RELATIVE HUMIDITY (PERCENT)
 HIGHEST    97           100 AM
 LOWEST     49           300 PM
 AVERAGE    73

..........................................................


THE TYLER CLIMATE NORMALS FOR TOMORROW
                         NORMAL    RECORD    YEAR
 MAXIMUM TEMPERATURE (F)   92       106      1921
 MINIMUM TEMPERATURE (F)   73        57      1961


SUNRISE AND SUNSET
AUGUST 24 2016........SUNRISE   652 AM CDT   SUNSET   755 PM CDT
AUGUST 25 2016........SUNRISE   653 AM CDT   SUNSET   754 PM CDT


-  INDICATES NEGATIVE NUMBERS.
R  INDICATES RECORD WAS SET OR TIED.
MM INDICATES DATA IS MISSING.
T  INDICATES TRACE AMOUNT.




$$
