000
CDUS44 KSHV 202234
CLITYR


CLIMATE REPORT
NATIONAL WEATHER SERVICE SHREVEPORT, LA
431 PM CST SAT DEC 20 2014


...................................

...THE TYLER CLIMATE SUMMARY FOR DECEMBER 20 2014...
VALID TODAY AS OF 0400 PM LOCAL TIME.

CLIMATE NORMAL PERIOD 1981 TO 2010
CLIMATE RECORD PERIOD 1896 TO 2014


WEATHER ITEM   OBSERVED TIME   RECORD YEAR NORMAL DEPARTURE LAST
                VALUE   (LST)  VALUE       VALUE  FROM      YEAR
                                                  NORMAL
..................................................................
TEMPERATURE (F)
 TODAY
  MAXIMUM         55    330 PM  77    1944  57     -2       73
  MINIMUM         46    840 AM  12    1901  38      8       67
  AVERAGE         51                        48      3       70

PRECIPITATION (IN)
  TODAY            0.00          1.80 1905   0.15  -0.15     0.02
  MONTH TO DATE    0.82                      2.71  -1.89     1.57
  SINCE DEC 1      0.82                      2.71  -1.89     1.57
  SINCE JAN 1     33.62                     44.26 -10.64    40.58

SNOWFALL (IN)
  TODAY            0.0
  MONTH TO DATE    0.0
  SINCE DEC 1      0.0
  SINCE JUL 1      T
  SNOW DEPTH       0

DEGREE DAYS
 HEATING
  TODAY           14                        18     -4        0
  MONTH TO DATE  212                       328   -116      338
  SINCE DEC 1    212                       328   -116      338
  SINCE JUL 1    593                       702   -109      728

 COOLING
  TODAY            0                         0      0        5
  MONTH TO DATE    3                         0      3       10
  SINCE DEC 1      3                         0      3       10
  SINCE JAN 1   2608                      2411    197     2777
..................................................................


WIND (MPH)
  HIGHEST WIND SPEED     9   HIGHEST WIND DIRECTION    NE (30)
  HIGHEST GUST SPEED    13   HIGHEST GUST DIRECTION    NE (30)
  AVERAGE WIND SPEED     4.9


SKY COVER
  POSSIBLE SUNSHINE  MM
  AVERAGE SKY COVER 1.0


WEATHER CONDITIONS
 THE FOLLOWING WEATHER WAS RECORDED TODAY.
  FOG


RELATIVE HUMIDITY (PERCENT)
 HIGHEST    93          1200 AM
 LOWEST     66           300 PM
 AVERAGE    80

..........................................................


THE TYLER CLIMATE NORMALS FOR TOMORROW
                         NORMAL    RECORD    YEAR
 MAXIMUM TEMPERATURE (F)   57        82      2010
 MINIMUM TEMPERATURE (F)   38        16      1924


SUNRISE AND SUNSET
DECEMBER 20 2014......SUNRISE   718 AM CST   SUNSET   520 PM CST
DECEMBER 21 2014......SUNRISE   719 AM CST   SUNSET   521 PM CST


-  INDICATES NEGATIVE NUMBERS.
R  INDICATES RECORD WAS SET OR TIED.
MM INDICATES DATA IS MISSING.
T  INDICATES TRACE AMOUNT.




$$
