000
CDUS44 KSHV 300738
CLITYR


CLIMATE REPORT
NATIONAL WEATHER SERVICE SHREVEPORT, LA
235 AM CDT TUE JUN 30 2015


...................................

...THE TYLER CLIMATE SUMMARY FOR JUNE 29 2015...

CLIMATE NORMAL PERIOD 1981 TO 2010
CLIMATE RECORD PERIOD 1896 TO 2015


WEATHER ITEM   OBSERVED TIME   RECORD YEAR NORMAL DEPARTURE LAST
                VALUE   (LST)  VALUE       VALUE  FROM      YEAR
                                                  NORMAL
..................................................................
TEMPERATURE (F)
 YESTERDAY
  MAXIMUM         93    327 PM 103    1930  90      3       92
  MINIMUM         73    313 AM  59    1985  73      0       79
  AVERAGE         83                        81      2       86

PRECIPITATION (IN)
  YESTERDAY        0.00          2.58 1983   0.15  -0.15     0.00
  MONTH TO DATE    5.24                      4.69   0.55     4.25
  SINCE DEC 1     39.93                     27.86  12.07    19.88
  SINCE JAN 1     38.46                     23.62  14.84    16.86

SNOWFALL (IN)
  YESTERDAY        0.0
  MONTH TO DATE    0.0
  SINCE JUN 1      0.0
  SINCE JUL 1      2.1
  SNOW DEPTH       0

DEGREE DAYS
 HEATING
  YESTERDAY        0                         0      0        0
  MONTH TO DATE    0                         0      0        0
  SINCE JUN 1      0                         0      0        0
  SINCE JUL 1   2194                      2269    -75     2539

 COOLING
  YESTERDAY       18                        16      2       21
  MONTH TO DATE  485                       416     69      448
  SINCE JUN 1    485                       416     69      448
  SINCE JAN 1    947                       785    162      841
..................................................................


WIND (MPH)
  HIGHEST WIND SPEED    21   HIGHEST WIND DIRECTION     E (90)
  HIGHEST GUST SPEED    24   HIGHEST GUST DIRECTION     E (90)
  AVERAGE WIND SPEED     6.9


SKY COVER
  POSSIBLE SUNSHINE  MM
  AVERAGE SKY COVER 0.3


WEATHER CONDITIONS
 THE FOLLOWING WEATHER WAS RECORDED YESTERDAY.
  THUNDERSTORM


RELATIVE HUMIDITY (PERCENT)
 HIGHEST    93           400 AM
 LOWEST     56           100 PM
 AVERAGE    75

..........................................................


THE TYLER CLIMATE NORMALS FOR TODAY
                         NORMAL    RECORD    YEAR
 MAXIMUM TEMPERATURE (F)   91       105      1917
 MINIMUM TEMPERATURE (F)   73        60      1898


SUNRISE AND SUNSET
JUNE 30 2015..........SUNRISE   618 AM CDT   SUNSET   833 PM CDT
JULY  1 2015..........SUNRISE   618 AM CDT   SUNSET   833 PM CDT


-  INDICATES NEGATIVE NUMBERS.
R  INDICATES RECORD WAS SET OR TIED.
MM INDICATES DATA IS MISSING.
T  INDICATES TRACE AMOUNT.




$$
