371
CDUS44 KMRX 070811
CLITYS


CLIMATE REPORT
NATIONAL WEATHER SERVICE MORRISTOWN TN
311 AM EST WED DEC 7 2016


...................................

...THE KNOXVILLE    ASOS CLIMATE SUMMARY FOR DECEMBER 6 2016...

CLIMATE NORMAL PERIOD 1981 TO 2010
CLIMATE RECORD PERIOD 1871 TO 2016


WEATHER ITEM   OBSERVED TIME   RECORD YEAR NORMAL DEPARTURE LAST
                VALUE   (LST)  VALUE       VALUE  FROM      YEAR
                                                  NORMAL
..................................................................
TEMPERATURE (F)
 YESTERDAY
  MAXIMUM         57    552 PM  74    1998  52      5       57
  MINIMUM         47   1159 PM   9    1871  33     14       28
  AVERAGE         52                        43      9       43

PRECIPITATION (IN)
  YESTERDAY        1.17          2.50 1936   0.15   1.02     0.00
  MONTH TO DATE    2.59                      0.93   1.66     2.39
  SINCE DEC 1      2.59                      0.93   1.66     2.39
  SINCE JAN 1     40.79                     44.29  -3.50    46.21

SNOWFALL (IN)
  YESTERDAY        0.0                       0.0    0.0      0.0
  MONTH TO DATE    0.0                       0.1   -0.1      0.0
  SINCE DEC 1      0.0                       0.1   -0.1      0.0
  SINCE JUL 1      0.0                       0.1   -0.1      0.0
  SNOW DEPTH       0

DEGREE DAYS
 HEATING
  YESTERDAY       13                        22     -9       22
  MONTH TO DATE  118                       129    -11      111
  SINCE DEC 1    118                       129    -11      111
  SINCE JUL 1    522                       810   -288      621

 COOLING
  YESTERDAY        0                         0      0        0
  MONTH TO DATE    0                         0      0        0
  SINCE DEC 1      0                         0      0        0
  SINCE JAN 1   2121                      1526    595     1700
..................................................................


WIND (MPH)
  HIGHEST WIND SPEED    21   HIGHEST WIND DIRECTION     W (260)
  HIGHEST GUST SPEED    25   HIGHEST GUST DIRECTION     W (260)
  AVERAGE WIND SPEED     6.9


SKY COVER
  POSSIBLE SUNSHINE  MM
  AVERAGE SKY COVER 0.9


WEATHER CONDITIONS
 THE FOLLOWING WEATHER WAS RECORDED YESTERDAY.
  HEAVY RAIN
  RAIN
  LIGHT RAIN
  FOG


RELATIVE HUMIDITY (PERCENT)
 HIGHEST    93           100 AM
 LOWEST     86          1000 PM
 AVERAGE    90

..........................................................


THE KNOXVILLE    ASOS CLIMATE NORMALS FOR TODAY
                         NORMAL    RECORD    YEAR
 MAXIMUM TEMPERATURE (F)   52        77      1951
 MINIMUM TEMPERATURE (F)   33         6      1886


SUNRISE AND SUNSET
DECEMBER  7 2016......SUNRISE   733 AM EST   SUNSET   522 PM EST
DECEMBER  8 2016......SUNRISE   734 AM EST   SUNSET   522 PM EST


-  INDICATES NEGATIVE NUMBERS.
R  INDICATES RECORD WAS SET OR TIED.
MM INDICATES DATA IS MISSING.
T  INDICATES TRACE AMOUNT.




$$
