000
CDUS44 KMRX 042220
CLITYS

CLIMATE REPORT NATIONAL WEATHER SERVICE MORRISTOWN TN
519 PM EST WED MAR 4 2015

...................................

...THE KNOXVILLE CLIMATE SUMMARY FOR MARCH 4 2015... VALID TODAY AS
OF 500 PM LOCAL TIME.

CLIMATE NORMAL PERIOD 1981 TO 2010
CLIMATE RECORD PERIOD 1871 TO 2015


WEATHER ITEM   OBSERVED TIME   RECORD YEAR NORMAL DEPARTURE LAST
                VALUE   (LST)  VALUE       VALUE  FROM      YEAR
                                                  NORMAL
..................................................................
TEMPERATURE (F)
 TODAY
  MAXIMUM         71    346 PM  82    1976  58     13       39
  MINIMUM         47   1249 AM   5    1873  36     11       25
  AVERAGE         59                        47     12       32

PRECIPITATION (IN)
  TODAY            0.09          1.51 1979   0.14  -0.05     0.00
                                      1917
  MONTH TO DATE    0.49                      0.57  -0.08     0.94
  SINCE MAR 1      0.49                      0.57  -0.08     0.94
  SINCE JAN 1      7.63                      9.15  -1.52     9.01

SNOWFALL (IN)
  TODAY            0.0                       0.0    0.0      0.0
  MONTH TO DATE    0.0                       0.1   -0.1       T
  SINCE MAR 1      0.0                       0.1   -0.1       T
  SINCE JUL 1      9.3                       5.2    4.1     11.9
  SNOW DEPTH       0

DEGREE DAYS
 HEATING
  TODAY            6                        18    -12       33
  MONTH TO DATE   72                        74     -2       82
  SINCE MAR 1     72                        74     -2       82
  SINCE JUL 1   3337                      2970    367     3129

 COOLING
  TODAY            0                         0      0        0
  MONTH TO DATE    0                         0      0        0
  SINCE MAR 1      0                         0      0        0
  SINCE JAN 1      0                         0      0        0
..................................................................


WIND (MPH)
  HIGHEST WIND SPEED    35   HIGHEST WIND DIRECTION    SW (220)
  HIGHEST GUST SPEED    44   HIGHEST GUST DIRECTION     S (200)
  AVERAGE WIND SPEED    18.8


SKY COVER
  POSSIBLE SUNSHINE  MM
  AVERAGE SKY COVER 0.9


WEATHER CONDITIONS
 THE FOLLOWING WEATHER WAS RECORDED TODAY.
  LIGHT RAIN
  FOG


RELATIVE HUMIDITY (PERCENT)
 HIGHEST   100          1200 AM
 LOWEST     66           300 PM
 AVERAGE    83

..........................................................


THE KNOXVILLE    ASOS CLIMATE NORMALS FOR TOMORROW
                         NORMAL    RECORD    YEAR
 MAXIMUM TEMPERATURE (F)   58        78      1910
 MINIMUM TEMPERATURE (F)   37         6      1960


SUNRISE AND SUNSET
MARCH  4 2015.........SUNRISE   702 AM EST   SUNSET   634 PM EST
MARCH  5 2015.........SUNRISE   701 AM EST   SUNSET   634 PM EST


-  INDICATES NEGATIVE NUMBERS.
R  INDICATES RECORD WAS SET OR TIED.
MM INDICATES DATA IS MISSING.
T  INDICATES TRACE AMOUNT.




$$
