000
CDUS44 KMRX 211252 RRA
CLITYS

CLIMATE REPORT
NATIONAL WEATHER SERVICE MORRISTOWN TN
851 AM EDT SUN SEP 21 2014


...................................

...THE KNOXVILLE CLIMATE SUMMARY FOR SEPTEMBER 20 2014...

CLIMATE NORMAL PERIOD 1981 TO 2010
CLIMATE RECORD PERIOD 1871 TO 2014


WEATHER ITEM   OBSERVED TIME   RECORD YEAR NORMAL DEPARTURE LAST
                VALUE   (LST)  VALUE       VALUE  FROM      YEAR
                                                  NORMAL
..................................................................
TEMPERATURE (F)
 YESTERDAY
  MAXIMUM         85    451 PM  97    1925  80      5       85
  MINIMUM         60    700 AM  43    1889  59      1       62
  AVERAGE         73                        70      3       74

PRECIPITATION (IN)
  YESTERDAY        0.00          1.75 1932   0.11  -0.11      T
  MONTH TO DATE    0.15                      2.14  -1.99     1.62
  SINCE SEP 1      0.15                      2.14  -1.99     1.62
  SINCE JAN 1     29.41                     35.74  -6.33    53.00

SNOWFALL (IN)
  YESTERDAY        0.0                       0.0    0.0      0.0
  MONTH TO DATE    0.0                       0.0    0.0      0.0
  SINCE SEP 1      0.0                       0.0    0.0      0.0
  SINCE JUL 1      0.0                       0.0    0.0      0.0
  SNOW DEPTH       0

DEGREE DAYS
 HEATING
  YESTERDAY        0                         1     -1        0
  MONTH TO DATE    0                         5     -5        1
  SINCE SEP 1      0                         5     -5        1
  SINCE JUL 1      0                         5     -5        1

 COOLING
  YESTERDAY        8                         5      3        9
  MONTH TO DATE  204                       165     39      178
  SINCE SEP 1    204                       165     39      178
  SINCE JAN 1   1403                      1446    -43     1365
..................................................................


WIND (MPH)
  HIGHEST WIND SPEED    10   HIGHEST WIND DIRECTION    NE (50)
  HIGHEST GUST SPEED    14   HIGHEST GUST DIRECTION    NE (30)
  AVERAGE WIND SPEED     3.1


SKY COVER
  POSSIBLE SUNSHINE  MM
  AVERAGE SKY COVER  MM


WEATHER CONDITIONS
 THE FOLLOWING WEATHER WAS RECORDED YESTERDAY.
  NO SIGNIFICANT WEATHER WAS OBSERVED.


RELATIVE HUMIDITY (PERCENT)
 HIGHEST   100           500 AM
 LOWEST     34           500 PM
 AVERAGE    67

..........................................................


THE KNOXVILLE CLIMATE NORMALS FOR TODAY
                         NORMAL    RECORD    YEAR
 MAXIMUM TEMPERATURE (F)   80        95      1955
                                             1931
 MINIMUM TEMPERATURE (F)   58        42      1918


SUNRISE AND SUNSET
SEPTEMBER 21 2014.....SUNRISE   723 AM EDT   SUNSET   734 PM EDT
SEPTEMBER 22 2014.....SUNRISE   724 AM EDT   SUNSET   733 PM EDT


-  INDICATES NEGATIVE NUMBERS.
R  INDICATES RECORD WAS SET OR TIED.
MM INDICATES DATA IS MISSING.
T  INDICATES TRACE AMOUNT.

&&

THE LOW TEMPERATURE SINCE MIDNIGHT HAS BEEN 62 DEGREES.
THERE HAS BEEN NO PRECIPITATION SINCE MIDNIGHT.



$$
