000
CDUS44 KMRX 220837
CLITYS


CLIMATE REPORT
NATIONAL WEATHER SERVICE MORRISTOWN TN
437 AM EDT SUN OCT 22 2017


...................................

...THE KNOXVILLE    ASOS CLIMATE SUMMARY FOR OCTOBER 21 2017...

CLIMATE NORMAL PERIOD 1981 TO 2010
CLIMATE RECORD PERIOD 1871 TO 2017


WEATHER ITEM   OBSERVED TIME   RECORD YEAR NORMAL DEPARTURE LAST
                VALUE   (LST)  VALUE       VALUE  FROM      YEAR
                                                  NORMAL
..................................................................
TEMPERATURE (F)
 YESTERDAY
  MAXIMUM         76    346 PM  86    1953  70      6       68
                                      1947
  MINIMUM         46    647 AM  29    1987  47     -1       50
  AVERAGE         61                        58      3       59

PRECIPITATION (IN)
  YESTERDAY        0.00          0.86 1929   0.08  -0.08     0.14
  MONTH TO DATE    2.76                      1.64   1.12     0.14
  SINCE SEP 1      5.19                      4.88   0.31     1.56
  SINCE JAN 1     42.71                     38.48   4.23    32.38

SNOWFALL (IN)
  YESTERDAY        0.0                       0.0    0.0      0.0
  MONTH TO DATE    0.0                       0.0    0.0      0.0
  SINCE SEP 1      0.0                       0.0    0.0      0.0
  SINCE JUL 1      0.0                       0.0    0.0      0.0
  SNOW DEPTH       0

DEGREE DAYS
 HEATING
  YESTERDAY        4                         8     -4        6
  MONTH TO DATE   49                       104    -55       18
  SINCE SEP 1     64                       127    -63       22
  SINCE JUL 1     64                       127    -63       22

 COOLING
  YESTERDAY        0                         1     -1        0
  MONTH TO DATE   89                        32     57       85
  SINCE SEP 1    264                       238     26      447
  SINCE JAN 1   1552                      1519     33     2097
..................................................................


WIND (MPH)
  HIGHEST WIND SPEED     7   HIGHEST WIND DIRECTION     N (10)
  HIGHEST GUST SPEED     9   HIGHEST GUST DIRECTION     N (10)
  AVERAGE WIND SPEED     1.0


SKY COVER
  POSSIBLE SUNSHINE  MM
  AVERAGE SKY COVER 0.7


WEATHER CONDITIONS
 THE FOLLOWING WEATHER WAS RECORDED YESTERDAY.
  NO SIGNIFICANT WEATHER WAS OBSERVED.


RELATIVE HUMIDITY (PERCENT)
 HIGHEST   100           100 AM
 LOWEST     43           300 PM
 AVERAGE    72

..........................................................


THE KNOXVILLE    ASOS CLIMATE NORMALS FOR TODAY
                         NORMAL    RECORD    YEAR
 MAXIMUM TEMPERATURE (F)   69        86      1947
 MINIMUM TEMPERATURE (F)   46        25      1987


SUNRISE AND SUNSET
OCTOBER 22 2017.......SUNRISE   749 AM EDT   SUNSET   651 PM EDT
OCTOBER 23 2017.......SUNRISE   750 AM EDT   SUNSET   650 PM EDT


-  INDICATES NEGATIVE NUMBERS.
R  INDICATES RECORD WAS SET OR TIED.
MM INDICATES DATA IS MISSING.
T  INDICATES TRACE AMOUNT.




$$
