000
CDUS44 KMRX 290812
CLITYS


CLIMATE REPORT
NATIONAL WEATHER SERVICE MORRISTOWN TN
411 AM EDT MON MAY 29 2017


...................................

...THE KNOXVILLE    ASOS CLIMATE SUMMARY FOR MAY 28 2017...

CLIMATE NORMAL PERIOD 1981 TO 2010
CLIMATE RECORD PERIOD 1871 TO 2017


WEATHER ITEM   OBSERVED TIME   RECORD YEAR NORMAL DEPARTURE LAST
                VALUE   (LST)  VALUE       VALUE  FROM      YEAR
                                                  NORMAL
..................................................................
TEMPERATURE (F)
 YESTERDAY
  MAXIMUM         78    500 PM  94    1914  81     -3       85
  MINIMUM         62    536 AM  41    1961  60      2       64
  AVERAGE         70                        70      0       75

PRECIPITATION (IN)
  YESTERDAY        0.01          2.24 1982   0.13  -0.12     0.00
  MONTH TO DATE    4.26                      4.09   0.17     3.98
  SINCE MAR 1     17.60                     12.44   5.16     9.30
  SINCE JAN 1     23.54                     21.02   2.52    19.18

SNOWFALL (IN)
  YESTERDAY        0.0                       0.0    0.0      0.0
  MONTH TO DATE    0.0                       0.0    0.0      0.0
  SINCE MAR 1      T                         1.4   -1.4      0.0
  SINCE JUL 1      2.3                       6.5   -4.2      5.2
  SNOW DEPTH       0

DEGREE DAYS
 HEATING
  YESTERDAY        0                         1     -1        0
  MONTH TO DATE   52                        57     -5       52
  SINCE MAR 1    532                       736   -204      522
  SINCE JUL 1   2591                      3632  -1041     2955

 COOLING
  YESTERDAY        5                         6     -1       10
  MONTH TO DATE  131                       105     26      105
  SINCE MAR 1    227                       142     85      178
  SINCE JAN 1    227                       142     85      178
..................................................................


WIND (MPH)
  HIGHEST WIND SPEED    17   HIGHEST WIND DIRECTION    SW (230)
  HIGHEST GUST SPEED    21   HIGHEST GUST DIRECTION    SW (230)
  AVERAGE WIND SPEED     8.2


SKY COVER
  POSSIBLE SUNSHINE  MM
  AVERAGE SKY COVER 0.8


WEATHER CONDITIONS
 THE FOLLOWING WEATHER WAS RECORDED YESTERDAY.
  LIGHT RAIN


RELATIVE HUMIDITY (PERCENT)
 HIGHEST    93           200 AM
 LOWEST     60           500 PM
 AVERAGE    77

..........................................................


THE KNOXVILLE    ASOS CLIMATE NORMALS FOR TODAY
                         NORMAL    RECORD    YEAR
 MAXIMUM TEMPERATURE (F)   81        95      1941
                                             1914
 MINIMUM TEMPERATURE (F)   60        45      1902


SUNRISE AND SUNSET
MAY 29 2017...........SUNRISE   622 AM EDT   SUNSET   845 PM EDT
MAY 30 2017...........SUNRISE   622 AM EDT   SUNSET   846 PM EDT


-  INDICATES NEGATIVE NUMBERS.
R  INDICATES RECORD WAS SET OR TIED.
MM INDICATES DATA IS MISSING.
T  INDICATES TRACE AMOUNT.




$$
