000
CDUS44 KMRX 212217
CLITYS


CLIMATE REPORT
NATIONAL WEATHER SERVICE MORRISTOWN TN
517 PM EST WED FEB 21 2018


...................................

...THE KNOXVILLE    ASOS CLIMATE SUMMARY FOR FEBRUARY 21 2018...
VALID TODAY AS OF 0500 PM LOCAL TIME.

CLIMATE NORMAL PERIOD 1981 TO 2010
CLIMATE RECORD PERIOD 1871 TO 2018


WEATHER ITEM   OBSERVED TIME   RECORD YEAR NORMAL DEPARTURE LAST
                VALUE   (LST)  VALUE       VALUE  FROM      YEAR
                                                  NORMAL
..................................................................
TEMPERATURE (F)
 TODAY
  MAXIMUM         80R   359 PM  75    1922  54     26       72
  MINIMUM         61    722 AM   5    1896  34     27       44
  AVERAGE         71                        44     27       58

PRECIPITATION (IN)
  TODAY            0.17          1.76 1891   0.15   0.02      T
  MONTH TO DATE    6.56                      3.19   3.37     1.73
  SINCE DEC 1     11.48                     12.01  -0.53    12.06
  SINCE JAN 1      8.10                      7.51   0.59     5.10

SNOWFALL (IN)
  TODAY            0.0                       0.0    0.0      0.0
  MONTH TO DATE    T                         1.3   -1.3       T
  SINCE DEC 1      2.6                       4.8   -2.2      2.3
  SINCE JUL 1      2.6                       4.8   -2.2      2.3
  SNOW DEPTH       0

DEGREE DAYS
 HEATING
  TODAY            0                        21    -21        7
  MONTH TO DATE  364                       494   -130      349
  SINCE DEC 1   2068                      2075     -7     1574
  SINCE JUL 1   2686                      2756    -70     1978

 COOLING
  TODAY            6                         0      6        0
  MONTH TO DATE    7                         0      7        0
  SINCE DEC 1      7                         0      7        0
  SINCE JAN 1      7                         0      7        0
..................................................................


WIND (MPH)
  HIGHEST WIND SPEED    24   HIGHEST WIND DIRECTION    SW (210)
  HIGHEST GUST SPEED    30   HIGHEST GUST DIRECTION    SW (210)
  AVERAGE WIND SPEED    10.4


SKY COVER
  POSSIBLE SUNSHINE  MM
  AVERAGE SKY COVER 0.7


WEATHER CONDITIONS
 THE FOLLOWING WEATHER WAS RECORDED TODAY.
  RAIN
  FOG


RELATIVE HUMIDITY (PERCENT)
 HIGHEST   100           700 AM
 LOWEST     54           400 PM
 AVERAGE    77

..........................................................


THE KNOXVILLE    ASOS CLIMATE NORMALS FOR TOMORROW
                         NORMAL    RECORD    YEAR
 MAXIMUM TEMPERATURE (F)   54        76      1980
                                             1874
 MINIMUM TEMPERATURE (F)   34         5      1963


SUNRISE AND SUNSET
FEBRUARY 21 2018......SUNRISE   716 AM EST   SUNSET   624 PM EST
FEBRUARY 22 2018......SUNRISE   715 AM EST   SUNSET   624 PM EST


-  INDICATES NEGATIVE NUMBERS.
R  INDICATES RECORD WAS SET OR TIED.
MM INDICATES DATA IS MISSING.
T  INDICATES TRACE AMOUNT.




$$
