000
CDUS43 KLOT 010632
CLIUGN


CLIMATE REPORT
NATIONAL WEATHER SERVICE CHICAGO IL
131 AM CDT FRI AUG 1 2014


...................................

...THE WAUKEGAN   CLIMATE SUMMARY FOR JULY 31 2014...

CLIMATE NORMAL PERIOD 1981 TO 2010
CLIMATE RECORD PERIOD 2000 TO 2014


WEATHER ITEM   OBSERVED TIME   RECORD YEAR NORMAL DEPARTURE LAST
                VALUE   (LST)  VALUE       VALUE  FROM      YEAR
                                                  NORMAL
..................................................................
TEMPERATURE (F)
 YESTERDAY
  MAXIMUM         83   1255 PM  99    2006  80      3       75
  MINIMUM         58   1212 AM  56    2009  62     -4       62
  AVERAGE         71

PRECIPITATION (IN)
  YESTERDAY        0.00          1.03 2000   0.13  -0.13     0.31
  MONTH TO DATE    1.15                      3.88  -2.73     2.37
  SINCE JUN 1      8.40                      7.76   0.64     6.62
  SINCE JAN 1     19.24                     20.62  -1.38    20.48

DEGREE DAYS
 HEATING
  YESTERDAY        0                         0      0        0
  MONTH TO DATE   34                         3     31       27
  SINCE JUN 1    107                        98      9      124
  SINCE JUL 1     34                        12     22       27

 COOLING
  YESTERDAY        6                         6      0        4
  MONTH TO DATE  101                       205   -104      187
  SINCE JUN 1    184                       310   -126      277
  SINCE JAN 1    207                       335   -128      324
..................................................................


WIND (MPH)
  RESULTANT WIND SPEED   1   RESULTANT WIND DIRECTION   S (180)
  HIGHEST WIND SPEED    13   HIGHEST WIND DIRECTION     W (260)
  HIGHEST GUST SPEED    20   HIGHEST GUST DIRECTION     W (270)
  AVERAGE WIND SPEED     4.5


SKY COVER
  POSSIBLE SUNSHINE  MM
  AVERAGE SKY COVER 0.2


WEATHER CONDITIONS
 THE FOLLOWING WEATHER WAS RECORDED YESTERDAY.
  FOG
  HAZE


RELATIVE HUMIDITY (PERCENT)
 HIGHEST    93
 LOWEST     40
 AVERAGE    67

..........................................................


THE WAUKEGAN   CLIMATE NORMALS FOR TODAY
                         NORMAL    RECORD    YEAR
 MAXIMUM TEMPERATURE (F)   80        98      2006
 MINIMUM TEMPERATURE (F)   62        56      2009


SUNRISE AND SUNSET
AUGUST  1 2014........SUNRISE   544 AM CDT   SUNSET   811 PM CDT
AUGUST  2 2014........SUNRISE   545 AM CDT   SUNSET   810 PM CDT


-  INDICATES NEGATIVE NUMBERS.
R  INDICATES RECORD WAS SET OR TIED.
MM INDICATES DATA IS MISSING.
T  INDICATES TRACE AMOUNT.




$$
