000
CDUS43 KLOT 050637
CLIUGN


CLIMATE REPORT
NATIONAL WEATHER SERVICE CHICAGO IL
1237 AM CST THU MAR 5 2015


...................................

...THE WAUKEGAN   CLIMATE SUMMARY FOR MARCH 4 2015...

CLIMATE NORMAL PERIOD 1981 TO 2010
CLIMATE RECORD PERIOD 2000 TO 2015


WEATHER ITEM   OBSERVED TIME   RECORD YEAR NORMAL DEPARTURE LAST
                VALUE   (LST)  VALUE       VALUE  FROM      YEAR
                                                  NORMAL
..................................................................
TEMPERATURE (F)
 YESTERDAY
  MAXIMUM         30    107 AM  63    2000  40    -10       24
  MINIMUM          4   1159 PM  -7    2002  23    -19        9
  AVERAGE         17

PRECIPITATION (IN)
  YESTERDAY        0.00          0.86 2004   0.06  -0.06      T
  MONTH TO DATE    0.00                      0.24  -0.24      T
  SINCE MAR 1      0.00                      0.24  -0.24      T
  SINCE JAN 1      0.54                      3.29  -2.75     2.02

DEGREE DAYS
 HEATING
  YESTERDAY       48                        34     14       48
  MONTH TO DATE  180                       137     43      215
  SINCE MAR 1    180                       137     43      215
  SINCE JUL 1   5705                      5083    622     6084

 COOLING
  YESTERDAY        0                         0      0        0
  MONTH TO DATE    0                         0      0        0
  SINCE MAR 1      0                         0      0        0
  SINCE JAN 1      0                         0      0        0
..................................................................


WIND (MPH)
  RESULTANT WIND SPEED   8   RESULTANT WIND DIRECTION   W (290)
  HIGHEST WIND SPEED    17   HIGHEST WIND DIRECTION    NW (300)
  HIGHEST GUST SPEED    24   HIGHEST GUST DIRECTION    NW (310)
  AVERAGE WIND SPEED     8.4


SKY COVER
  POSSIBLE SUNSHINE  MM
  AVERAGE SKY COVER 0.2


WEATHER CONDITIONS
 THE FOLLOWING WEATHER WAS RECORDED YESTERDAY.
  NO SIGNIFICANT WEATHER WAS OBSERVED.


RELATIVE HUMIDITY (PERCENT)
 HIGHEST    78
 LOWEST     39
 AVERAGE    59

..........................................................


THE WAUKEGAN   CLIMATE NORMALS FOR TODAY
                         NORMAL    RECORD    YEAR
 MAXIMUM TEMPERATURE (F)   40        64      2009
 MINIMUM TEMPERATURE (F)   24         7      2002


SUNRISE AND SUNSET
MARCH  5 2015.........SUNRISE   621 AM CST   SUNSET   546 PM CST
MARCH  6 2015.........SUNRISE   619 AM CST   SUNSET   547 PM CST


-  INDICATES NEGATIVE NUMBERS.
R  INDICATES RECORD WAS SET OR TIED.
MM INDICATES DATA IS MISSING.
T  INDICATES TRACE AMOUNT.




$$
