000
CDUS46 KSEW 010828
CLIUIL


CLIMATE REPORT
NATIONAL WEATHER SERVICE SEATTLE WA
128 AM PDT WED OCT 1 2014


...................................

...THE QUILLAYUTE WA AIRPORT CLIMATE SUMMARY FOR SEPTEMBER 30 2014...

CLIMATE NORMAL PERIOD 1981 TO 2010
CLIMATE RECORD PERIOD 1966 TO 2014


WEATHER ITEM   OBSERVED TIME   RECORD YEAR NORMAL DEPARTURE LAST
                VALUE   (LST)  VALUE       VALUE  FROM      YEAR
                                                  NORMAL
..................................................................
TEMPERATURE (F)
 YESTERDAY
  MAXIMUM         65   1222 PM  90    1987  63      2       62
  MINIMUM         47    544 AM  33    1999  44      3       48
  AVERAGE         56                        54      2       55

PRECIPITATION (IN)
  YESTERDAY        0.00          2.64 1997   0.18  -0.18     0.43
  MONTH TO DATE    4.55                      3.82   0.73     9.59
  SINCE OCT 1     77.63                     99.54 -21.91   118.38
  SINCE JAN 1     60.40                     60.54  -0.14    71.41

DEGREE DAYS
 HEATING
  YESTERDAY        9                        11     -2       10
  MONTH TO DATE  139                       256   -117      119
  SINCE SEP 1    139                       256   -117      119
  SINCE JUL 1    389                       625   -236      291

 COOLING
  YESTERDAY        0                         0      0        0
  MONTH TO DATE    7                         2      5       14
  SINCE SEP 1      7                         2      5       14
  SINCE JAN 1     25                        19      6       39
..................................................................


WIND (MPH)
  RESULTANT WIND SPEED   2   RESULTANT WIND DIRECTION   W (280)
  HIGHEST WIND SPEED    13   HIGHEST WIND DIRECTION    NW (300)
  HIGHEST GUST SPEED    19   HIGHEST GUST DIRECTION    NW (300)
  AVERAGE WIND SPEED     3.2


SKY COVER
  AVERAGE SKY COVER 0.7


WEATHER CONDITIONS
 THE FOLLOWING WEATHER WAS RECORDED YESTERDAY.
  FOG
  FOG W/VISIBILITY <= 1/4 MILE


RELATIVE HUMIDITY (PERCENT)
 HIGHEST   100          1200 AM
 LOWEST     63          1100 AM
 AVERAGE    82

..........................................................


THE QUILLAYUTE WA AIRPORT CLIMATE NORMALS FOR TODAY
                         NORMAL    RECORD    YEAR
 MAXIMUM TEMPERATURE (F)   63        83      1988
 MINIMUM TEMPERATURE (F)   44        31      1999


SUNRISE AND SUNSET
OCTOBER  1 2014.......SUNRISE   717 AM PDT   SUNSET   657 PM PDT
OCTOBER  2 2014.......SUNRISE   719 AM PDT   SUNSET   655 PM PDT


-  INDICATES NEGATIVE NUMBERS.
R  INDICATES RECORD WAS SET OR TIED.
MM INDICATES DATA IS MISSING.
T  INDICATES TRACE AMOUNT.




$$
