000
CDUS46 KSEW 230126
CLIUIL


CLIMATE REPORT
NATIONAL WEATHER SERVICE SEATTLE WA
625 PM PDT WED MAR 22 2017


...................................

...THE QUILLAYUTE WA AIRPORT CLIMATE SUMMARY FOR MARCH 22 2017...
VALID TODAY AS OF 0600 PM LOCAL TIME.

CLIMATE NORMAL PERIOD 1981 TO 2010
CLIMATE RECORD PERIOD 1966 TO 2017


WEATHER ITEM   OBSERVED TIME   RECORD YEAR NORMAL DEPARTURE LAST
                VALUE   (LST)  VALUE       VALUE  FROM      YEAR
                                                  NORMAL
..................................................................
TEMPERATURE (F)
 TODAY
  MAXIMUM         49    442 AM  69    1979  52     -3       53
  MINIMUM         45    357 PM  27    2001  37      8       44
                                      1982
  AVERAGE         47                        45      2       49

PRECIPITATION (IN)
  TODAY            1.02          3.57 1967   0.35   0.67     0.38
  MONTH TO DATE   14.38                      7.84   6.54    12.63
  SINCE OCT 1     94.36                     71.80  22.56    88.07
  SINCE JAN 1     34.43                     32.80   1.63    44.09

DEGREE DAYS
 HEATING
  TODAY           18                        20     -2       16
  MONTH TO DATE  487                       468     19      385
  SINCE MAR 1    487                       468     19      385
  SINCE JUL 1   4309                      4313     -4     3508

 COOLING
  TODAY            0                         0      0        0
  MONTH TO DATE    0                         0      0        0
  SINCE MAR 1      0                         0      0        0
  SINCE JAN 1      0                         0      0        0
..................................................................


WIND (MPH)
  RESULTANT WIND SPEED   9   RESULTANT WIND DIRECTION   S (190)
  HIGHEST WIND SPEED    22   HIGHEST WIND DIRECTION     W (250)
  HIGHEST GUST SPEED    34   HIGHEST GUST DIRECTION     S (200)
  AVERAGE WIND SPEED    11.3


SKY COVER
  AVERAGE SKY COVER 1.0


WEATHER CONDITIONS
 THE FOLLOWING WEATHER WAS RECORDED TODAY.
  HEAVY RAIN
  RAIN
  LIGHT RAIN
  FOG


RELATIVE HUMIDITY (PERCENT)
 HIGHEST   100          1200 AM
 LOWEST     76           500 PM
 AVERAGE    88

..........................................................


THE QUILLAYUTE WA AIRPORT CLIMATE NORMALS FOR TOMORROW
                         NORMAL    RECORD    YEAR
 MAXIMUM TEMPERATURE (F)   52        65      1979
 MINIMUM TEMPERATURE (F)   37        28      1994


SUNRISE AND SUNSET
MARCH 22 2017.........SUNRISE   716 AM PDT   SUNSET   734 PM PDT
MARCH 23 2017.........SUNRISE   714 AM PDT   SUNSET   736 PM PDT


-  INDICATES NEGATIVE NUMBERS.
R  INDICATES RECORD WAS SET OR TIED.
MM INDICATES DATA IS MISSING.
T  INDICATES TRACE AMOUNT.




$$
