000
CDUS46 KSEW 280830
CLIUIL


CLIMATE REPORT
NATIONAL WEATHER SERVICE SEATTLE WA
129 AM PDT SUN AUG 28 2016


...................................

...THE QUILLAYUTE WA AIRPORT CLIMATE SUMMARY FOR AUGUST 27 2016...

CLIMATE NORMAL PERIOD 1981 TO 2010
CLIMATE RECORD PERIOD 1966 TO 2016


WEATHER ITEM   OBSERVED TIME   RECORD YEAR NORMAL DEPARTURE LAST
                VALUE   (LST)  VALUE       VALUE  FROM      YEAR
                                                  NORMAL
..................................................................
TEMPERATURE (F)
 YESTERDAY
  MAXIMUM         62    357 PM  88    1972  68     -6       73
  MINIMUM         56    707 AM  39    1998  50      6       50
  AVERAGE         59                        59      0       62

PRECIPITATION (IN)
  YESTERDAY        0.02          1.21 1975   0.10  -0.08     0.14
  MONTH TO DATE    0.32                      2.06  -1.74     0.35
  SINCE OCT 1    101.82                     95.29   6.53    87.67
  SINCE JAN 1     57.84                     56.29   1.55    42.92

DEGREE DAYS
 HEATING
  YESTERDAY        6                         6      0        3
  MONTH TO DATE  100                       150    -50       72
  SINCE JUN 1    504                       638   -134      333
  SINCE JUL 1    255                       344    -89      143

 COOLING
  YESTERDAY        0                         0      0        0
  MONTH TO DATE   43                         0     43       25
  SINCE JUN 1     54                        10     44       55
  SINCE JAN 1     54                        11     43       55
..................................................................


WIND (MPH)
  RESULTANT WIND SPEED   6   RESULTANT WIND DIRECTION  SW (230)
  HIGHEST WIND SPEED    13   HIGHEST WIND DIRECTION    SW (230)
  HIGHEST GUST SPEED    16   HIGHEST GUST DIRECTION    SW (230)
  AVERAGE WIND SPEED     6.1


SKY COVER
  AVERAGE SKY COVER 1.0


WEATHER CONDITIONS
 THE FOLLOWING WEATHER WAS RECORDED YESTERDAY.
  LIGHT RAIN
  FOG


RELATIVE HUMIDITY (PERCENT)
 HIGHEST   100          1200 AM
 LOWEST     72           400 PM
 AVERAGE    86

..........................................................


THE QUILLAYUTE WA AIRPORT CLIMATE NORMALS FOR TODAY
                         NORMAL    RECORD    YEAR
 MAXIMUM TEMPERATURE (F)   68        85      1998
                                             1967
 MINIMUM TEMPERATURE (F)   50        41      2010
                                             2000
                                             1984


SUNRISE AND SUNSET
AUGUST 28 2016........SUNRISE   632 AM PDT   SUNSET   806 PM PDT
AUGUST 29 2016........SUNRISE   633 AM PDT   SUNSET   804 PM PDT


-  INDICATES NEGATIVE NUMBERS.
R  INDICATES RECORD WAS SET OR TIED.
MM INDICATES DATA IS MISSING.
T  INDICATES TRACE AMOUNT.




$$
