000
CDUS46 KSEW 160124
CLIUIL


CLIMATE REPORT
NATIONAL WEATHER SERVICE SEATTLE WA
524 PM PST MON JAN 15 2018


...................................

...THE QUILLAYUTE WA AIRPORT CLIMATE SUMMARY FOR JANUARY 15 2018...
VALID TODAY AS OF 0500 PM LOCAL TIME.

CLIMATE NORMAL PERIOD 1981 TO 2010
CLIMATE RECORD PERIOD 1966 TO 2018


WEATHER ITEM   OBSERVED TIME   RECORD YEAR NORMAL DEPARTURE LAST
                VALUE   (LST)  VALUE       VALUE  FROM      YEAR
                                                  NORMAL
..................................................................
TEMPERATURE (F)
 TODAY
  MAXIMUM         63R   125 PM  58    2009  47     16       49
  MINIMUM         42    332 AM  19    1997  36      6       22
                                      1984
  AVERAGE         53                        42     11       36

PRECIPITATION (IN)
  TODAY            T             2.27 2010   0.51  -0.51     0.00
  MONTH TO DATE    5.58                      7.26  -1.68     1.31
  SINCE OCT 1     43.80                     46.26  -2.46    61.24
  SINCE JAN 1      5.58                      7.26  -1.68     1.31

DEGREE DAYS
 HEATING
  TODAY           12                        23    -11       29
  MONTH TO DATE  305                       357    -52      475
  SINCE DEC 1   1067                      1121    -54     1336
  SINCE JUL 1   2601                      2835   -234     2763

 COOLING
  TODAY            0                         0      0        0
  MONTH TO DATE    0                         0      0        0
  SINCE DEC 1      0                         0      0        0
  SINCE JAN 1      0                         0      0        0
..................................................................


WIND (MPH)
  RESULTANT WIND SPEED   5   RESULTANT WIND DIRECTION   E (80)
  HIGHEST WIND SPEED    14   HIGHEST WIND DIRECTION    NE (50)
  HIGHEST GUST SPEED    21   HIGHEST GUST DIRECTION     S (170)
  AVERAGE WIND SPEED     4.9


SKY COVER
  AVERAGE SKY COVER 0.3


WEATHER CONDITIONS
 THE FOLLOWING WEATHER WAS RECORDED TODAY.
  LIGHT RAIN


RELATIVE HUMIDITY (PERCENT)
 HIGHEST    92           400 AM
 LOWEST     55           200 PM
 AVERAGE    74

..........................................................


THE QUILLAYUTE WA AIRPORT CLIMATE NORMALS FOR TOMORROW
                         NORMAL    RECORD    YEAR
 MAXIMUM TEMPERATURE (F)   47        60      2014
 MINIMUM TEMPERATURE (F)   36        18      1984


SUNRISE AND SUNSET
JANUARY 15 2018.......SUNRISE   803 AM PST   SUNSET   453 PM PST
JANUARY 16 2018.......SUNRISE   802 AM PST   SUNSET   454 PM PST


-  INDICATES NEGATIVE NUMBERS.
R  INDICATES RECORD WAS SET OR TIED.
MM INDICATES DATA IS MISSING.
T  INDICATES TRACE AMOUNT.




$$
