000
CDUS46 KSEW 290119
CLIUIL


CLIMATE REPORT
NATIONAL WEATHER SERVICE SEATTLE WA
619 PM PDT TUE JUL 28 2015


...................................

...THE QUILLAYUTE WA AIRPORT CLIMATE SUMMARY FOR JULY 28 2015...
VALID TODAY AS OF 0600 PM LOCAL TIME.

CLIMATE NORMAL PERIOD 1981 TO 2010
CLIMATE RECORD PERIOD 1966 TO 2015


WEATHER ITEM   OBSERVED TIME   RECORD YEAR NORMAL DEPARTURE LAST
                VALUE   (LST)  VALUE       VALUE  FROM      YEAR
                                                  NORMAL
..................................................................
TEMPERATURE (F)
 TODAY
  MAXIMUM         74   1207 PM  88    1974  69      5       77
  MINIMUM         57    551 AM  39    2008  51      6       52
  AVERAGE         66                        60      6       65

PRECIPITATION (IN)
  TODAY            0.00          1.30 2000   0.05  -0.05     0.00
  MONTH TO DATE    0.97                      1.82  -0.85     0.82
  SINCE OCT 1     87.32                     93.07  -5.75    72.39
  SINCE JAN 1     42.57                     54.07 -11.50    55.16

DEGREE DAYS
 HEATING
  TODAY            0                         5     -5        0
  MONTH TO DATE   71                       180   -109      130
  SINCE JUN 1    261                       474   -213      379
  SINCE JUL 1     71                       180   -109      130

 COOLING
  TODAY            1                         0      1        0
  MONTH TO DATE   10                         0     10        6
  SINCE JUN 1     23                         3     20        6
  SINCE JAN 1     23                         4     19       10
..................................................................


WIND (MPH)
  RESULTANT WIND SPEED   3   RESULTANT WIND DIRECTION  NW (300)
  HIGHEST WIND SPEED    15   HIGHEST WIND DIRECTION     N (340)
  HIGHEST GUST SPEED    19   HIGHEST GUST DIRECTION     N (340)
  AVERAGE WIND SPEED     4.2


SKY COVER
  AVERAGE SKY COVER 0.5


WEATHER CONDITIONS
 THE FOLLOWING WEATHER WAS RECORDED TODAY.
  NO SIGNIFICANT WEATHER WAS OBSERVED.


RELATIVE HUMIDITY (PERCENT)
 HIGHEST   100           100 AM
 LOWEST     61           100 PM
 AVERAGE    81

..........................................................


THE QUILLAYUTE WA AIRPORT CLIMATE NORMALS FOR TOMORROW
                         NORMAL    RECORD    YEAR
 MAXIMUM TEMPERATURE (F)   69        89      1974
 MINIMUM TEMPERATURE (F)   51        41      1997


SUNRISE AND SUNSET
JULY 28 2015..........SUNRISE   549 AM PDT   SUNSET   859 PM PDT
JULY 29 2015..........SUNRISE   551 AM PDT   SUNSET   858 PM PDT


-  INDICATES NEGATIVE NUMBERS.
R  INDICATES RECORD WAS SET OR TIED.
MM INDICATES DATA IS MISSING.
T  INDICATES TRACE AMOUNT.




$$
