000
CDUS46 KSEW 290830
CLIUIL


CLIMATE REPORT
NATIONAL WEATHER SERVICE SEATTLE WA
130 AM PDT FRI AUG 29 2014


...................................

...THE QUILLAYUTE WA AIRPORT CLIMATE SUMMARY FOR AUGUST 28 2014...

CLIMATE NORMAL PERIOD 1981 TO 2010
CLIMATE RECORD PERIOD 1966 TO 2014


WEATHER ITEM   OBSERVED TIME   RECORD YEAR NORMAL DEPARTURE LAST
                VALUE   (LST)  VALUE       VALUE  FROM      YEAR
                                                  NORMAL
..................................................................
TEMPERATURE (F)
 YESTERDAY
  MAXIMUM         70    159 PM  85    1998  68      2       71
                                      1967
  MINIMUM         50   1155 PM  41    2010  50      0       63
                                      2000
                                      1984
  AVERAGE         60                        59      1       67

PRECIPITATION (IN)
  YESTERDAY        T             1.48 1975   0.11  -0.11     0.21
  MONTH TO DATE    0.52                      2.17  -1.65     1.82
  SINCE OCT 1     72.91                     95.40 -22.49   107.60
  SINCE JAN 1     55.68                     56.40  -0.72    60.63

DEGREE DAYS
 HEATING
  YESTERDAY        5                         6     -1        0
  MONTH TO DATE  101                       156    -55       58
  SINCE JUN 1    486                       644   -158      351
  SINCE JUL 1    237                       350   -113      171

 COOLING
  YESTERDAY        0                         0      0        2
  MONTH TO DATE    8                         0      8        6
  SINCE JUN 1     14                        10      4       19
  SINCE JAN 1     18                        11      7       22
..................................................................


WIND (MPH)
  RESULTANT WIND SPEED   3   RESULTANT WIND DIRECTION   W (250)
  HIGHEST WIND SPEED    13   HIGHEST WIND DIRECTION    SW (240)
  HIGHEST GUST SPEED    15   HIGHEST GUST DIRECTION     W (250)
  AVERAGE WIND SPEED     3.0


SKY COVER
  AVERAGE SKY COVER 0.7


WEATHER CONDITIONS
 THE FOLLOWING WEATHER WAS RECORDED YESTERDAY.
  LIGHT RAIN
  FOG
  FOG W/VISIBILITY <= 1/4 MILE


RELATIVE HUMIDITY (PERCENT)
 HIGHEST   100          1200 AM
 LOWEST     76           200 PM
 AVERAGE    88

..........................................................


THE QUILLAYUTE WA AIRPORT CLIMATE NORMALS FOR TODAY
                         NORMAL    RECORD    YEAR
 MAXIMUM TEMPERATURE (F)   68        86      1996
 MINIMUM TEMPERATURE (F)   50        37      1980


SUNRISE AND SUNSET
AUGUST 29 2014........SUNRISE   632 AM PDT   SUNSET   805 PM PDT
AUGUST 30 2014........SUNRISE   634 AM PDT   SUNSET   803 PM PDT


-  INDICATES NEGATIVE NUMBERS.
R  INDICATES RECORD WAS SET OR TIED.
MM INDICATES DATA IS MISSING.
T  INDICATES TRACE AMOUNT.




$$
