000
CDUS46 KSEW 210121
CLIUIL


CLIMATE REPORT
NATIONAL WEATHER SERVICE SEATTLE WA
521 PM PST MON FEB 20 2017


...................................

...THE QUILLAYUTE WA AIRPORT CLIMATE SUMMARY FOR FEBRUARY 20 2017...
VALID TODAY AS OF 0500 PM LOCAL TIME.

CLIMATE NORMAL PERIOD 1981 TO 2010
CLIMATE RECORD PERIOD 1966 TO 2017


WEATHER ITEM   OBSERVED TIME   RECORD YEAR NORMAL DEPARTURE LAST
                VALUE   (LST)  VALUE       VALUE  FROM      YEAR
                                                  NORMAL
..................................................................
TEMPERATURE (F)
 TODAY
  MAXIMUM         48    309 PM  61    2000  49     -1       53
  MINIMUM         38    500 AM  24    2011  35      3       34
                                      1986
                                      1973
  AVERAGE         43                        42      1       44

PRECIPITATION (IN)
  TODAY            T             1.61 1996   0.35  -0.35     0.10
  MONTH TO DATE    9.91                      7.46   2.45    14.17
  SINCE OCT 1     78.12                     61.07  17.05    73.87
  SINCE JAN 1     18.19                     22.07  -3.88    29.89

DEGREE DAYS
 HEATING
  TODAY           22                        23     -1       21
  MONTH TO DATE  463                       460      3      345
  SINCE DEC 1   2162                      1951    211     1654
  SINCE JUL 1   3589                      3665    -76     2965

 COOLING
  TODAY            0                         0      0        0
  MONTH TO DATE    0                         0      0        0
  SINCE DEC 1      0                         0      0        0
  SINCE JAN 1      0                         0      0        0
..................................................................


WIND (MPH)
  RESULTANT WIND SPEED   1   RESULTANT WIND DIRECTION   N (360)
  HIGHEST WIND SPEED     9   HIGHEST WIND DIRECTION     W (280)
  HIGHEST GUST SPEED    12   HIGHEST GUST DIRECTION    NW (330)
  AVERAGE WIND SPEED     3.0


SKY COVER
  AVERAGE SKY COVER 1.0


WEATHER CONDITIONS
 THE FOLLOWING WEATHER WAS RECORDED TODAY.
  LIGHT RAIN


RELATIVE HUMIDITY (PERCENT)
 HIGHEST   100          1200 AM
 LOWEST     76           400 PM
 AVERAGE    88

..........................................................


THE QUILLAYUTE WA AIRPORT CLIMATE NORMALS FOR TOMORROW
                         NORMAL    RECORD    YEAR
 MAXIMUM TEMPERATURE (F)   50        63      1970
 MINIMUM TEMPERATURE (F)   35        24      2005


SUNRISE AND SUNSET
FEBRUARY 20 2017......SUNRISE   715 AM PST   SUNSET   549 PM PST
FEBRUARY 21 2017......SUNRISE   713 AM PST   SUNSET   551 PM PST


-  INDICATES NEGATIVE NUMBERS.
R  INDICATES RECORD WAS SET OR TIED.
MM INDICATES DATA IS MISSING.
T  INDICATES TRACE AMOUNT.




$$
