000
CDUS46 KSEW 050826
CLIUIL


CLIMATE REPORT
NATIONAL WEATHER SERVICE SEATTLE WA
126 AM PDT SAT SEP 5 2015


...................................

...THE QUILLAYUTE WA AIRPORT CLIMATE SUMMARY FOR SEPTEMBER 4 2015...

CLIMATE NORMAL PERIOD 1981 TO 2010
CLIMATE RECORD PERIOD 1966 TO 2015


WEATHER ITEM   OBSERVED TIME   RECORD YEAR NORMAL DEPARTURE LAST
                VALUE   (LST)  VALUE       VALUE  FROM      YEAR
                                                  NORMAL
..................................................................
TEMPERATURE (F)
 YESTERDAY
  MAXIMUM         68    210 PM  88    1991  68      0       77
  MINIMUM         40    513 AM  38    1998  49     -9       42
  AVERAGE         54                        58     -4       60

PRECIPITATION (IN)
  YESTERDAY        0.00          1.21 1979   0.11  -0.11     0.00
  MONTH TO DATE    0.92                      0.41   0.51     0.15
  SINCE OCT 1     92.29                     96.13  -3.84    73.23
  SINCE JAN 1     47.54                     57.13  -9.59    56.00

DEGREE DAYS
 HEATING
  YESTERDAY       11                         7      4        5
  MONTH TO DATE   34                        27      7       27
  SINCE SEP 1     34                        27      7       27
  SINCE JUL 1    191                       396   -205      277

 COOLING
  YESTERDAY        0                         0      0        0
  MONTH TO DATE    0                         0      0        0
  SINCE SEP 1      0                         0      0        0
  SINCE JAN 1     56                        17     39       18
..................................................................


WIND (MPH)
  RESULTANT WIND SPEED   4   RESULTANT WIND DIRECTION   N (10)
  HIGHEST WIND SPEED    17   HIGHEST WIND DIRECTION     N (340)
  HIGHEST GUST SPEED    22   HIGHEST GUST DIRECTION    NW (330)
  AVERAGE WIND SPEED     4.5


SKY COVER
  AVERAGE SKY COVER 0.1


WEATHER CONDITIONS
 THE FOLLOWING WEATHER WAS RECORDED YESTERDAY.
  NO SIGNIFICANT WEATHER WAS OBSERVED.


RELATIVE HUMIDITY (PERCENT)
 HIGHEST   100           300 AM
 LOWEST     45           200 PM
 AVERAGE    73

..........................................................


THE QUILLAYUTE WA AIRPORT CLIMATE NORMALS FOR TODAY
                         NORMAL    RECORD    YEAR
 MAXIMUM TEMPERATURE (F)   68        87      2014
 MINIMUM TEMPERATURE (F)   49        40      1998


SUNRISE AND SUNSET
SEPTEMBER  5 2015.....SUNRISE   642 AM PDT   SUNSET   751 PM PDT
SEPTEMBER  6 2015.....SUNRISE   643 AM PDT   SUNSET   749 PM PDT


-  INDICATES NEGATIVE NUMBERS.
R  INDICATES RECORD WAS SET OR TIED.
MM INDICATES DATA IS MISSING.
T  INDICATES TRACE AMOUNT.




$$
