000
CDUS46 KSEW 210832
CLIUIL


CLIMATE REPORT
NATIONAL WEATHER SERVICE SEATTLE WA
1232 AM PST SUN DEC 21 2014


...................................

...THE QUILLAYUTE WA AIRPORT CLIMATE SUMMARY FOR DECEMBER 20 2014...

CLIMATE NORMAL PERIOD 1981 TO 2010
CLIMATE RECORD PERIOD 1966 TO 2014


WEATHER ITEM   OBSERVED TIME   RECORD YEAR NORMAL DEPARTURE LAST
                VALUE   (LST)  VALUE       VALUE  FROM      YEAR
                                                  NORMAL
..................................................................
TEMPERATURE (F)
 YESTERDAY
  MAXIMUM         55    627 PM  58    2005  46      9       51
  MINIMUM         46    704 AM  18    1998  34     12       36
                                      1990
  AVERAGE         51                        40     11       44

PRECIPITATION (IN)
  YESTERDAY        1.21          1.77 2009   0.40   0.81     0.97
  MONTH TO DATE   12.00                      8.52   3.48     3.58
  SINCE OCT 1     42.54                     34.53   8.01    14.65
  SINCE JAN 1    102.94                     95.07   7.87    86.06

DEGREE DAYS
 HEATING
  YESTERDAY       14                        25    -11       21
  MONTH TO DATE  374                       492   -118      535
  SINCE DEC 1    374                       492   -118      535
  SINCE JUL 1   1608                      2206   -598     1731

 COOLING
  YESTERDAY        0                         0      0        0
  MONTH TO DATE    0                         0      0        0
  SINCE DEC 1      0                         0      0        0
  SINCE JAN 1     25                        19      6       39
..................................................................


WIND (MPH)
  RESULTANT WIND SPEED   9   RESULTANT WIND DIRECTION   S (180)
  HIGHEST WIND SPEED    29   HIGHEST WIND DIRECTION     W (250)
  HIGHEST GUST SPEED    39   HIGHEST GUST DIRECTION     W (250)
  AVERAGE WIND SPEED    12.7


SKY COVER
  AVERAGE SKY COVER 1.0


WEATHER CONDITIONS
 THE FOLLOWING WEATHER WAS RECORDED YESTERDAY.
  HEAVY RAIN
  RAIN
  LIGHT RAIN
  FOG


RELATIVE HUMIDITY (PERCENT)
 HIGHEST   100          1000 AM
 LOWEST     86          1200 AM
 AVERAGE    93

..........................................................


THE QUILLAYUTE WA AIRPORT CLIMATE NORMALS FOR TODAY
                         NORMAL    RECORD    YEAR
 MAXIMUM TEMPERATURE (F)   46        54      2005
                                             1975
 MINIMUM TEMPERATURE (F)   34        10      1990


SUNRISE AND SUNSET
DECEMBER 21 2014......SUNRISE   805 AM PST   SUNSET   428 PM PST
DECEMBER 22 2014......SUNRISE   806 AM PST   SUNSET   428 PM PST


-  INDICATES NEGATIVE NUMBERS.
R  INDICATES RECORD WAS SET OR TIED.
MM INDICATES DATA IS MISSING.
T  INDICATES TRACE AMOUNT.




$$
