000
CDUS46 KSEW 090829
CLIUIL


CLIMATE REPORT
NATIONAL WEATHER SERVICE SEATTLE WA
1228 AM PST TUE FEB 9 2016


...................................

...THE QUILLAYUTE WA AIRPORT CLIMATE SUMMARY FOR FEBRUARY 8 2016...

CLIMATE NORMAL PERIOD 1981 TO 2010
CLIMATE RECORD PERIOD 1966 TO 2016


WEATHER ITEM   OBSERVED TIME   RECORD YEAR NORMAL DEPARTURE LAST
                VALUE   (LST)  VALUE       VALUE  FROM      YEAR
                                                  NORMAL
..................................................................
TEMPERATURE (F)
 YESTERDAY
  MAXIMUM         70R   237 PM  61    1970  49     21       56
  MINIMUM         40    800 AM  18    1989  35      5       49
  AVERAGE         55                        42     13       53

PRECIPITATION (IN)
  YESTERDAY        0.00          1.96 1969   0.38  -0.38     0.29
  MONTH TO DATE    3.06                      3.10  -0.04     5.85
  SINCE OCT 1     62.76                     56.71   6.05    62.13
  SINCE JAN 1     18.78                     17.71   1.07    17.38

DEGREE DAYS
 HEATING
  YESTERDAY       10                        23    -13       12
  MONTH TO DATE  155                       184    -29      119
  SINCE DEC 1   1464                      1675   -211     1339
  SINCE JUL 1   2775                      3389   -614     2573

 COOLING
  YESTERDAY        0                         0      0        0
  MONTH TO DATE    0                         0      0        0
  SINCE DEC 1      0                         0      0        0
  SINCE JAN 1      0                         0      0        0
..................................................................


WIND (MPH)
  RESULTANT WIND SPEED   6   RESULTANT WIND DIRECTION  NE (60)
  HIGHEST WIND SPEED    14   HIGHEST WIND DIRECTION    NE (50)
  HIGHEST GUST SPEED    20   HIGHEST GUST DIRECTION    NE (60)
  AVERAGE WIND SPEED     6.0


SKY COVER
  AVERAGE SKY COVER 0.0


WEATHER CONDITIONS
 THE FOLLOWING WEATHER WAS RECORDED YESTERDAY.
  NO SIGNIFICANT WEATHER WAS OBSERVED.


RELATIVE HUMIDITY (PERCENT)
 HIGHEST    92           800 AM
 LOWEST     49           200 PM
 AVERAGE    71

..........................................................


THE QUILLAYUTE WA AIRPORT CLIMATE NORMALS FOR TODAY
                         NORMAL    RECORD    YEAR
 MAXIMUM TEMPERATURE (F)   49        64      1970
 MINIMUM TEMPERATURE (F)   35        25      2011
                                             1999
                                             1989


SUNRISE AND SUNSET
FEBRUARY  9 2016......SUNRISE   735 AM PST   SUNSET   531 PM PST
FEBRUARY 10 2016......SUNRISE   733 AM PST   SUNSET   532 PM PST


-  INDICATES NEGATIVE NUMBERS.
R  INDICATES RECORD WAS SET OR TIED.
MM INDICATES DATA IS MISSING.
T  INDICATES TRACE AMOUNT.




$$
