000
CDUS43 KLSX 180727
CLIUIN


CLIMATE REPORT
NATIONAL WEATHER SERVICE ST LOUIS MO
227 AM CDT WED OCT 18 2017


...................................

...THE QUINCY IL CLIMATE SUMMARY FOR OCTOBER 17 2017...

CLIMATE NORMAL PERIOD 1981 TO 2010
CLIMATE RECORD PERIOD 1901 TO 2017


WEATHER ITEM   OBSERVED TIME   RECORD YEAR NORMAL DEPARTURE LAST
                VALUE   (LST)  VALUE       VALUE  FROM      YEAR
                                                  NORMAL
..................................................................
TEMPERATURE (F)
 YESTERDAY
  MAXIMUM         70    317 PM  90    2016  65      5       90
  MINIMUM         46    548 AM  27    1943  44      2       69
  AVERAGE         58                        54      4

PRECIPITATION (IN)
  YESTERDAY        0.00          3.47 1946   0.09  -0.09     0.00
  MONTH TO DATE    3.83                      1.66   2.17     1.82
  SINCE SEP 1      4.50                      4.96  -0.46     4.91
  SINCE JAN 1     30.65                     30.71  -0.06    28.60

DEGREE DAYS
 HEATING
  YESTERDAY        7                        11     -4
  MONTH TO DATE   57                       150    -93
  SINCE SEP 1     88                       232   -144
  SINCE JUL 1     88                       237   -149

 COOLING
  YESTERDAY        0                         0      0
  MONTH TO DATE   47                        14     33
  SINCE SEP 1    227                       137     90
  SINCE JAN 1   1222                      1090    132
..................................................................


WIND (MPH)
  HIGHEST WIND SPEED    20   HIGHEST WIND DIRECTION    SW (210)
  HIGHEST GUST SPEED    24   HIGHEST GUST DIRECTION     S (200)
  AVERAGE WIND SPEED     9.9


SKY COVER
  AVERAGE SKY COVER 0.0



RELATIVE HUMIDITY (PERCENT)
 HIGHEST    76           100 AM
 LOWEST     36           100 PM
 AVERAGE    56

..........................................................


THE QUINCY IL CLIMATE NORMALS FOR TODAY
                         NORMAL    RECORD    YEAR
 MAXIMUM TEMPERATURE (F)   64        87      1924
 MINIMUM TEMPERATURE (F)   44        24      1948


SUNRISE AND SUNSET
OCTOBER 18 2017.......SUNRISE   719 AM CDT   SUNSET   620 PM CDT
OCTOBER 19 2017.......SUNRISE   720 AM CDT   SUNSET   619 PM CDT


-  INDICATES NEGATIVE NUMBERS.
R  INDICATES RECORD WAS SET OR TIED.
MM INDICATES DATA IS MISSING.
T  INDICATES TRACE AMOUNT.




$$
