000
CDUS43 KLSX 050734
CLIUIN


CLIMATE REPORT
NATIONAL WEATHER SERVICE ST LOUIS MO
133 AM CST THU MAR 5 2015


...................................

...THE QUINCY IL CLIMATE SUMMARY FOR MARCH 4 2015...

CLIMATE NORMAL PERIOD 1981 TO 2010
CLIMATE RECORD PERIOD 1901 TO 2015


WEATHER ITEM   OBSERVED TIME   RECORD YEAR NORMAL DEPARTURE LAST
                VALUE   (LST)  VALUE       VALUE  FROM      YEAR
                                                  NORMAL
..................................................................
TEMPERATURE (F)
 YESTERDAY
  MAXIMUM         28   1219 AM  73    1961  46    -18       36
  MINIMUM         13    649 AM  -8    1978  28    -15       10
  AVERAGE         21                        37    -16

PRECIPITATION (IN)
  YESTERDAY        0.00          1.74 1964   0.08  -0.08     0.00
  MONTH TO DATE    0.18                      0.32  -0.14     0.01
  SINCE MAR 1      0.18                      0.32  -0.14     0.01
  SINCE JAN 1      2.22                      3.72  -1.50     2.13

DEGREE DAYS
 HEATING
  YESTERDAY       44                        28     16
  MONTH TO DATE  155                       114     41
  SINCE MAR 1    155                       114     41
  SINCE JUL 1   4821                      4456    365

 COOLING
  YESTERDAY        0                         0      0
  MONTH TO DATE    0                         0      0
  SINCE MAR 1      0                         0      0
  SINCE JAN 1      0                         0      0
..................................................................


WIND (MPH)
  HIGHEST WIND SPEED    24   HIGHEST WIND DIRECTION     N (340)
  HIGHEST GUST SPEED    31   HIGHEST GUST DIRECTION    NW (320)
  AVERAGE WIND SPEED    12.0


SKY COVER
  AVERAGE SKY COVER 0.4



RELATIVE HUMIDITY (PERCENT)
 HIGHEST    73           600 AM
 LOWEST     45           200 PM
 AVERAGE    59

..........................................................


THE QUINCY IL CLIMATE NORMALS FOR TODAY
                         NORMAL    RECORD    YEAR
 MAXIMUM TEMPERATURE (F)   46        79      1956
 MINIMUM TEMPERATURE (F)   29       -13      1960


SUNRISE AND SUNSET
MARCH  5 2015.........SUNRISE   632 AM CST   SUNSET   601 PM CST
MARCH  6 2015.........SUNRISE   631 AM CST   SUNSET   602 PM CST


-  INDICATES NEGATIVE NUMBERS.
R  INDICATES RECORD WAS SET OR TIED.
MM INDICATES DATA IS MISSING.
T  INDICATES TRACE AMOUNT.




$$
