000
CDUS43 KLSX 062232
CLIUIN


CLIMATE REPORT
NATIONAL WEATHER SERVICE ST LOUIS MO
530 PM CDT FRI MAY 6 2016


...................................

...THE QUINCY IL CLIMATE SUMMARY FOR MAY 6 2016...
VALID TODAY AS OF 0500 PM LOCAL TIME.

CLIMATE NORMAL PERIOD 1981 TO 2010
CLIMATE RECORD PERIOD 1901 TO 2016


WEATHER ITEM   OBSERVED TIME   RECORD YEAR NORMAL DEPARTURE LAST
                VALUE   (LST)  VALUE       VALUE  FROM      YEAR
                                                  NORMAL
..................................................................
TEMPERATURE (F)
 TODAY
  MAXIMUM         82    318 PM  91    1934  70     12       83
  MINIMUM         45    456 AM  32    1989  50     -5       62
  AVERAGE         64                        60      4       73

PRECIPITATION (IN)
  TODAY            0.00          1.65 2002   0.14  -0.14      T
  MONTH TO DATE    T                         0.80  -0.80     0.19
  SINCE MAR 1      4.42                      6.95  -2.53     2.84
  SINCE JAN 1      5.04                     10.35  -5.31     4.88

DEGREE DAYS
 HEATING
  TODAY            1                         6     -5
  MONTH TO DATE   55                        41     14
  SINCE MAR 1    902                      1129   -227
  SINCE JUL 1   4499                      5471   -972

 COOLING
  TODAY            0                         1     -1
  MONTH TO DATE    0                         6     -6
  SINCE MAR 1     21                        24     -3
  SINCE JAN 1     21                        24     -3
..................................................................


WIND (MPH)
  HIGHEST WIND SPEED    15   HIGHEST WIND DIRECTION     W (250)
  HIGHEST GUST SPEED    18   HIGHEST GUST DIRECTION     W (250)
  AVERAGE WIND SPEED     8.1


SKY COVER
  AVERAGE SKY COVER 0.0



RELATIVE HUMIDITY (PERCENT)
 HIGHEST    89           400 AM
 LOWEST     30           200 PM
 AVERAGE    60

..........................................................


THE QUINCY IL CLIMATE NORMALS FOR TOMORROW
                         NORMAL    RECORD    YEAR
 MAXIMUM TEMPERATURE (F)   70        90      1940
 MINIMUM TEMPERATURE (F)   50        32      1906


SUNRISE AND SUNSET
MAY  6 2016...........SUNRISE   558 AM CDT   SUNSET   805 PM CDT
MAY  7 2016...........SUNRISE   557 AM CDT   SUNSET   806 PM CDT


-  INDICATES NEGATIVE NUMBERS.
R  INDICATES RECORD WAS SET OR TIED.
MM INDICATES DATA IS MISSING.
T  INDICATES TRACE AMOUNT.




$$
