132
CDUS46 KEKA 161210
CLIUKI


CLIMATE REPORT
NATIONAL WEATHER SERVICE EUREKA CA
510 AM PDT WED AUG 16 2017


...................................

...THE UKIAH CA CLIMATE SUMMARY FOR AUGUST 15 2017...

CLIMATE NORMAL PERIOD 1981 TO 2010
CLIMATE RECORD PERIOD 1903 TO 2017


WEATHER ITEM   OBSERVED TIME   RECORD YEAR NORMAL DEPARTURE LAST
                VALUE   (LST)  VALUE       VALUE  FROM      YEAR
                                                  NORMAL
..................................................................
TEMPERATURE (F)
 YESTERDAY
  MAXIMUM         89    302 PM 107    2008  92     -3       96
                                      1951
  MINIMUM         56    616 AM  40    1911  54      2       52
  AVERAGE         73                        73      0       74

PRECIPITATION (IN)
  YESTERDAY        0.00          0.29 1976   0.00   0.00     0.00
  MONTH TO DATE    0.00                      0.01  -0.01     0.00
  SINCE OCT 1     51.62                     36.81  14.81    36.52
  SINCE JAN 1     34.51                     23.43  11.08    24.31

SNOWFALL (IN)
  YESTERDAY        0.0          MM      MM  MM     MM        0.0
  MONTH TO DATE    0.0                      MM     MM        0.0
  SINCE JUN 1      0.0                      MM     MM        0.0
  SINCE JUL 1      0.0                      MM     MM        0.0
  SNOW DEPTH       0

DEGREE DAYS
 HEATING
  YESTERDAY        0                         0      0        0
  MONTH TO DATE    0                         0      0        0
  SINCE JUN 1     25                        33     -8       22
  SINCE JUL 1      0                         1     -1        0

 COOLING
  YESTERDAY        8                         8      0        9
  MONTH TO DATE  204                       128     76      143
  SINCE JUN 1    811                       519    292      626
  SINCE JAN 1    905                       571    334      691
..................................................................


WIND (MPH)
  HIGHEST WIND SPEED    13   HIGHEST WIND DIRECTION     W (250)
  HIGHEST GUST SPEED    19   HIGHEST GUST DIRECTION     W (260)
  AVERAGE WIND SPEED     4.5


SKY COVER
  AVERAGE SKY COVER 0.0


WEATHER CONDITIONS
 THE FOLLOWING WEATHER WAS RECORDED YESTERDAY.
  NO SIGNIFICANT WEATHER WAS OBSERVED.


RELATIVE HUMIDITY (PERCENT)
 HIGHEST    93
 LOWEST     26
 AVERAGE    60

..........................................................


THE UKIAH CA CLIMATE NORMALS FOR TODAY
                         NORMAL    RECORD    YEAR
 MAXIMUM TEMPERATURE (F)   92       106      1920
 MINIMUM TEMPERATURE (F)   54        43      1911


SUNRISE AND SUNSET
AUGUST 16 2017........SUNRISE   627 AM PDT   SUNSET   806 PM PDT
AUGUST 17 2017........SUNRISE   628 AM PDT   SUNSET   805 PM PDT


-  INDICATES NEGATIVE NUMBERS.
R  INDICATES RECORD WAS SET OR TIED.
MM INDICATES DATA IS MISSING.
T  INDICATES TRACE AMOUNT.




$$
