000
CDUS46 KEKA 210020
CLIUKI


CLIMATE REPORT
NATIONAL WEATHER SERVICE EUREKA CA
420 PM PST MON FEB 20 2017


...................................

...THE UKIAH CA CLIMATE SUMMARY FOR FEBRUARY 20 2017...
VALID TODAY AS OF 0400 PM LOCAL TIME.

CLIMATE NORMAL PERIOD 1981 TO 2010
CLIMATE RECORD PERIOD 1903 TO 2017


WEATHER ITEM   OBSERVED RECORD YEAR NORMAL DEPARTURE LAST
                VALUE   VALUE       VALUE  FROM      YEAR
                                           NORMAL
...........................................................
TEMPERATURE (F)
 TODAY
  MAXIMUM         58     78    1964  61     -3       59
  MINIMUM         52     23    1913  39     13       33
  AVERAGE         55                 50      5       46

PRECIPITATION (IN)
  TODAY            1.29   3.30 1914   0.26   1.03     0.00
  MONTH TO DATE   10.93               4.50   6.43     2.17
  SINCE OCT 1     42.96              24.89  18.07    25.16
  SINCE JAN 1     25.85              11.51  14.34    12.95

SNOWFALL (IN)
  TODAY            0.0   MM          MM     MM        0.0
  MONTH TO DATE    0.0               MM     MM        0.0
  SINCE DEC 1      0.0               MM     MM        0.0
  SINCE JUL 1      0.0               MM     MM        0.0
  SNOW DEPTH       0

...........................................................


WIND (MPH)
  HIGHEST WIND SPEED    22   HIGHEST WIND DIRECTION     S (180)
  HIGHEST GUST SPEED    35   HIGHEST GUST DIRECTION     S (190)
  AVERAGE WIND SPEED     8.8


SKY COVER
  AVERAGE SKY COVER 1.0


WEATHER CONDITIONS
 THE FOLLOWING WEATHER WAS RECORDED TODAY.
  HEAVY RAIN
  RAIN
  LIGHT RAIN
  FOG


RELATIVE HUMIDITY (PERCENT)
 HIGHEST    93
 LOWEST     86
 AVERAGE    90

..........................................................


THE UKIAH CA CLIMATE NORMALS FOR TOMORROW
                         NORMAL    RECORD    YEAR
 MAXIMUM TEMPERATURE (F)   61        79      1995
 MINIMUM TEMPERATURE (F)   39        26      1975


SUNRISE AND SUNSET
FEBRUARY 20 2017......SUNRISE   657 AM PST   SUNSET   556 PM PST
FEBRUARY 21 2017......SUNRISE   656 AM PST   SUNSET   557 PM PST


-  INDICATES NEGATIVE NUMBERS.
R  INDICATES RECORD WAS SET OR TIED.
MM INDICATES DATA IS MISSING.
T  INDICATES TRACE AMOUNT.




$$
