000
CDUS46 KEKA 210024
CLIUKI


CLIMATE REPORT
NATIONAL WEATHER SERVICE EUREKA CA
524 PM PDT FRI OCT 20 2017


...................................

...THE UKIAH CA CLIMATE SUMMARY FOR OCTOBER 20 2017...
VALID TODAY AS OF 0500 PM LOCAL TIME.

CLIMATE NORMAL PERIOD 1981 TO 2010
CLIMATE RECORD PERIOD 1903 TO 2017


WEATHER ITEM   OBSERVED RECORD YEAR NORMAL DEPARTURE LAST
                VALUE   VALUE       VALUE  FROM      YEAR
                                           NORMAL
...........................................................
TEMPERATURE (F)
 TODAY
  MAXIMUM         61     94    1964  75    -14       81
  MINIMUM         46     28    1906  43      3       45
  AVERAGE         54                 59     -5       63

PRECIPITATION (IN)
  TODAY            T      0.70 1992   0.08  -0.08     0.00
  MONTH TO DATE    0.21               0.80  -0.59     2.79
  SINCE OCT 1      0.21               0.80  -0.59     2.79
  SINCE JAN 1     34.75              24.77   9.98    27.10

SNOWFALL (IN)
  TODAY           MM     MM          MM     MM        0.0
  MONTH TO DATE    0.0               MM     MM        0.0
  SINCE SEP 1      0.0               MM     MM        0.0
  SINCE JUL 1      0.0               MM     MM        0.0
  SNOW DEPTH       0

...........................................................


WIND (MPH)
  HIGHEST WIND SPEED    15   HIGHEST WIND DIRECTION    NW (300)
  HIGHEST GUST SPEED    21   HIGHEST GUST DIRECTION    NW (310)
  AVERAGE WIND SPEED     4.3


SKY COVER
  AVERAGE SKY COVER 0.4


WEATHER CONDITIONS
 THE FOLLOWING WEATHER WAS RECORDED TODAY.
  LIGHT RAIN


RELATIVE HUMIDITY (PERCENT)
 HIGHEST   100
 LOWEST     42
 AVERAGE    71

..........................................................


THE UKIAH CA CLIMATE NORMALS FOR TOMORROW
                         NORMAL    RECORD    YEAR
 MAXIMUM TEMPERATURE (F)   75        96      1929
 MINIMUM TEMPERATURE (F)   43        29      1912


SUNRISE AND SUNSET
OCTOBER 20 2017.......SUNRISE   728 AM PDT   SUNSET   626 PM PDT
OCTOBER 21 2017.......SUNRISE   729 AM PDT   SUNSET   625 PM PDT


-  INDICATES NEGATIVE NUMBERS.
R  INDICATES RECORD WAS SET OR TIED.
MM INDICATES DATA IS MISSING.
T  INDICATES TRACE AMOUNT.




$$
