088
CDUS46 KEKA 231211
CLIUKI


CLIMATE REPORT
NATIONAL WEATHER SERVICE EUREKA CA
511 AM PDT FRI JUN 23 2017


...................................

...THE UKIAH CA CLIMATE SUMMARY FOR JUNE 22 2017...

CLIMATE NORMAL PERIOD 1981 TO 2010
CLIMATE RECORD PERIOD 1903 TO 2017


WEATHER ITEM   OBSERVED TIME   RECORD YEAR NORMAL DEPARTURE LAST
                VALUE   (LST)  VALUE       VALUE  FROM      YEAR
                                                  NORMAL
..................................................................
TEMPERATURE (F)
 YESTERDAY
  MAXIMUM        111R   223 PM 104    1970  85     26       91
  MINIMUM         68    537 AM  40    1975  54     14       53
  AVERAGE         90                        69     21       72

PRECIPITATION (IN)
  YESTERDAY        0.00          0.19 1941   0.01  -0.01     0.00
  MONTH TO DATE    0.04                      0.30  -0.26     0.36
  SINCE OCT 1     51.62                     36.72  14.90    36.52
  SINCE JAN 1     34.51                     23.34  11.17    24.31

SNOWFALL (IN)
  YESTERDAY        0.0          MM      MM  MM     MM        0.0
  MONTH TO DATE    0.0                      MM     MM        0.0
  SINCE JUN 1      0.0                      MM     MM        0.0
  SINCE JUL 1      0.0                      MM     MM        0.0
  SNOW DEPTH       0

DEGREE DAYS
 HEATING
  YESTERDAY        0                         1     -1        0
  MONTH TO DATE   25                        30     -5       22
  SINCE JUN 1     25                        30     -5       22
  SINCE JUL 1   2891                      3116   -225     2557

 COOLING
  YESTERDAY       25                         5     20        7
  MONTH TO DATE  158                        64     94      113
  SINCE JUN 1    158                        64     94      113
  SINCE JAN 1    252                       116    136      178
..................................................................


WIND (MPH)
  HIGHEST WIND SPEED    15   HIGHEST WIND DIRECTION     W (260)
  HIGHEST GUST SPEED    19   HIGHEST GUST DIRECTION     W (250)
  AVERAGE WIND SPEED     4.2


SKY COVER
  AVERAGE SKY COVER 0.0


WEATHER CONDITIONS
 THE FOLLOWING WEATHER WAS RECORDED YESTERDAY.
  NO SIGNIFICANT WEATHER WAS OBSERVED.


RELATIVE HUMIDITY (PERCENT)
 HIGHEST    81
 LOWEST     15
 AVERAGE    48

..........................................................


THE UKIAH CA CLIMATE NORMALS FOR TODAY
                         NORMAL    RECORD    YEAR
 MAXIMUM TEMPERATURE (F)   85       108      1929
 MINIMUM TEMPERATURE (F)   54        41      1907


SUNRISE AND SUNSET
JUNE 23 2017..........SUNRISE   548 AM PDT   SUNSET   843 PM PDT
JUNE 24 2017..........SUNRISE   548 AM PDT   SUNSET   843 PM PDT


-  INDICATES NEGATIVE NUMBERS.
R  INDICATES RECORD WAS SET OR TIED.
MM INDICATES DATA IS MISSING.
T  INDICATES TRACE AMOUNT.




$$
