000
CDUS46 KEKA 181219
CLIUKI


CLIMATE REPORT
NATIONAL WEATHER SERVICE EUREKA CA
419 AM PST THU DEC 18 2014


...................................

...THE UKIAH CA CLIMATE SUMMARY FOR DECEMBER 17 2014...

CLIMATE NORMAL PERIOD 1981 TO 2010
CLIMATE RECORD PERIOD 1903 TO 2014


WEATHER ITEM   OBSERVED TIME   RECORD YEAR NORMAL DEPARTURE LAST
                VALUE   (LST)  VALUE       VALUE  FROM      YEAR
                                                  NORMAL
..................................................................
TEMPERATURE (F)
 YESTERDAY
  MAXIMUM         54    152 PM  71    1980  55     -1       67
  MINIMUM         47    948 PM  21    1918  36     11       29
  AVERAGE         51                        45      6       48

PRECIPITATION (IN)
  YESTERDAY        0.48          1.50 1940   0.26   0.22     0.00
  MONTH TO DATE   10.89                      3.35   7.54     0.49
  SINCE JUL 1     17.25                     10.37   6.88     1.92
  SINCE JAN 1     33.88                     33.75   0.13     7.50

SNOWFALL (IN)
  YESTERDAY       MM            MM      MM  MM     MM        0.0
  MONTH TO DATE    0.0                      MM     MM        0.0
  SINCE DEC 1      0.0                      MM     MM        0.0
  SINCE JUL 1      0.0                      MM     MM        0.0
  SNOW DEPTH       0

DEGREE DAYS
 HEATING
  YESTERDAY       14                        20     -6       17
  MONTH TO DATE  183                       329   -146      394
  SINCE DEC 1    183                       329   -146      394
  SINCE JUL 1    584                       952   -368      919

 COOLING
  YESTERDAY        0                         0      0        0
  MONTH TO DATE    0                         0      0        0
  SINCE DEC 1      0                         0      0        0
  SINCE JAN 1   1290                       835    455      974
..................................................................


WIND (MPH)
  HIGHEST WIND SPEED    12   HIGHEST WIND DIRECTION    SE (150)
  HIGHEST GUST SPEED    14   HIGHEST GUST DIRECTION    SE (150)
  AVERAGE WIND SPEED     3.6


SKY COVER
  AVERAGE SKY COVER 0.8


WEATHER CONDITIONS
 THE FOLLOWING WEATHER WAS RECORDED YESTERDAY.
  RAIN
  LIGHT RAIN
  FOG


RELATIVE HUMIDITY (PERCENT)
 HIGHEST    93
 LOWEST     71
 AVERAGE    82

..........................................................


THE UKIAH CA CLIMATE NORMALS FOR TODAY
                         NORMAL    RECORD    YEAR
 MAXIMUM TEMPERATURE (F)   54        74      1958
 MINIMUM TEMPERATURE (F)   36        19      1924


SUNRISE AND SUNSET
DECEMBER 18 2014......SUNRISE   727 AM PST   SUNSET   452 PM PST
DECEMBER 19 2014......SUNRISE   727 AM PST   SUNSET   453 PM PST


-  INDICATES NEGATIVE NUMBERS.
R  INDICATES RECORD WAS SET OR TIED.
MM INDICATES DATA IS MISSING.
T  INDICATES TRACE AMOUNT.




$$
