000
CDUS43 KSGF 300625
CLIUNO


CLIMATE REPORT
NATIONAL WEATHER SERVICE SPRINGFIELD MO
125 AM CDT THU OCT 30 2014


...................................

...THE WEST PLAINS MO CLIMATE SUMMARY FOR OCTOBER 29 2014...

CLIMATE NORMAL PERIOD 1981 TO 2010
CLIMATE RECORD PERIOD 1947 TO 2014


WEATHER ITEM   OBSERVED TIME   RECORD YEAR NORMAL DEPARTURE LAST
                VALUE   (LST)  VALUE       VALUE  FROM      YEAR
                                                  NORMAL
..................................................................
TEMPERATURE (F)
 YESTERDAY
  MAXIMUM         66    239 PM  88    1950  65      1       65
  MINIMUM         38   1150 PM  19    1952  42     -4       50
  AVERAGE         52                        53     -1       58

PRECIPITATION (IN)
  YESTERDAY        0.00          3.02 1991   0.11  -0.11     0.62
  MONTH TO DATE    7.29                      3.62   3.67     2.44
  SINCE SEP 1      9.49                      7.71   1.78     4.09
  SINCE JAN 1     31.11                     37.78  -6.67    46.32

DEGREE DAYS
 HEATING
  YESTERDAY       13                        12      1        7
  MONTH TO DATE  186                       238    -52      248
  SINCE SEP 1    230                       279    -49      264
  SINCE JUL 1    232                       280    -48      268

 COOLING
  YESTERDAY        0                         0      0        0
  MONTH TO DATE   36                        20     16       34
  SINCE SEP 1    176                       176      0      230
  SINCE JAN 1   1231                      1348   -117     1072
..................................................................


WIND (MPH)
  HIGHEST WIND SPEED    16   HIGHEST WIND DIRECTION    NW (310)
  HIGHEST GUST SPEED    21   HIGHEST GUST DIRECTION     N (10)
  AVERAGE WIND SPEED     3.7


SKY COVER
  AVERAGE SKY COVER 0.0


WEATHER CONDITIONS
 THE FOLLOWING WEATHER WAS RECORDED YESTERDAY.
  NO SIGNIFICANT WEATHER WAS OBSERVED.


RELATIVE HUMIDITY (PERCENT)
 HIGHEST    79           500 AM
 LOWEST     20           100 PM
 AVERAGE    50

..........................................................


THE WEST PLAINS MO CLIMATE NORMALS FOR TODAY
                         NORMAL    RECORD    YEAR
 MAXIMUM TEMPERATURE (F)   65        87      1950
 MINIMUM TEMPERATURE (F)   42        23      1980


SUNRISE AND SUNSET
OCTOBER 30 2014.......SUNRISE   730 AM CDT   SUNSET   613 PM CDT
OCTOBER 31 2014.......SUNRISE   731 AM CDT   SUNSET   611 PM CDT


-  INDICATES NEGATIVE NUMBERS.
R  INDICATES RECORD WAS SET OR TIED.
MM INDICATES DATA IS MISSING.
T  INDICATES TRACE AMOUNT.




$$
