000
CDUS43 KSGF 230634
CLIUNO


CLIMATE REPORT
NATIONAL WEATHER SERVICE SPRINGFIELD MO
1234 AM CST MON JAN 23 2017


...................................

...THE WEST PLAINS MO CLIMATE SUMMARY FOR JANUARY 22 2017...

CLIMATE NORMAL PERIOD 1981 TO 2010
CLIMATE RECORD PERIOD 1947 TO 2017


WEATHER ITEM   OBSERVED TIME   RECORD YEAR NORMAL DEPARTURE LAST
                VALUE   (LST)  VALUE       VALUE  FROM      YEAR
                                                  NORMAL
..................................................................
TEMPERATURE (F)
 YESTERDAY
  MAXIMUM         56    323 AM  72    1967  45     11       38
  MINIMUM         39   1130 PM   2    1994  24     15       22
  AVERAGE         48                        34     14       30

PRECIPITATION (IN)
  YESTERDAY        0.56          1.73 1982   0.10   0.46      T
  MONTH TO DATE    2.04                      1.60   0.44     0.93
  SINCE DEC 1      3.06                      5.24  -2.18     9.97
  SINCE JAN 1      2.04                      1.60   0.44     0.93

DEGREE DAYS
 HEATING
  YESTERDAY       17                        31    -14       35
  MONTH TO DATE  575                       682   -107      718
  SINCE DEC 1   1445                      1575   -130     1328
  SINCE JUL 1   1965                      2427   -462     1963

 COOLING
  YESTERDAY        0                         0      0        0
  MONTH TO DATE    0                         0      0        0
  SINCE DEC 1      0                         0      0        0
  SINCE JAN 1      0                         0      0        0
..................................................................


WIND (MPH)
  HIGHEST WIND SPEED    23   HIGHEST WIND DIRECTION    NW (330)
  HIGHEST GUST SPEED    32   HIGHEST GUST DIRECTION    NW (320)
  AVERAGE WIND SPEED    12.1


SKY COVER
  AVERAGE SKY COVER 1.0


WEATHER CONDITIONS
 THE FOLLOWING WEATHER WAS RECORDED YESTERDAY.
  HEAVY RAIN
  RAIN
  LIGHT RAIN
  FOG


RELATIVE HUMIDITY (PERCENT)
 HIGHEST   100           500 AM
 LOWEST     76           600 PM
 AVERAGE    88

..........................................................


THE WEST PLAINS MO CLIMATE NORMALS FOR TODAY
                         NORMAL    RECORD    YEAR
 MAXIMUM TEMPERATURE (F)   45        75      1967
 MINIMUM TEMPERATURE (F)   24        -8      1963


SUNRISE AND SUNSET
JANUARY 23 2017.......SUNRISE   716 AM CST   SUNSET   524 PM CST
JANUARY 24 2017.......SUNRISE   715 AM CST   SUNSET   525 PM CST


-  INDICATES NEGATIVE NUMBERS.
R  INDICATES RECORD WAS SET OR TIED.
MM INDICATES DATA IS MISSING.
T  INDICATES TRACE AMOUNT.




$$
