000
CDUS43 KSGF 290627
CLIUNO


CLIMATE REPORT
NATIONAL WEATHER SERVICE SPRINGFIELD MO
127 AM CDT THU JUN 29 2017


...................................

...THE WEST PLAINS MO CLIMATE SUMMARY FOR JUNE 28 2017...

CLIMATE NORMAL PERIOD 1981 TO 2010
CLIMATE RECORD PERIOD 1947 TO 2017


WEATHER ITEM   OBSERVED TIME   RECORD YEAR NORMAL DEPARTURE LAST
                VALUE   (LST)  VALUE       VALUE  FROM      YEAR
                                                  NORMAL
..................................................................
TEMPERATURE (F)
 YESTERDAY
  MAXIMUM         86    318 PM 106    2012  87     -1       91
  MINIMUM         65    516 AM  49    2003  66     -1       64
  AVERAGE         76                        77     -1       78

PRECIPITATION (IN)
  YESTERDAY        0.00          1.74 2008   0.14  -0.14     0.00
  MONTH TO DATE    1.35                      3.76  -2.41     4.23
  SINCE JUN 1      1.35                      3.76  -2.41     4.23
  SINCE JAN 1     36.76                     23.03  13.73    18.97

DEGREE DAYS
 HEATING
  YESTERDAY        0                         0      0        0
  MONTH TO DATE    0                         4     -4        0
  SINCE JUN 1      0                         4     -4        0
  SINCE JUL 1   3324                      4346  -1022     3525

 COOLING
  YESTERDAY       11                        12     -1       13
  MONTH TO DATE  232                       243    -11      332
  SINCE JUN 1    232                       243    -11      332
  SINCE JAN 1    354                       365    -11      425
..................................................................


WIND (MPH)
  HIGHEST WIND SPEED    18   HIGHEST WIND DIRECTION     S (160)
  HIGHEST GUST SPEED    24   HIGHEST GUST DIRECTION     S (160)
  AVERAGE WIND SPEED     9.1


SKY COVER
  AVERAGE SKY COVER 0.1


WEATHER CONDITIONS
 THE FOLLOWING WEATHER WAS RECORDED YESTERDAY.
  NO SIGNIFICANT WEATHER WAS OBSERVED.


RELATIVE HUMIDITY (PERCENT)
 HIGHEST    93           100 AM
 LOWEST     48           200 PM
 AVERAGE    71

..........................................................


THE WEST PLAINS MO CLIMATE NORMALS FOR TODAY
                         NORMAL    RECORD    YEAR
 MAXIMUM TEMPERATURE (F)   87       105      1952
 MINIMUM TEMPERATURE (F)   66        52      1985


SUNRISE AND SUNSET
JUNE 29 2017..........SUNRISE   551 AM CDT   SUNSET   831 PM CDT
JUNE 30 2017..........SUNRISE   552 AM CDT   SUNSET   831 PM CDT


-  INDICATES NEGATIVE NUMBERS.
R  INDICATES RECORD WAS SET OR TIED.
MM INDICATES DATA IS MISSING.
T  INDICATES TRACE AMOUNT.




$$
