000
CDUS43 KSGF 300645
CLIUNO


CLIMATE REPORT
NATIONAL WEATHER SERVICE SPRINGFIELD MO
145 AM CDT SUN APR 30 2017


...................................

...THE WEST PLAINS MO CLIMATE SUMMARY FOR APRIL 29 2017...

CLIMATE NORMAL PERIOD 1981 TO 2010
CLIMATE RECORD PERIOD 1947 TO 2017


WEATHER ITEM   OBSERVED TIME   RECORD YEAR NORMAL DEPARTURE LAST
                VALUE   (LST)  VALUE       VALUE  FROM      YEAR
                                                  NORMAL
..................................................................
TEMPERATURE (F)
 YESTERDAY
  MAXIMUM         77        MM  90    1952  73      4       60
  MINIMUM         61        MM  27    1992  49     12       52
  AVERAGE         69                        61      8       56

PRECIPITATION (IN)
  YESTERDAY        6.94R         2.04 1991   0.17   6.77    MM
  MONTH TO DATE   15.73                      4.32  11.41     1.30
  SINCE MAR 1     22.02                      8.61  13.41     5.23
  SINCE JAN 1     26.65                     14.17  12.48     7.87

DEGREE DAYS
 HEATING
  YESTERDAY        0                         5     -5        9
  MONTH TO DATE  158                       247    -89      186
  SINCE MAR 1    587                       793   -206      580
  SINCE JUL 1   3236                      4257  -1021     3413

 COOLING
  YESTERDAY        4                         1      3        0
  MONTH TO DATE   24                        24      0       10
  SINCE MAR 1     28                        28      0       14
  SINCE JAN 1     29                        28      1       14
..................................................................


WIND (MPH)
  HIGHEST WIND SPEED    17   HIGHEST WIND DIRECTION    NE (50)
  HIGHEST GUST SPEED    35   HIGHEST GUST DIRECTION    NE (50)
  AVERAGE WIND SPEED    10.3


SKY COVER
  AVERAGE SKY COVER 0.9


WEATHER CONDITIONS
 THE FOLLOWING WEATHER WAS RECORDED YESTERDAY.
  THUNDERSTORM
  HEAVY RAIN
  RAIN
  LIGHT RAIN
  FOG
  FOG W/VISIBILITY <= 1/4 MILE


RELATIVE HUMIDITY (PERCENT)
 HIGHEST   100          1000 AM
 LOWEST     74           200 PM
 AVERAGE    87

..........................................................


THE WEST PLAINS MO CLIMATE NORMALS FOR TODAY
                         NORMAL    RECORD    YEAR
 MAXIMUM TEMPERATURE (F)   73        90      1987
 MINIMUM TEMPERATURE (F)   49        35      1963


SUNRISE AND SUNSET
APRIL 30 2017.........SUNRISE   614 AM CDT   SUNSET   756 PM CDT
MAY  1 2017...........SUNRISE   613 AM CDT   SUNSET   757 PM CDT


-  INDICATES NEGATIVE NUMBERS.
R  INDICATES RECORD WAS SET OR TIED.
MM INDICATES DATA IS MISSING.
T  INDICATES TRACE AMOUNT.




$$
