000
CDUS43 KSGF 060633
CLIUNO


CLIMATE REPORT
NATIONAL WEATHER SERVICE SPRINGFIELD MO
1233 AM CST TUE DEC 6 2016


...................................

...THE WEST PLAINS MO CLIMATE SUMMARY FOR DECEMBER 5 2016...

CLIMATE NORMAL PERIOD 1981 TO 2010
CLIMATE RECORD PERIOD 1947 TO 2016


WEATHER ITEM   OBSERVED TIME   RECORD YEAR NORMAL DEPARTURE LAST
                VALUE   (LST)  VALUE       VALUE  FROM      YEAR
                                                  NORMAL
..................................................................
TEMPERATURE (F)
 YESTERDAY
  MAXIMUM         46    305 PM  77    1956  49     -3       55
  MINIMUM         27    303 AM  13    1991  29     -2       22
  AVERAGE         37                        39     -2       39

PRECIPITATION (IN)
  YESTERDAY        0.03          2.99 1975   0.15  -0.12     0.00
  MONTH TO DATE    0.19                      0.79  -0.60     0.00
  SINCE DEC 1      0.19                      0.79  -0.60     0.00
  SINCE JAN 1     36.43                     43.37  -6.94    48.81

DEGREE DAYS
 HEATING
  YESTERDAY       28                        26      2       26
  MONTH TO DATE  127                       128     -1      127
  SINCE DEC 1    127                       128     -1      127
  SINCE JUL 1    647                       980   -333      762

 COOLING
  YESTERDAY        0                         0      0        0
  MONTH TO DATE    0                         0      0        0
  SINCE DEC 1      0                         0      0        0
  SINCE JAN 1   1604                      1354    250     1366
..................................................................


WIND (MPH)
  HIGHEST WIND SPEED    15   HIGHEST WIND DIRECTION     E (100)
  HIGHEST GUST SPEED    18   HIGHEST GUST DIRECTION     E (100)
  AVERAGE WIND SPEED     5.0


SKY COVER
  AVERAGE SKY COVER 0.5


WEATHER CONDITIONS
 THE FOLLOWING WEATHER WAS RECORDED YESTERDAY.
  LIGHT RAIN
  FOG
  FOG W/VISIBILITY <= 1/4 MILE


RELATIVE HUMIDITY (PERCENT)
 HIGHEST   100           200 AM
 LOWEST     65           100 PM
 AVERAGE    83

..........................................................


THE WEST PLAINS MO CLIMATE NORMALS FOR TODAY
                         NORMAL    RECORD    YEAR
 MAXIMUM TEMPERATURE (F)   48        73      1998
 MINIMUM TEMPERATURE (F)   28         5      1984


SUNRISE AND SUNSET
DECEMBER  6 2016......SUNRISE   707 AM CST   SUNSET   451 PM CST
DECEMBER  7 2016......SUNRISE   708 AM CST   SUNSET   451 PM CST


-  INDICATES NEGATIVE NUMBERS.
R  INDICATES RECORD WAS SET OR TIED.
MM INDICATES DATA IS MISSING.
T  INDICATES TRACE AMOUNT.




$$
