000
CDUS43 KSGF 170628
CLIUNO


CLIMATE REPORT
NATIONAL WEATHER SERVICE SPRINGFIELD MO
1228 AM CST SUN DEC 17 2017


...................................

...THE WEST PLAINS MO CLIMATE SUMMARY FOR DECEMBER 16 2017...

CLIMATE NORMAL PERIOD 1981 TO 2010
CLIMATE RECORD PERIOD 1947 TO 2017


WEATHER ITEM   OBSERVED TIME   RECORD YEAR NORMAL DEPARTURE LAST
                VALUE   (LST)  VALUE       VALUE  FROM      YEAR
                                                  NORMAL
..................................................................
TEMPERATURE (F)
 YESTERDAY
  MAXIMUM         57    221 PM  68    1984  46     11       41
  MINIMUM         30    705 AM  -5    1989  25      5       22
  AVERAGE         44                        36      8       32

PRECIPITATION (IN)
  YESTERDAY        0.00          1.51 1992   0.11  -0.11     0.00
  MONTH TO DATE    0.37                      2.26  -1.89     0.31
  SINCE DEC 1      0.37                      2.26  -1.89     0.31
  SINCE JAN 1     45.22                     44.84   0.38    36.55

DEGREE DAYS
 HEATING
  YESTERDAY       21                        29     -8       33
  MONTH TO DATE  380                       437    -57      484
  SINCE DEC 1    380                       437    -57      484
  SINCE JUL 1   1043                      1289   -246     1004

 COOLING
  YESTERDAY        0                         0      0        0
  MONTH TO DATE    0                         0      0        0
  SINCE DEC 1      0                         0      0        0
  SINCE JAN 1   1389                      1354     35     1604
..................................................................


WIND (MPH)
  HIGHEST WIND SPEED    15   HIGHEST WIND DIRECTION    SW (220)
  HIGHEST GUST SPEED    23   HIGHEST GUST DIRECTION     S (200)
  AVERAGE WIND SPEED     8.1


SKY COVER
  AVERAGE SKY COVER 0.0


WEATHER CONDITIONS
 THE FOLLOWING WEATHER WAS RECORDED YESTERDAY.
  NO SIGNIFICANT WEATHER WAS OBSERVED.


RELATIVE HUMIDITY (PERCENT)
 HIGHEST    78           400 AM
 LOWEST     28           200 PM
 AVERAGE    53

..........................................................


THE WEST PLAINS MO CLIMATE NORMALS FOR TODAY
                         NORMAL    RECORD    YEAR
 MAXIMUM TEMPERATURE (F)   46        70      1962
 MINIMUM TEMPERATURE (F)   25        -5      1989


SUNRISE AND SUNSET
DECEMBER 17 2017......SUNRISE   715 AM CST   SUNSET   453 PM CST
DECEMBER 18 2017......SUNRISE   715 AM CST   SUNSET   454 PM CST


-  INDICATES NEGATIVE NUMBERS.
R  INDICATES RECORD WAS SET OR TIED.
MM INDICATES DATA IS MISSING.
T  INDICATES TRACE AMOUNT.




$$
