000
CDUS43 KUNR 280832
CLIUNR


CLIMATE REPORT
NATIONAL WEATHER SERVICE RAPID CITY SD
232 AM MDT THU AUG 28 2014


...................................

...THE EAST RAPID CITY SD CLIMATE SUMMARY FOR AUGUST 27 2014...

CLIMATE NORMAL PERIOD 1981 TO 2010
CLIMATE RECORD PERIOD 1888 TO 2014


WEATHER ITEM   OBSERVED RECORD YEAR NORMAL DEPARTURE LAST
                VALUE   VALUE       VALUE  FROM      YEAR
                                           NORMAL
...........................................................
TEMPERATURE (F)
 YESTERDAY
  MAXIMUM         73    102    1937  81     -8      101
  MINIMUM         56     39    1911  58     -2       71
  AVERAGE         65                 69     -4       86

PRECIPITATION (IN)
  YESTERDAY        0.10   0.91 2006   0.05   0.05     0.00
  MONTH TO DATE    3.51               1.77   1.74     1.88
  SINCE JUN 1     10.98               7.43   3.55     5.87
  SINCE JAN 1     16.16              15.48   0.68    14.59

SNOWFALL (IN)
  YESTERDAY        0.0                0.0    0.0      0.0
  MONTH TO DATE    0.0                0.0    0.0      0.0
  SINCE JUN 1      0.0                0.0    0.0      0.0
  SINCE JUL 1      0.0                0.0    0.0      0.0
  SNOW DEPTH       0

DEGREE DAYS
 HEATING
  YESTERDAY        0                  1     -1        0
  MONTH TO DATE   10                  7      3        0
  SINCE JUN 1    129                107     22       64
  SINCE JUL 1     21                 19      2        6

 COOLING
  YESTERDAY        0                  6     -6       21
  MONTH TO DATE  159                206    -47      232
  SINCE JUN 1    396                557   -161      605
  SINCE JAN 1    424                575   -151      629
...........................................................


WIND (MPH)
  HIGHEST GUST SPEED    16   HIGHEST GUST DIRECTION    NE (50)



WEATHER CONDITIONS
 THE FOLLOWING WEATHER WAS RECORDED YESTERDAY.
  LIGHT RAIN


..........................................................


THE EAST RAPID CITY SD CLIMATE NORMALS FOR TODAY
                         NORMAL    RECORD    YEAR
 MAXIMUM TEMPERATURE (F)   81        98      2012
                                             1924
 MINIMUM TEMPERATURE (F)   57        36      1911


SUNRISE AND SUNSET
AUGUST 28 2014........SUNRISE   611 AM MDT   SUNSET   736 PM MDT
AUGUST 29 2014........SUNRISE   613 AM MDT   SUNSET   734 PM MDT


-  INDICATES NEGATIVE NUMBERS.
R  INDICATES RECORD WAS SET OR TIED.
MM INDICATES DATA IS MISSING.
T  INDICATES TRACE AMOUNT.




$$
