000
CDUS43 KUNR 100834
CLIUNR


CLIMATE REPORT
NATIONAL WEATHER SERVICE RAPID CITY SD
134 AM MST SAT DEC 10 2016


...................................

...THE EAST RAPID CITY SD CLIMATE SUMMARY FOR DECEMBER 9 2016...

CLIMATE NORMAL PERIOD 1981 TO 2010
CLIMATE RECORD PERIOD 1888 TO 2016


WEATHER ITEM   OBSERVED RECORD YEAR NORMAL DEPARTURE LAST
                VALUE   VALUE       VALUE  FROM      YEAR
                                           NORMAL
...........................................................
TEMPERATURE (F)
 YESTERDAY
  MAXIMUM          2     70    1939  37    -35       66
  MINIMUM         -4    -23    1919  19    -23       44
  AVERAGE         -1                 28    -29       55

PRECIPITATION (IN)
  YESTERDAY        T      0.07 1970   0.01  -0.01     0.00
  MONTH TO DATE    T                  0.08  -0.08     0.24
  SINCE DEC 1      T                  0.08  -0.08     0.24
  SINCE JAN 1     12.95              19.55  -6.60    24.00

SNOWFALL (IN)
  YESTERDAY        0.2    0.8  2000   0.1    0.1      0.0
  MONTH TO DATE    0.2                1.5   -1.3      4.3
  SINCE DEC 1      0.2                1.5   -1.3      4.3
  SINCE JUL 1      3.9               10.1   -6.2     10.3
  SNOW DEPTH       0

DEGREE DAYS
 HEATING
  YESTERDAY       66                 37     29       10
  MONTH TO DATE  403                326     77      209
  SINCE DEC 1    403                326     77      209
  SINCE JUL 1   1434               1906   -472     1467

 COOLING
  YESTERDAY        0                  0      0        0
  MONTH TO DATE    0                  0      0        0
  SINCE DEC 1      0                  0      0        0
  SINCE JAN 1    813                665    148      716
...........................................................


WIND (MPH)
  HIGHEST GUST SPEED    21   HIGHEST GUST DIRECTION     S (160)



WEATHER CONDITIONS
 THE FOLLOWING WEATHER WAS RECORDED YESTERDAY.
  LIGHT SNOW


..........................................................


THE EAST RAPID CITY SD CLIMATE NORMALS FOR TODAY
                         NORMAL    RECORD    YEAR
 MAXIMUM TEMPERATURE (F)   36        75      1890
 MINIMUM TEMPERATURE (F)   19       -17      1919


SUNRISE AND SUNSET
DECEMBER 10 2016......SUNRISE   717 AM MST   SUNSET   414 PM MST
DECEMBER 11 2016......SUNRISE   718 AM MST   SUNSET   415 PM MST


-  INDICATES NEGATIVE NUMBERS.
R  INDICATES RECORD WAS SET OR TIED.
MM INDICATES DATA IS MISSING.
T  INDICATES TRACE AMOUNT.




$$
