000
CDUS43 KUNR 180036
CLIUNR


CLIMATE REPORT
NATIONAL WEATHER SERVICE RAPID CITY SD
536 PM MST SAT FEB 17 2018


...................................

...THE EAST RAPID CITY SD CLIMATE SUMMARY FOR FEBRUARY 17 2018...
VALID TODAY AS OF 0500 PM LOCAL TIME.

CLIMATE NORMAL PERIOD 1981 TO 2010
CLIMATE RECORD PERIOD 1888 TO 2018


WEATHER ITEM   OBSERVED RECORD YEAR NORMAL DEPARTURE LAST
                VALUE   VALUE       VALUE  FROM      YEAR
                                           NORMAL
...........................................................
TEMPERATURE (F)
 TODAY
  MAXIMUM         32     67    1948  39     -7       63
  MINIMUM         23    -25    1936  18      5       38
  AVERAGE         28                 28      0       51

PRECIPITATION (IN)
  TODAY            0.00   0.22 1962   0.02  -0.02     0.00
  MONTH TO DATE    0.47               0.28   0.19     0.18
  SINCE DEC 1      1.03               0.89   0.14     1.35
  SINCE JAN 1      0.73               0.57   0.16     0.53

SNOWFALL (IN)
  TODAY            0.0    3.5  1962   0.2   -0.2      0.0
  MONTH TO DATE    8.9                4.3    4.6      4.8
  SINCE DEC 1     20.0               15.0    5.0     25.0
  SINCE JUL 1     21.1               23.6   -2.5     28.7
  SNOW DEPTH       T

DEGREE DAYS
 HEATING
  TODAY           37                 37      0       14
  MONTH TO DATE  829                640    189      563
  SINCE DEC 1   3193               2988    205     3257
  SINCE JUL 1   4573               4568      5     4288

 COOLING
  TODAY            0                  0      0        0
  MONTH TO DATE    0                  0      0        0
  SINCE DEC 1      0                  0      0        0
  SINCE JAN 1      0                  0      0        0
...........................................................





WEATHER CONDITIONS
 THE FOLLOWING WEATHER WAS RECORDED TODAY.
  NO SIGNIFICANT WEATHER WAS OBSERVED.


..........................................................


THE EAST RAPID CITY SD CLIMATE NORMALS FOR TOMORROW
                         NORMAL    RECORD    YEAR
 MAXIMUM TEMPERATURE (F)   39        74      1930
 MINIMUM TEMPERATURE (F)   18       -24      1936


SUNRISE AND SUNSET
FEBRUARY 17 2018......SUNRISE   649 AM MST   SUNSET   525 PM MST
FEBRUARY 18 2018......SUNRISE   647 AM MST   SUNSET   527 PM MST


-  INDICATES NEGATIVE NUMBERS.
R  INDICATES RECORD WAS SET OR TIED.
MM INDICATES DATA IS MISSING.
T  INDICATES TRACE AMOUNT.




$$
