000
CDUS43 KUNR 231423
CLIUNR


CLIMATE REPORT...CORRECTED FOR PEAK WIND
NATIONAL WEATHER SERVICE RAPID CITY SD
721 AM MST MON JAN 23 2017


...................................

...THE EAST RAPID CITY SD CLIMATE SUMMARY FOR JANUARY 22 2017...

CLIMATE NORMAL PERIOD 1981 TO 2010
CLIMATE RECORD PERIOD 1888 TO 2017


WEATHER ITEM   OBSERVED RECORD YEAR NORMAL DEPARTURE LAST
                VALUE   VALUE       VALUE  FROM      YEAR
                                           NORMAL
...........................................................
TEMPERATURE (F)
 YESTERDAY
  MAXIMUM         41     68    1942  37      4       43
  MINIMUM         25    -22    1917  16      9       24
  AVERAGE         33                 27      6       34

PRECIPITATION (IN)
  YESTERDAY        0.00   0.15 1965   0.01  -0.01     0.00
  MONTH TO DATE    0.13               0.19  -0.06     0.07
  SINCE DEC 1      0.95               0.51   0.44     0.80
  SINCE JAN 1      0.13               0.19  -0.06     0.07

SNOWFALL (IN)
  YESTERDAY        0.0    1.8  1965   0.2   -0.2      0.0
  MONTH TO DATE    3.6                3.5    0.1      1.4
  SINCE DEC 1     15.7                8.7    7.0     16.9
  SINCE JUL 1     19.4               17.3    2.1     22.9
  SNOW DEPTH       0

DEGREE DAYS
 HEATING
  YESTERDAY       32                 38     -6       31
  MONTH TO DATE  991                836    155      895
  SINCE DEC 1   2384               2003    381     1997
  SINCE JUL 1   3415               3583   -168     3255

 COOLING
  YESTERDAY        0                  0      0        0
  MONTH TO DATE    0                  0      0        0
  SINCE DEC 1      0                  0      0        0
  SINCE JAN 1      0                  0      0        0
...........................................................


WIND (MPH)
  HIGHEST GUST SPEED    15   HIGHEST GUST DIRECTION     W (280)



WEATHER CONDITIONS
 THE FOLLOWING WEATHER WAS RECORDED YESTERDAY.
  NO SIGNIFICANT WEATHER WAS OBSERVED.


..........................................................


THE EAST RAPID CITY SD CLIMATE NORMALS FOR TODAY
                         NORMAL    RECORD    YEAR
 MAXIMUM TEMPERATURE (F)   37        67      2005
 MINIMUM TEMPERATURE (F)   16       -20      1894


SUNRISE AND SUNSET
JANUARY 23 2017.......SUNRISE   719 AM MST   SUNSET   451 PM MST
JANUARY 24 2017.......SUNRISE   718 AM MST   SUNSET   453 PM MST


-  INDICATES NEGATIVE NUMBERS.
R  INDICATES RECORD WAS SET OR TIED.
MM INDICATES DATA IS MISSING.
T  INDICATES TRACE AMOUNT.




$$
