000
CDUS43 KUNR 310038
CLIUNR


CLIMATE REPORT
NATIONAL WEATHER SERVICE RAPID CITY SD
638 PM MDT THU MAR 30 2017


...................................

...THE EAST RAPID CITY SD CLIMATE SUMMARY FOR MARCH 30 2017...
VALID TODAY AS OF 0500 PM LOCAL TIME.

CLIMATE NORMAL PERIOD 1981 TO 2010
CLIMATE RECORD PERIOD 1888 TO 2017


WEATHER ITEM   OBSERVED RECORD YEAR NORMAL DEPARTURE LAST
                VALUE   VALUE       VALUE  FROM      YEAR
                                           NORMAL
...........................................................
TEMPERATURE (F)
 TODAY
  MAXIMUM         54     78    1893  51      3       47
  MINIMUM         32     -6    1936  29      3       33
  AVERAGE         43                 40      3       40

PRECIPITATION (IN)
  TODAY            0.00   0.77 2009   0.05  -0.05     0.24
  MONTH TO DATE    0.80               0.95  -0.15     0.94
  SINCE MAR 1      0.80               0.95  -0.15     0.94
  SINCE JAN 1      1.59               1.72  -0.13     1.75

SNOWFALL (IN)
  TODAY            0.0   11.3  2009   0.4   -0.4       T
  MONTH TO DATE    1.3               11.4  -10.1      6.7
  SINCE MAR 1      1.3               11.4  -10.1      6.7
  SINCE JUL 1     34.5               38.1   -3.6     36.6
  SNOW DEPTH       0

DEGREE DAYS
 HEATING
  TODAY           22                 25     -3       25
  MONTH TO DATE  742                883   -141      656
  SINCE MAR 1    742                883   -141      656
  SINCE JUL 1   5338               5837   -499     4905

 COOLING
  TODAY            0                  0      0        0
  MONTH TO DATE    0                  0      0        0
  SINCE MAR 1      0                  0      0        0
  SINCE JAN 1      0                  0      0        0
...........................................................





WEATHER CONDITIONS
 THE FOLLOWING WEATHER WAS RECORDED TODAY.
  FOG


..........................................................


THE EAST RAPID CITY SD CLIMATE NORMALS FOR TOMORROW
                         NORMAL    RECORD    YEAR
 MAXIMUM TEMPERATURE (F)   51        83      2012
 MINIMUM TEMPERATURE (F)   29        -6      1899


SUNRISE AND SUNSET
MARCH 30 2017.........SUNRISE   637 AM MDT   SUNSET   718 PM MDT
MARCH 31 2017.........SUNRISE   635 AM MDT   SUNSET   719 PM MDT


-  INDICATES NEGATIVE NUMBERS.
R  INDICATES RECORD WAS SET OR TIED.
MM INDICATES DATA IS MISSING.
T  INDICATES TRACE AMOUNT.




$$
