000
CDUS43 KUNR 261838
CLIUNR


CLIMATE REPORT
NATIONAL WEATHER SERVICE RAPID CITY SD
1238 PM MDT MON SEP 26 2016


...................................

...THE EAST RAPID CITY SD CLIMATE SUMMARY FOR SEPTEMBER 26 2016...
VALID AS OF 1100 AM LOCAL TIME.

CLIMATE NORMAL PERIOD 1981 TO 2010
CLIMATE RECORD PERIOD 1888 TO 2016


WEATHER ITEM   OBSERVED RECORD YEAR NORMAL DEPARTURE LAST
                VALUE   VALUE       VALUE  FROM      YEAR
                                           NORMAL
...........................................................
TEMPERATURE (F)
 TODAY
  MAXIMUM         68     93    2014  67      1       89
  MINIMUM         48     19    1934  45      3       53
  AVERAGE         58                 56      2       71

PRECIPITATION (IN)
  TODAY            0.00   0.87 1915   0.05  -0.05     0.00
  MONTH TO DATE    0.87               1.36  -0.49      T
  SINCE SEP 1      0.87               1.36  -0.49      T
  SINCE JAN 1     12.17              17.04  -4.87    22.10

SNOWFALL (IN)
  TODAY            0.0    2.3  1927   0.1   -0.1      0.0
  MONTH TO DATE    0.0                0.1   -0.1      0.0
  SINCE SEP 1      0.0                0.1   -0.1      0.0
  SINCE JUL 1      0.0                0.1   -0.1      0.0
  SNOW DEPTH       0

DEGREE DAYS
 HEATING
  TODAY            7                 10     -3        0
  MONTH TO DATE   94                136    -42       39
  SINCE SEP 1     94                136    -42       39
  SINCE JUL 1    119                166    -47       69

 COOLING
  TODAY            0                  1     -1        6
  MONTH TO DATE   47                 65    -18      120
  SINCE SEP 1     47                 65    -18      120
  SINCE JAN 1    807                660    147      697
...........................................................





WEATHER CONDITIONS
 THE FOLLOWING WEATHER WAS RECORDED TODAY.
  NO SIGNIFICANT WEATHER WAS OBSERVED.


..........................................................


THE EAST RAPID CITY SD CLIMATE NORMALS FOR TOMORROW
                         NORMAL    RECORD    YEAR
 MAXIMUM TEMPERATURE (F)   67        94      1898
 MINIMUM TEMPERATURE (F)   45        24      1927


SUNRISE AND SUNSET
SEPTEMBER 26 2016.....SUNRISE   645 AM MDT   SUNSET   642 PM MDT
SEPTEMBER 27 2016.....SUNRISE   646 AM MDT   SUNSET   640 PM MDT


-  INDICATES NEGATIVE NUMBERS.
R  INDICATES RECORD WAS SET OR TIED.
MM INDICATES DATA IS MISSING.
T  INDICATES TRACE AMOUNT.




$$
