000
CDUS44 KCRP 240034 RRA
CLIVCT

CLIMATE REPORT
NATIONAL WEATHER SERVICE CORPUS CHRISTI TX
632 PM CST THU NOV 23 2017

...................................

...THE VICTORIA CLIMATE SUMMARY FOR NOVEMBER 23 2017...
VALID TODAY AS OF 600 PM LOCAL TIME.

CLIMATE NORMAL PERIOD 1981 TO 2010
CLIMATE RECORD PERIOD 1893 TO 2017


WEATHER ITEM   OBSERVED TIME   RECORD YEAR NORMAL DEPARTURE LAST
                VALUE   (LST)  VALUE       VALUE  FROM      YEAR
                                                  NORMAL
..................................................................
TEMPERATURE (F)
 TODAY
  MAXIMUM         72    340 PM  89    1924  72      0       74
  MINIMUM         34    651 AM  30    1975  49    -15       51
  AVERAGE         53                        60     -7       63

PRECIPITATION (IN)
  TODAY            0.00          1.39 1952   0.10  -0.10      T
  MONTH TO DATE    0.48                      2.54  -2.06     3.93
  SINCE SEP 1      4.18                     11.34  -7.16     6.54
  SINCE JAN 1     44.58                     38.21   6.37    36.12

SNOWFALL (IN)
  TODAY            0.0
  MONTH TO DATE    0.0
  SINCE SEP 1      0.0
  SINCE JUL 1      0.0
  SNOW DEPTH       0

DEGREE DAYS
 HEATING
  TODAY           12                         6      6        2
  MONTH TO DATE   61                        89    -28       32
  SINCE SEP 1    105                       112     -7       38
  SINCE JUL 1    105                       112     -7       38

 COOLING
  TODAY            0                         2     -2        0
  MONTH TO DATE  139                        70     69      114
  SINCE SEP 1    846                       760     86      923
  SINCE JAN 1   3679                      3113    566     3410
..................................................................


WIND (MPH)
  HIGHEST WIND SPEED    10   HIGHEST WIND DIRECTION     N (20)
  HIGHEST GUST SPEED    17   HIGHEST GUST DIRECTION     N (340)


SKY COVER
  POSSIBLE SUNSHINE  MM
  AVERAGE SKY COVER 0.0


WEATHER CONDITIONS
 THE FOLLOWING WEATHER WAS RECORDED TODAY.
  NO SIGNIFICANT WEATHER WAS OBSERVED.


RELATIVE HUMIDITY (PERCENT)
 HIGHEST    89           700 AM
 LOWEST     20           300 PM
 AVERAGE    55

..........................................................


THE VICTORIA CLIMATE NORMALS FOR TOMORROW
                         NORMAL    RECORD    YEAR
 MAXIMUM TEMPERATURE (F)   71        87      1927
 MINIMUM TEMPERATURE (F)   49        27      1970


SUNRISE AND SUNSET
NOVEMBER 23 2017......SUNRISE   657 AM CST   SUNSET   531 PM CST
NOVEMBER 24 2017......SUNRISE   658 AM CST   SUNSET   531 PM CST


-  INDICATES NEGATIVE NUMBERS.
R  INDICATES RECORD WAS SET OR TIED.
MM INDICATES DATA IS MISSING.
T  INDICATES TRACE AMOUNT.




$$
