000
CDUS44 KCRP 280724 RRA
CLIVCT

CLIMATE REPORT
NATIONAL WEATHER SERVICE CORPUS CHRISTI TX
222 AM CDT THU JUL 28 2016


...................................

...THE VICTORIA CLIMATE SUMMARY FOR JULY 27 2016...

CLIMATE NORMAL PERIOD 1981 TO 2010
CLIMATE RECORD PERIOD 1893 TO 2016


WEATHER ITEM   OBSERVED TIME   RECORD YEAR NORMAL DEPARTURE LAST
                VALUE   (LST)  VALUE       VALUE  FROM      YEAR
                                                  NORMAL
..................................................................
TEMPERATURE (F)
 YESTERDAY
  MAXIMUM         97    209 PM 103    1954  95      2       97
  MINIMUM         74    243 AM  67    2008  74      0       76
  AVERAGE         86                        84      2       87

PRECIPITATION (IN)
  YESTERDAY        0.04          1.61 1973   0.12  -0.08     0.00
  MONTH TO DATE    0.15                      3.74  -3.59     0.18
  SINCE JUN 1      3.33                      8.20  -4.87     9.55
  SINCE JAN 1     23.55                     23.58  -0.03    37.28

SNOWFALL (IN)
  YESTERDAY        0.0
  MONTH TO DATE    0.0
  SINCE JUN 1      0.0
  SINCE JUL 1      0.0
  SNOW DEPTH       0

DEGREE DAYS
 HEATING
  YESTERDAY        0                         0      0        0
  MONTH TO DATE    0                         0      0        0
  SINCE JUN 1      0                         0      0        0
  SINCE JUL 1      0                         0      0        0

 COOLING
  YESTERDAY       21                        19      2       22
  MONTH TO DATE  572                       508     64      527
  SINCE JUN 1   1102                      1016     86     1024
  SINCE JAN 1   1815                      1675    140     1724
..................................................................


WIND (MPH)
  HIGHEST WIND SPEED    24   HIGHEST WIND DIRECTION     S (160)
  HIGHEST GUST SPEED    29   HIGHEST GUST DIRECTION     S (160)
  AVERAGE WIND SPEED     9.4


SKY COVER
  POSSIBLE SUNSHINE  MM
  AVERAGE SKY COVER 0.2


WEATHER CONDITIONS
 THE FOLLOWING WEATHER WAS RECORDED YESTERDAY.
  LIGHT RAIN
  FOG


RELATIVE HUMIDITY (PERCENT)
 HIGHEST    97           800 AM
 LOWEST     43           200 PM
 AVERAGE    70

..........................................................


THE VICTORIA CLIMATE NORMALS FOR TODAY
                         NORMAL    RECORD    YEAR
 MAXIMUM TEMPERATURE (F)   95       103      1912
 MINIMUM TEMPERATURE (F)   74        70      2008
                                             1994
                                             1904


SUNRISE AND SUNSET
JULY 28 2016..........SUNRISE   647 AM CDT   SUNSET   821 PM CDT
JULY 29 2016..........SUNRISE   647 AM CDT   SUNSET   821 PM CDT


-  INDICATES NEGATIVE NUMBERS.
R  INDICATES RECORD WAS SET OR TIED.
MM INDICATES DATA IS MISSING.
T  INDICATES TRACE AMOUNT.

$$

CB
