000
CDUS44 KCRP 300033
CLIVCT

CLIMATE REPORT
NATIONAL WEATHER SERVICE CORPUS CHRISTI TX
729 PM CDT MON MAY 29 2017


...................................

...THE VICTORIA CLIMATE SUMMARY FOR MAY 29 2017...
VALID TODAY AS OF 700 PM LOCAL TIME.

CLIMATE NORMAL PERIOD 1981 TO 2010
CLIMATE RECORD PERIOD 1893 TO 2017


WEATHER ITEM   OBSERVED TIME   RECORD YEAR NORMAL DEPARTURE LAST
                VALUE   (LST)  VALUE       VALUE  FROM      YEAR
                                                  NORMAL
..................................................................
TEMPERATURE (F)
 TODAY
  MAXIMUM         86    235 PM  98    1998  89     -3       88
                                      1912
  MINIMUM         71    630 AM  60    1961  70      1       74
                                      1917
  AVERAGE         79                        80     -1       81

PRECIPITATION (IN)
  TODAY            0.34          2.10 1981   0.18   0.16     0.00
  MONTH TO DATE    3.06                      4.86  -1.80     4.61
  SINCE MAR 1     10.98                     10.45   0.53    13.52
  SINCE JAN 1     19.58                     15.05   4.53    18.46

SNOWFALL (IN)
  TODAY            0.0
  MONTH TO DATE    0.0
  SINCE MAR 1      0.0
  SINCE JUL 1      0.0
  SNOW DEPTH       0

DEGREE DAYS
 HEATING
  TODAY            0                         0      0        0
  MONTH TO DATE    0                         0      0        0
  SINCE MAR 1     36                       155   -119       63
  SINCE JUL 1    567                      1248   -681      913

 COOLING
  TODAY           14                        15     -1       16
  MONTH TO DATE  355                       340     15      334
  SINCE MAR 1    774                       591    183      650
  SINCE JAN 1    981                       629    352      685
..................................................................


WIND (MPH)
  HIGHEST WIND SPEED    25   HIGHEST WIND DIRECTION     S (180)
  HIGHEST GUST SPEED    32   HIGHEST GUST DIRECTION    SE (120)


SKY COVER
  POSSIBLE SUNSHINE  MM
  AVERAGE SKY COVER 0.6


WEATHER CONDITIONS
 THE FOLLOWING WEATHER WAS RECORDED TODAY.
  THUNDERSTORM
  RAIN
  LIGHT RAIN
  FOG


RELATIVE HUMIDITY (PERCENT)
 HIGHEST    93           400 AM
 LOWEST     59           200 PM
 AVERAGE    76

..........................................................


THE VICTORIA CLIMATE NORMALS FOR TOMORROW
                         NORMAL    RECORD    YEAR
 MAXIMUM TEMPERATURE (F)   89        98      2003
                                             1912
 MINIMUM TEMPERATURE (F)   70        56      1984


SUNRISE AND SUNSET
MAY 29 2017...........SUNRISE   630 AM CDT   SUNSET   820 PM CDT
MAY 30 2017...........SUNRISE   630 AM CDT   SUNSET   821 PM CDT


-  INDICATES NEGATIVE NUMBERS.
R  INDICATES RECORD WAS SET OR TIED.
MM INDICATES DATA IS MISSING.
T  INDICATES TRACE AMOUNT.




$$

92
