000
CDUS44 KCRP 041021
CLIVCT

CLIMATE REPORT
NATIONAL WEATHER SERVICE CORPUS CHRISTI TX
421 AM CST WED MAR 4 2015


...................................

...THE VICTORIA CLIMATE SUMMARY FOR MARCH 3 2015...

CLIMATE NORMAL PERIOD 1981 TO 2010
CLIMATE RECORD PERIOD 1893 TO 2015


WEATHER ITEM   OBSERVED TIME   RECORD YEAR NORMAL DEPARTURE LAST
                VALUE   (LST)  VALUE       VALUE  FROM      YEAR
                                                  NORMAL
..................................................................
TEMPERATURE (F)
 YESTERDAY
  MAXIMUM         77    326 PM  85    1956  71      6       44
  MINIMUM         50    436 AM  23    1943  50      0       28
  AVERAGE         64                        61      3       36

PRECIPITATION (IN)
  YESTERDAY        0.00          0.61 1986   0.09  -0.09     0.00
  MONTH TO DATE    0.10                      0.25  -0.15      T
  SINCE MAR 1      0.10                      0.25  -0.15      T
  SINCE JAN 1      4.15                      4.85  -0.70     1.66

SNOWFALL (IN)
  YESTERDAY        0.0
  MONTH TO DATE    0.0
  SINCE MAR 1      0.0
  SINCE JUL 1      0.0
  SNOW DEPTH       0

DEGREE DAYS
 HEATING
  YESTERDAY        1                         6     -5       29
  MONTH TO DATE   33                        18     15       38
  SINCE MAR 1     33                        18     15       38
  SINCE JUL 1   1113                      1111      2     1291

 COOLING
  YESTERDAY        0                         2     -2        0
  MONTH TO DATE    0                         5     -5        9
  SINCE MAR 1      0                         5     -5        9
  SINCE JAN 1     15                        43    -28       67
..................................................................


WIND (MPH)
  HIGHEST WIND SPEED    26   HIGHEST WIND DIRECTION     S (190)
  HIGHEST GUST SPEED    33   HIGHEST GUST DIRECTION     S (180)
  AVERAGE WIND SPEED    11.0


SKY COVER
  POSSIBLE SUNSHINE  MM
  AVERAGE SKY COVER 0.9


WEATHER CONDITIONS
 THE FOLLOWING WEATHER WAS RECORDED YESTERDAY.
  FOG
  FOG W/VISIBILITY <= 1/4 MILE


RELATIVE HUMIDITY (PERCENT)
 HIGHEST   100          1200 AM
 LOWEST     74           400 PM
 AVERAGE    87

..........................................................


THE VICTORIA CLIMATE NORMALS FOR TODAY
                         NORMAL    RECORD    YEAR
 MAXIMUM TEMPERATURE (F)   72        89      1925
 MINIMUM TEMPERATURE (F)   50        21      2002


SUNRISE AND SUNSET
MARCH  4 2015.........SUNRISE   650 AM CST   SUNSET   629 PM CST
MARCH  5 2015.........SUNRISE   649 AM CST   SUNSET   630 PM CST


-  INDICATES NEGATIVE NUMBERS.
R  INDICATES RECORD WAS SET OR TIED.
MM INDICATES DATA IS MISSING.
T  INDICATES TRACE AMOUNT.




$$
