000
CDUS44 KCRP 300015
CLIVCT

CLIMATE REPORT
NATIONAL WEATHER SERVICE CORPUS CHRISTI TX
711 PM CDT MON SEP 29 2014


...................................

...THE VICTORIA CLIMATE SUMMARY FOR SEPTEMBER 29 2014...
VALID TODAY AS OF 700 PM LOCAL TIME.

CLIMATE NORMAL PERIOD 1981 TO 2010
CLIMATE RECORD PERIOD 1893 TO 2014


WEATHER ITEM   OBSERVED TIME   RECORD YEAR NORMAL DEPARTURE LAST
                VALUE   (LST)  VALUE       VALUE  FROM      YEAR
                                                  NORMAL
..................................................................
TEMPERATURE (F)
 TODAY
  MAXIMUM         91    246 PM  99    1938  87      4       87
  MINIMUM         73    545 AM  46    1909  66      7       71
  AVERAGE         82                        76      6       79

PRECIPITATION (IN)
  TODAY            0.00          1.92 2012   0.13  -0.13     0.00
  MONTH TO DATE    2.72                      4.03  -1.31     4.95
  SINCE SEP 1      2.72                      4.03  -1.31     4.95
  SINCE JAN 1     21.61                     30.90  -9.29    19.87

SNOWFALL (IN)
  TODAY            0.0
  MONTH TO DATE    0.0
  SINCE SEP 1      0.0
  SINCE JUL 1      0.0
  SNOW DEPTH       0

DEGREE DAYS
 HEATING
  TODAY            0                         0      0        0
  MONTH TO DATE    0                         0      0        0
  SINCE SEP 1      0                         0      0        0
  SINCE JUL 1      0                         0      0        0

 COOLING
  TODAY           17                        12      5       14
  MONTH TO DATE  521                       435     86      521
  SINCE SEP 1    521                       435     86      521
  SINCE JAN 1   3087                      2788    299     3015
..................................................................


WIND (MPH)
  HIGHEST WIND SPEED    16   HIGHEST WIND DIRECTION    NE (40)
  HIGHEST GUST SPEED    20   HIGHEST GUST DIRECTION    NE (50)


SKY COVER
  POSSIBLE SUNSHINE  MM
  AVERAGE SKY COVER 0.4


WEATHER CONDITIONS
 THE FOLLOWING WEATHER WAS RECORDED TODAY.
  FOG


RELATIVE HUMIDITY (PERCENT)
 HIGHEST    94          1200 AM
 LOWEST     50           400 PM
 AVERAGE    72

..........................................................


THE VICTORIA CLIMATE NORMALS FOR TOMORROW
                         NORMAL    RECORD    YEAR
 MAXIMUM TEMPERATURE (F)   87        99      1938
                                             1928
 MINIMUM TEMPERATURE (F)   65        48      1916


SUNRISE AND SUNSET
SEPTEMBER 29 2014.....SUNRISE   720 AM CDT   SUNSET   716 PM CDT
SEPTEMBER 30 2014.....SUNRISE   720 AM CDT   SUNSET   715 PM CDT


-  INDICATES NEGATIVE NUMBERS.
R  INDICATES RECORD WAS SET OR TIED.
MM INDICATES DATA IS MISSING.
T  INDICATES TRACE AMOUNT.




$$
