000
CDUS45 KGJT 270826
CLIVEL


CLIMATE REPORT
NATIONAL WEATHER SERVICE GRAND JUNCTION CO
125 AM MST MON FEB 27 2017


...................................

...THE VERNAL UT CLIMATE SUMMARY FOR FEBRUARY 26 2017...

CLIMATE NORMAL PERIOD 1981 TO 2010
CLIMATE RECORD PERIOD 9999 TO 9999


WEATHER ITEM   OBSERVED TIME   RECORD YEAR NORMAL DEPARTURE LAST
                VALUE   (LST)  VALUE       VALUE  FROM      YEAR
                                                  NORMAL
..................................................................
TEMPERATURE (F)
 YESTERDAY
  MAXIMUM         29    442 PM  MM      MM  41    -12       54
  MINIMUM          1    617 AM  MM      MM  21    -20       24
  AVERAGE         15                        31    -16       39

PRECIPITATION (IN)
  YESTERDAY        0.00         MM      MM   0.02  -0.02     0.00
  MONTH TO DATE    1.48                      0.48   1.00     0.20
  SINCE DEC 1      4.13                      1.62   2.51     1.02
  SINCE JAN 1      3.11                      0.98   2.13     0.56

SNOWFALL (IN)
  YESTERDAY       MM            MM      MM   0.1   MM       MM
  MONTH TO DATE   MM                         3.1   MM       MM
  SINCE DEC 1     MM                        14.2   MM       MM
  SINCE JUL 1     MM                        15.8   MM       MM
  SNOW DEPTH      MM

DEGREE DAYS
 HEATING
  YESTERDAY       50                        34     16       26
  MONTH TO DATE  913                      1029   -116     1010
  SINCE DEC 1   3624                      3793   -169     3986
  SINCE JUL 1   4981                      5424   -443     5278

 COOLING
  YESTERDAY        0                         0      0        0
  MONTH TO DATE    0                         0      0        0
  SINCE DEC 1      0                         0      0        0
  SINCE JAN 1      0                         0      0        0
..................................................................


WIND (MPH)
  HIGHEST WIND SPEED     8   HIGHEST WIND DIRECTION    NW (310)
  HIGHEST GUST SPEED     9   HIGHEST GUST DIRECTION    NW (310)
  AVERAGE WIND SPEED     2.3


SKY COVER
  POSSIBLE SUNSHINE  MM
  AVERAGE SKY COVER 0.2


WEATHER CONDITIONS
 THE FOLLOWING WEATHER WAS RECORDED YESTERDAY.
  NO SIGNIFICANT WEATHER WAS OBSERVED.


RELATIVE HUMIDITY (PERCENT)
 HIGHEST    79           300 AM
 LOWEST     46           200 PM
 AVERAGE    63

..........................................................


THE VERNAL UT CLIMATE NORMALS FOR TODAY
                         NORMAL    RECORD    YEAR
 MAXIMUM TEMPERATURE (F)   42        MM        MM
 MINIMUM TEMPERATURE (F)   21        MM        MM


SUNRISE AND SUNSET
FEBRUARY 27 2017......SUNRISE   654 AM MST   SUNSET   608 PM MST
FEBRUARY 28 2017......SUNRISE   653 AM MST   SUNSET   609 PM MST


-  INDICATES NEGATIVE NUMBERS.
R  INDICATES RECORD WAS SET OR TIED.
MM INDICATES DATA IS MISSING.
T  INDICATES TRACE AMOUNT.




$$
