000
CDUS45 KGJT 162334
CLIVEL


CLIMATE REPORT
NATIONAL WEATHER SERVICE GRAND JUNCTION CO
527 PM MDT MON OCT 16 2017


...................................

...THE VERNAL UT CLIMATE SUMMARY FOR OCTOBER 16 2017...
VALID TODAY AS OF 0500 PM LOCAL TIME.

CLIMATE NORMAL PERIOD 1981 TO 2010
CLIMATE RECORD PERIOD 9999 TO 9999


WEATHER ITEM   OBSERVED TIME   RECORD YEAR NORMAL DEPARTURE LAST
                VALUE   (LST)  VALUE       VALUE  FROM      YEAR
                                                  NORMAL
..................................................................
TEMPERATURE (F)
 TODAY
  MAXIMUM         64    356 PM  MM      MM  61      3       68
  MINIMUM         24    555 AM  MM      MM  36    -12       50
  AVERAGE         44                        48     -4       59

PRECIPITATION (IN)
  TODAY            0.00         MM      MM   0.05  -0.05     0.00
  MONTH TO DATE    0.10                      0.76  -0.66     0.31
  SINCE SEP 1      1.45                      1.84  -0.39     4.45
  SINCE JAN 1      7.01                      7.45  -0.44    11.25

SNOWFALL (IN)
  TODAY           MM            MM      MM    MM   MM       MM
  MONTH TO DATE   MM                          MM   MM       MM
  SINCE SEP 1     MM                          MM   MM       MM
  SINCE JUL 1     MM                          MM   MM       MM
  SNOW DEPTH      MM

DEGREE DAYS
 HEATING
  TODAY           21                        17      4        6
  MONTH TO DATE  293                       223     70      212
  SINCE SEP 1    451                       389     62      347
  SINCE JUL 1    451                       405     46      357

 COOLING
  TODAY            0                         0      0        0
  MONTH TO DATE    0                         0      0        0
  SINCE SEP 1     92                        22     70       26
  SINCE JAN 1    891                       511    380      735
..................................................................


WIND (MPH)
  HIGHEST WIND SPEED     7   HIGHEST WIND DIRECTION     S (180)
  HIGHEST GUST SPEED     9   HIGHEST GUST DIRECTION    SE (150)
  AVERAGE WIND SPEED     3.0


SKY COVER
  POSSIBLE SUNSHINE  MM
  AVERAGE SKY COVER 0.0


WEATHER CONDITIONS
 THE FOLLOWING WEATHER WAS RECORDED TODAY.
  NO SIGNIFICANT WEATHER WAS OBSERVED.


RELATIVE HUMIDITY (PERCENT)
 HIGHEST    68           600 AM
 LOWEST     12           400 PM
 AVERAGE    40

..........................................................


THE VERNAL UT CLIMATE NORMALS FOR TOMORROW
                         NORMAL    RECORD    YEAR
 MAXIMUM TEMPERATURE (F)   61        MM        MM
 MINIMUM TEMPERATURE (F)   35        MM        MM


SUNRISE AND SUNSET
OCTOBER 16 2017.......SUNRISE   730 AM MDT   SUNSET   636 PM MDT
OCTOBER 17 2017.......SUNRISE   731 AM MDT   SUNSET   635 PM MDT


-  INDICATES NEGATIVE NUMBERS.
R  INDICATES RECORD WAS SET OR TIED.
MM INDICATES DATA IS MISSING.
T  INDICATES TRACE AMOUNT.




$$
