000
CDUS43 KSGF 290653
CLIVIH


CLIMATE REPORT
NATIONAL WEATHER SERVICE SPRINGFIELD MO
129 AM CDT FRI MAY 29 2015


...................................

...THE VICHY-ROLLA MO CLIMATE SUMMARY FOR MAY 28 2015...

CLIMATE NORMAL PERIOD 1981 TO 2010
CLIMATE RECORD PERIOD 1888 TO 2015


WEATHER ITEM   OBSERVED TIME   RECORD YEAR NORMAL DEPARTURE LAST
                VALUE   (LST)  VALUE       VALUE  FROM      YEAR
                                                  NORMAL
..................................................................
TEMPERATURE (F)
 YESTERDAY
  MAXIMUM         81    154 PM  92    2012  78      3       80
  MINIMUM         61    506 AM  41    1902  57      4       60
  AVERAGE         71                        67      4       70

PRECIPITATION (IN)
  YESTERDAY        0.10          1.88 1945   0.17  -0.07     0.00
  MONTH TO DATE    4.02                      4.55  -0.53     3.76
  SINCE MAR 1      9.16                     12.22  -3.06     8.12
  SINCE JAN 1     11.44                     16.32  -4.88     9.58

DEGREE DAYS
 HEATING
  YESTERDAY        0                         2     -2        0
  MONTH TO DATE   80                       111    -31      126
  SINCE MAR 1    918                      1039   -121     1172
  SINCE JUL 1   5035                      4829    206     5478

 COOLING
  YESTERDAY        6                         4      2        5
  MONTH TO DATE   87                        67     20      109
  SINCE MAR 1    100                        93      7      121
  SINCE JAN 1    100                        93      7      121
..................................................................


WIND (MPH)
  HIGHEST WIND SPEED    16   HIGHEST WIND DIRECTION     S (160)
  HIGHEST GUST SPEED    22   HIGHEST GUST DIRECTION     S (170)
  AVERAGE WIND SPEED     9.1


SKY COVER
  AVERAGE SKY COVER 0.3


WEATHER CONDITIONS
 THE FOLLOWING WEATHER WAS RECORDED YESTERDAY.
  THUNDERSTORM
  RAIN
  FOG


RELATIVE HUMIDITY (PERCENT)
 HIGHEST   100           700 AM
 LOWEST     62           400 PM
 AVERAGE    81

..........................................................


THE VICHY-ROLLA MO CLIMATE NORMALS FOR TODAY
                         NORMAL    RECORD    YEAR
 MAXIMUM TEMPERATURE (F)   78        92      1953
 MINIMUM TEMPERATURE (F)   57        41      1971


SUNRISE AND SUNSET
MAY 29 2015...........SUNRISE   547 AM CDT   SUNSET   822 PM CDT
MAY 30 2015...........SUNRISE   547 AM CDT   SUNSET   823 PM CDT


-  INDICATES NEGATIVE NUMBERS.
R  INDICATES RECORD WAS SET OR TIED.
MM INDICATES DATA IS MISSING.
T  INDICATES TRACE AMOUNT.




$$
