000
CDUS43 KSGF 242226
CLIVIH


CLIMATE REPORT
NATIONAL WEATHER SERVICE SPRINGFIELD MO
526 PM CDT SUN SEP 24 2017


...................................

...THE VICHY-ROLLA MO CLIMATE SUMMARY FOR SEPTEMBER 24 2017...
VALID TODAY AS OF 0500 PM LOCAL TIME.

CLIMATE NORMAL PERIOD 1981 TO 2010
CLIMATE RECORD PERIOD 1888 TO 2017


WEATHER ITEM   OBSERVED TIME   RECORD YEAR NORMAL DEPARTURE LAST
                VALUE   (LST)  VALUE       VALUE  FROM      YEAR
                                                  NORMAL
..................................................................
TEMPERATURE (F)
 TODAY
  MAXIMUM         90    221 PM  93    1901  75     15       88
  MINIMUM         65    614 AM  41    2012  53     12       66
                                      1995
  AVERAGE         78                        64     14       77

PRECIPITATION (IN)
  TODAY            T             2.59 2009   0.13  -0.13     0.00
  MONTH TO DATE    0.16                      3.32  -3.16     4.08
  SINCE SEP 1      0.16                      3.32  -3.16     4.08
  SINCE JAN 1     38.76                     32.87   5.89    36.42

DEGREE DAYS
 HEATING
  TODAY            0                         4     -4        0
  MONTH TO DATE   13                        34    -21        3
  SINCE SEP 1     13                        34    -21        3
  SINCE JUL 1     14                        37    -23        3

 COOLING
  TODAY           13                         3     10       12
  MONTH TO DATE  175                       128     47      203
  SINCE SEP 1    175                       128     47      203
  SINCE JAN 1   1145                      1205    -60     1392
..................................................................


WIND (MPH)
  HIGHEST WIND SPEED    16   HIGHEST WIND DIRECTION    SW (230)
  HIGHEST GUST SPEED    22   HIGHEST GUST DIRECTION    SW (230)


SKY COVER
  AVERAGE SKY COVER 0.2


WEATHER CONDITIONS
 THE FOLLOWING WEATHER WAS RECORDED TODAY.
  THUNDERSTORM
  LIGHT RAIN


RELATIVE HUMIDITY (PERCENT)
 HIGHEST    93           600 AM
 LOWEST     44          1200 PM
 AVERAGE    69

..........................................................


THE VICHY-ROLLA MO CLIMATE NORMALS FOR TOMORROW
                         NORMAL    RECORD    YEAR
 MAXIMUM TEMPERATURE (F)   75        90      2012
                                             1898
 MINIMUM TEMPERATURE (F)   53        36      2001


SUNRISE AND SUNSET
SEPTEMBER 24 2017.....SUNRISE   657 AM CDT   SUNSET   700 PM CDT
SEPTEMBER 25 2017.....SUNRISE   658 AM CDT   SUNSET   659 PM CDT


-  INDICATES NEGATIVE NUMBERS.
R  INDICATES RECORD WAS SET OR TIED.
MM INDICATES DATA IS MISSING.
T  INDICATES TRACE AMOUNT.




$$
