000
CDUS43 KSGF 050627
CLIVIH


CLIMATE REPORT
NATIONAL WEATHER SERVICE SPRINGFIELD MO
126 AM CDT WED AUG 5 2015


...................................

...THE VICHY-ROLLA MO CLIMATE SUMMARY FOR AUGUST 4 2015...

CLIMATE NORMAL PERIOD 1981 TO 2010
CLIMATE RECORD PERIOD 1888 TO 2015


WEATHER ITEM   OBSERVED TIME   RECORD YEAR NORMAL DEPARTURE LAST
                VALUE   (LST)  VALUE       VALUE  FROM      YEAR
                                                  NORMAL
..................................................................
TEMPERATURE (F)
 YESTERDAY
  MAXIMUM         90    213 PM  99    2012  89      1       89
                                      2002
                                      1897
  MINIMUM         67    524 AM  53    1974  66      1       67
  AVERAGE         79                        78      1       78

PRECIPITATION (IN)
  YESTERDAY        T             2.36 2004   0.12  -0.12     0.00
  MONTH TO DATE    T                         0.48  -0.48     0.00
  SINCE JUN 1     12.85                      9.55   3.30     3.42
  SINCE JAN 1     26.87                     26.36   0.51    13.04

DEGREE DAYS
 HEATING
  YESTERDAY        0                         0      0        0
  MONTH TO DATE    0                         0      0        0
  SINCE JUN 1     15                        15      0        4
  SINCE JUL 1      0                         1     -1        3

 COOLING
  YESTERDAY       14                        13      1       13
  MONTH TO DATE   54                        52      2       40
  SINCE JUN 1    705                       669     36      539
  SINCE JAN 1    812                       776     36      686
..................................................................


WIND (MPH)
  HIGHEST WIND SPEED    23   HIGHEST WIND DIRECTION    SW (220)
  HIGHEST GUST SPEED    29   HIGHEST GUST DIRECTION    SW (230)
  AVERAGE WIND SPEED     5.4


SKY COVER
  AVERAGE SKY COVER 0.1


WEATHER CONDITIONS
 THE FOLLOWING WEATHER WAS RECORDED YESTERDAY.
  THUNDERSTORM
  FOG


RELATIVE HUMIDITY (PERCENT)
 HIGHEST   100           600 AM
 LOWEST     50           100 PM
 AVERAGE    75

..........................................................


THE VICHY-ROLLA MO CLIMATE NORMALS FOR TODAY
                         NORMAL    RECORD    YEAR
 MAXIMUM TEMPERATURE (F)   89        99      1956
 MINIMUM TEMPERATURE (F)   66        54      1948


SUNRISE AND SUNSET
AUGUST  5 2015........SUNRISE   613 AM CDT   SUNSET   813 PM CDT
AUGUST  6 2015........SUNRISE   614 AM CDT   SUNSET   811 PM CDT


-  INDICATES NEGATIVE NUMBERS.
R  INDICATES RECORD WAS SET OR TIED.
MM INDICATES DATA IS MISSING.
T  INDICATES TRACE AMOUNT.




$$
