000
CDUS43 KSGF 180649
CLIVIH


CLIMATE REPORT
NATIONAL WEATHER SERVICE SPRINGFIELD MO
148 AM CDT THU SEP 18 2014


...................................

...THE VICHY-ROLLA MO CLIMATE SUMMARY FOR SEPTEMBER 17 2014...

CLIMATE NORMAL PERIOD 1981 TO 2010
CLIMATE RECORD PERIOD 1888 TO 2014


WEATHER ITEM   OBSERVED TIME   RECORD YEAR NORMAL DEPARTURE LAST
                VALUE   (LST)  VALUE       VALUE  FROM      YEAR
                                                  NORMAL
..................................................................
TEMPERATURE (F)
 YESTERDAY
  MAXIMUM         67    359 PM  97    1953  78    -11       71
  MINIMUM         56    555 AM  37    1903  56      0       58
  AVERAGE         62                        67     -5       65

PRECIPITATION (IN)
  YESTERDAY        0.27          3.43 1905   0.14   0.13     0.18
  MONTH TO DATE    1.91                      2.45  -0.54     1.75
  SINCE SEP 1      1.91                      2.45  -0.54     1.75
  SINCE JAN 1     19.21                     32.00 -12.79    34.73

DEGREE DAYS
 HEATING
  YESTERDAY        3                         2      1        0
  MONTH TO DATE   51                        14     37        8
  SINCE SEP 1     51                        14     37        8
  SINCE JUL 1     54                        17     37       12

 COOLING
  YESTERDAY        0                         4     -4        0
  MONTH TO DATE   80                       105    -25      138
  SINCE SEP 1     80                       105    -25      138
  SINCE JAN 1   1119                      1182    -63     1037
..................................................................


WIND (MPH)
  HIGHEST WIND SPEED    15   HIGHEST WIND DIRECTION     S (190)
  HIGHEST GUST SPEED    19   HIGHEST GUST DIRECTION     S (180)
  AVERAGE WIND SPEED     6.9


SKY COVER
  AVERAGE SKY COVER 1.0


WEATHER CONDITIONS
 THE FOLLOWING WEATHER WAS RECORDED YESTERDAY.
  THUNDERSTORM
  HEAVY RAIN
  RAIN
  LIGHT RAIN
  FOG
  FOG W/VISIBILITY <= 1/4 MILE
  HAZE


RELATIVE HUMIDITY (PERCENT)
 HIGHEST   100           900 AM
 LOWEST     81           100 PM
 AVERAGE    91

..........................................................


THE VICHY-ROLLA MO CLIMATE NORMALS FOR TODAY
                         NORMAL    RECORD    YEAR
 MAXIMUM TEMPERATURE (F)   78        95      1953
 MINIMUM TEMPERATURE (F)   56        34      1901


SUNRISE AND SUNSET
SEPTEMBER 18 2014.....SUNRISE   651 AM CDT   SUNSET   710 PM CDT
SEPTEMBER 19 2014.....SUNRISE   652 AM CDT   SUNSET   709 PM CDT


-  INDICATES NEGATIVE NUMBERS.
R  INDICATES RECORD WAS SET OR TIED.
MM INDICATES DATA IS MISSING.
T  INDICATES TRACE AMOUNT.




$$
