000
CDUS42 KTAE 240635
CLIVLD


CLIMATE REPORT
NATIONAL WEATHER SERVICE TALLAHASSEE FL
235 AM EDT WED MAY 24 2017


...................................

...THE VALDOSTA CLIMATE SUMMARY FOR MAY 23 2017...

CLIMATE NORMAL PERIOD 1981 TO 2010
CLIMATE RECORD PERIOD 1948 TO 2017


WEATHER ITEM   OBSERVED TIME   NORMAL DEPARTURE LAST
                VALUE   (LST)  VALUE  FROM      YEAR
                                      NORMAL
......................................................
TEMPERATURE (F)
 YESTERDAY
  MAXIMUM         83   1251 PM  88     -5       86
  MINIMUM         72    841 AM  64      8       56
  AVERAGE         78            76      2       71

PRECIPITATION (IN)
  YESTERDAY        T             0.09  -0.09     0.00
  MONTH TO DATE    1.26          1.51  -0.25     3.45
  SINCE MAR 1      4.40          9.25  -4.85    15.44
  SINCE JAN 1     14.71         17.98  -3.27    24.30

DEGREE DAYS
 COOLING
  YESTERDAY       13            11      2        6
  MONTH TO DATE  195           186      9      192
  SINCE MAR 1    412           311    101      405
  SINCE JAN 1    458           321    137      415
......................................................


WIND (MPH)
  HIGHEST WIND SPEED    17   HIGHEST WIND DIRECTION    SW (210)
  HIGHEST GUST SPEED    30   HIGHEST GUST DIRECTION    SW (220)
  AVERAGE WIND SPEED     6.5




RELATIVE HUMIDITY (PERCENT)
 HIGHEST   100
 LOWEST     69
 AVERAGE    85

..........................................................




SUNRISE AND SUNSET
MAY 24 2017...........SUNRISE   633 AM EDT   SUNSET   827 PM EDT
MAY 25 2017...........SUNRISE   633 AM EDT   SUNSET   828 PM EDT


-  INDICATES NEGATIVE NUMBERS.
R  INDICATES RECORD WAS SET OR TIED.
MM INDICATES DATA IS MISSING.
T  INDICATES TRACE AMOUNT.




$$
