000
CDUS42 KTAE 280636
CLIVLD


CLIMATE REPORT
NATIONAL WEATHER SERVICE TALLAHASSEE FL
135 AM EST SUN DEC 28 2014


...................................

...THE VALDOSTA CLIMATE SUMMARY FOR DECEMBER 27 2014...

CLIMATE NORMAL PERIOD 1981 TO 2010
CLIMATE RECORD PERIOD 1948 TO 2014


WEATHER ITEM   OBSERVED TIME   NORMAL DEPARTURE LAST
                VALUE   (LST)  VALUE  FROM      YEAR
                                      NORMAL
......................................................
TEMPERATURE (F)
 YESTERDAY
  MAXIMUM         74    421 PM  63     11       62
  MINIMUM         44    532 AM  40      4       50
  AVERAGE         59            51      8       56

PRECIPITATION (IN)
  YESTERDAY        0.00          0.08  -0.08     0.00
  MONTH TO DATE    4.10          2.88   1.22     3.45
  SINCE DEC 1      4.10          2.88   1.22     3.45
  SINCE JAN 1     52.23         50.31   1.92    44.79

DEGREE DAYS
 HEATING
  YESTERDAY        6            14     -8        9
  MONTH TO DATE  257           325    -68      171
  SINCE DEC 1    257           325    -68      171
  SINCE JUL 1    624           556     68      337
......................................................


WIND (MPH)
  HIGHEST WIND SPEED    10   HIGHEST WIND DIRECTION    SE (130)
  HIGHEST GUST SPEED    15   HIGHEST GUST DIRECTION    SE (140)
  AVERAGE WIND SPEED     2.3




RELATIVE HUMIDITY (PERCENT)
 HIGHEST   100
 LOWEST     53
 AVERAGE    77

..........................................................




SUNRISE AND SUNSET
DECEMBER 28 2014......SUNRISE   730 AM EST   SUNSET   540 PM EST
DECEMBER 29 2014......SUNRISE   730 AM EST   SUNSET   541 PM EST


-  INDICATES NEGATIVE NUMBERS.
R  INDICATES RECORD WAS SET OR TIED.
MM INDICATES DATA IS MISSING.
T  INDICATES TRACE AMOUNT.




$$
