000
CDUS42 KTAE 240631
CLIVLD


CLIMATE REPORT
NATIONAL WEATHER SERVICE TALLAHASSEE FL
231 AM EDT THU APR 24 2014


...................................

...THE VALDOSTA CLIMATE SUMMARY FOR APRIL 23 2014...

CLIMATE NORMAL PERIOD 1981 TO 2010
CLIMATE RECORD PERIOD 1948 TO 2014


WEATHER ITEM   OBSERVED TIME   NORMAL DEPARTURE LAST
                VALUE   (LST)  VALUE  FROM      YEAR
                                      NORMAL
......................................................
TEMPERATURE (F)
 YESTERDAY
  MAXIMUM         87    451 PM  81      6       82
  MINIMUM         60    621 AM  54      6       55
  AVERAGE         74            68      6       69

PRECIPITATION (IN)
  YESTERDAY        0.00          0.07  -0.07     0.00
  MONTH TO DATE    8.21          2.41   5.80     5.21
  SINCE MAR 1     12.37          7.28   5.09     7.50
  SINCE JAN 1     18.51         16.01   2.50    13.65

DEGREE DAYS
 HEATING
  YESTERDAY        0             1     -1        0
  MONTH TO DATE   28            61    -33       21
  SINCE MAR 1    187           247    -60      295
  SINCE JUL 1   1238          1627   -389     1164

 COOLING
  YESTERDAY        9             4      5        4
  MONTH TO DATE   97            61     36      113
  SINCE MAR 1    130            94     36      139
  SINCE JAN 1    162           104     58      216
......................................................


WIND (MPH)
  HIGHEST WIND SPEED     9   HIGHEST WIND DIRECTION    NW (300)
  HIGHEST GUST SPEED    14   HIGHEST GUST DIRECTION    NW (320)
  AVERAGE WIND SPEED     1.4




RELATIVE HUMIDITY (PERCENT)
 HIGHEST    90
 LOWEST     37
 AVERAGE    64

..........................................................




SUNRISE AND SUNSET
APRIL 24 2014.........SUNRISE   656 AM EDT   SUNSET   807 PM EDT
APRIL 25 2014.........SUNRISE   655 AM EDT   SUNSET   808 PM EDT


-  INDICATES NEGATIVE NUMBERS.
R  INDICATES RECORD WAS SET OR TIED.
MM INDICATES DATA IS MISSING.
T  INDICATES TRACE AMOUNT.




$$
