000
CDUS42 KTAE 290634
CLIVLD


CLIMATE REPORT
NATIONAL WEATHER SERVICE TALLAHASSEE FL
234 AM EDT WED MAR 29 2017


...................................

...THE VALDOSTA CLIMATE SUMMARY FOR MARCH 28 2017...

CLIMATE NORMAL PERIOD 1981 TO 2010
CLIMATE RECORD PERIOD 1948 TO 2017


WEATHER ITEM   OBSERVED TIME   NORMAL DEPARTURE LAST
                VALUE   (LST)  VALUE  FROM      YEAR
                                      NORMAL
......................................................
TEMPERATURE (F)
 YESTERDAY
  MAXIMUM         84    435 PM  75      9       80
  MINIMUM         54    453 AM  49      5       59
  AVERAGE         69            62      7       70

PRECIPITATION (IN)
  YESTERDAY        0.00          0.15  -0.15     0.00
  MONTH TO DATE    1.20          4.41  -3.21     6.17
  SINCE MAR 1      1.20          4.41  -3.21     6.17
  SINCE JAN 1     11.51         13.14  -1.63    15.03

DEGREE DAYS
 HEATING
  YESTERDAY        0             4     -4        0
  MONTH TO DATE  174           174      0       89
  SINCE MAR 1    174           174      0       89
  SINCE JUL 1    960          1554   -594     1031

 COOLING
  YESTERDAY        4             1      3        5
  MONTH TO DATE   35            28      7       78
  SINCE MAR 1     35            28      7       78
  SINCE JAN 1     81            38     43       88
......................................................


WIND (MPH)
  HIGHEST WIND SPEED    12   HIGHEST WIND DIRECTION     W (280)
  HIGHEST GUST SPEED    19   HIGHEST GUST DIRECTION     W (260)
  AVERAGE WIND SPEED     2.8




RELATIVE HUMIDITY (PERCENT)
 HIGHEST   100
 LOWEST     40
 AVERAGE    70

..........................................................




SUNRISE AND SUNSET
MARCH 29 2017.........SUNRISE   725 AM EDT   SUNSET   751 PM EDT
MARCH 30 2017.........SUNRISE   724 AM EDT   SUNSET   751 PM EDT


-  INDICATES NEGATIVE NUMBERS.
R  INDICATES RECORD WAS SET OR TIED.
MM INDICATES DATA IS MISSING.
T  INDICATES TRACE AMOUNT.




$$
