000
CDUS42 KFFC 220821
CLIVPC


CLIMATE REPORT
NATIONAL WEATHER SERVICE PEACHTREE CITY GA
421 AM EDT FRI MAY 22 2015


...................................

...THE CARTERSVILLE CLIMATE SUMMARY FOR MAY 21 2015...

CLIMATE NORMAL PERIOD 1981 TO 2010
CLIMATE RECORD PERIOD 9999 TO 9999


WEATHER ITEM   OBSERVED TIME   RECORD YEAR NORMAL DEPARTURE LAST
                VALUE   (LST)  VALUE       VALUE  FROM      YEAR
                                                  NORMAL
..................................................................
TEMPERATURE (F)
 YESTERDAY
  MAXIMUM         76    232 PM  MM      MM  81     -5       86
  MINIMUM         54   1159 PM  MM      MM  57     -3       57
  AVERAGE         65                        69     -4       72

PRECIPITATION (IN)
  YESTERDAY        0.00         MM      MM   0.11  -0.11     0.00
  MONTH TO DATE    0.73                      2.77  -2.04     3.15
  SINCE MAR 1      8.94                     11.40  -2.46    14.19
  SINCE JAN 1     17.53                     20.90  -3.37    19.91

DEGREE DAYS
 COOLING
  YESTERDAY        0                         5     -5        7
  MONTH TO DATE  111                        66     45       71
  SINCE MAR 1    156                        91     65       90
  SINCE JAN 1    156                        91     65       90
..................................................................


WIND (MPH)
  RESULTANT WIND SPEED   3   RESULTANT WIND DIRECTION  NE (50)
  HIGHEST WIND SPEED    12   HIGHEST WIND DIRECTION     N (350)
  HIGHEST GUST SPEED    20   HIGHEST GUST DIRECTION     N (340)
  AVERAGE WIND SPEED     5.3


SKY COVER
  AVERAGE SKY COVER 0.8


WEATHER CONDITIONS
 THE FOLLOWING WEATHER WAS RECORDED YESTERDAY.
  NO SIGNIFICANT WEATHER WAS OBSERVED.


RELATIVE HUMIDITY (PERCENT)
 HIGHEST    79          1200 AM
 LOWEST     53           400 PM
 AVERAGE    66

..........................................................


THE CARTERSVILLE CLIMATE NORMALS FOR TODAY
                         NORMAL    RECORD    YEAR
 MAXIMUM TEMPERATURE (F)   81        MM        MM
 MINIMUM TEMPERATURE (F)   57        MM        MM


SUNRISE AND SUNSET
MAY 22 2015...........SUNRISE   633 AM EDT   SUNSET   839 PM EDT
MAY 23 2015...........SUNRISE   633 AM EDT   SUNSET   840 PM EDT


-  INDICATES NEGATIVE NUMBERS.
R  INDICATES RECORD WAS SET OR TIED.
MM INDICATES DATA IS MISSING.
T  INDICATES TRACE AMOUNT.




$$
