000
CDUS43 KLOT 190632
CLIVPZ


CLIMATE REPORT
NATIONAL WEATHER SERVICE CHICAGO IL
132 AM CDT SAT APR 19 2014


...................................

...THE VALPARAISO CLIMATE SUMMARY FOR APRIL 18 2014...

CLIMATE NORMAL PERIOD 1981 TO 2010
CLIMATE RECORD PERIOD 1998 TO 2014


WEATHER ITEM   OBSERVED TIME   RECORD YEAR NORMAL DEPARTURE LAST
                VALUE   (LST)  VALUE       VALUE  FROM      YEAR
                                                  NORMAL
..................................................................
TEMPERATURE (F)
 YESTERDAY
  MAXIMUM         53    219 PM  88    2002  61     -8       70
                                      2002
  MINIMUM         31   1158 PM  27    2001  39     -8       44
                                      1926
  AVERAGE         42                        50     -8       57

PRECIPITATION (IN)
  YESTERDAY        T             1.40 2013   0.12  -0.12     1.40
  MONTH TO DATE    1.71                      2.01  -0.30     5.69
  SINCE MAR 1      2.50                      4.49  -1.99     6.23
  SINCE JAN 1      5.13                      7.66  -2.53     9.78

DEGREE DAYS
 HEATING
  YESTERDAY       23                        15      8        8
  MONTH TO DATE  361                       327     34      331
  SINCE MAR 1   1361                      1172    189     1309
  SINCE JUL 1   6810                      5904    906     5700

 COOLING
  YESTERDAY        0                         0      0        0
  MONTH TO DATE    0                         0      0        0
  SINCE MAR 1      0                         0      0        0
  SINCE JAN 1      0                         0      0        0
..................................................................


WIND (MPH)
  RESULTANT WIND SPEED   6   RESULTANT WIND DIRECTION   N (350)
  HIGHEST WIND SPEED    15   HIGHEST WIND DIRECTION     N (340)
  HIGHEST GUST SPEED    19   HIGHEST GUST DIRECTION     N (360)
  AVERAGE WIND SPEED     7.0



WEATHER CONDITIONS
 THE FOLLOWING WEATHER WAS RECORDED YESTERDAY.
  LIGHT RAIN
  FOG
  HAZE


..........................................................


THE VALPARAISO CLIMATE NORMALS FOR TODAY
                         NORMAL    RECORD    YEAR
 MAXIMUM TEMPERATURE (F)   61        81      2003
 MINIMUM TEMPERATURE (F)   40        30      1999


SUNRISE AND SUNSET
APRIL 19 2014.........SUNRISE   602 AM CDT   SUNSET   733 PM CDT
APRIL 20 2014.........SUNRISE   601 AM CDT   SUNSET   734 PM CDT


-  INDICATES NEGATIVE NUMBERS.
R  INDICATES RECORD WAS SET OR TIED.
MM INDICATES DATA IS MISSING.
T  INDICATES TRACE AMOUNT.




$$
