000
CDUS43 KLOT 280633
CLIVPZ


CLIMATE REPORT
NATIONAL WEATHER SERVICE CHICAGO IL
132 AM CDT WED JUN 28 2017


...................................

...THE VALPARAISO CLIMATE SUMMARY FOR JUNE 27 2017...

CLIMATE NORMAL PERIOD 1981 TO 2010
CLIMATE RECORD PERIOD 1998 TO 2017


WEATHER ITEM   OBSERVED TIME   RECORD YEAR NORMAL DEPARTURE LAST
                VALUE   (LST)  VALUE       VALUE  FROM      YEAR
                                                  NORMAL
..................................................................
TEMPERATURE (F)
 YESTERDAY
  MAXIMUM         77    419 PM  93    2016  83     -6       93
  MINIMUM         51R   424 AM  52    2004  62    -11       65
  AVERAGE         64                        72     -8       79

PRECIPITATION (IN)
  YESTERDAY        0.00          0.89 1999   0.14  -0.14     0.00
  MONTH TO DATE    1.63                      3.52  -1.89     0.24
  SINCE JUN 1      1.63                      3.52  -1.89     0.24
  SINCE JAN 1     17.03                     16.50   0.53     9.64

DEGREE DAYS
 HEATING
  YESTERDAY        1                         0      1        0
  MONTH TO DATE    3                        41    -38       13
  SINCE JUN 1      3                        41    -38       13
  SINCE JUL 1   5039                      6320  -1281     5251

 COOLING
  YESTERDAY        0                         7     -7       14
  MONTH TO DATE  226                       141     85      199
  SINCE JUN 1    226                       141     85      199
  SINCE JAN 1    283                       188     95      276
..................................................................


WIND (MPH)
  RESULTANT WIND SPEED   2   RESULTANT WIND DIRECTION   W (250)
  HIGHEST WIND SPEED    16   HIGHEST WIND DIRECTION     W (270)
  HIGHEST GUST SPEED    20   HIGHEST GUST DIRECTION     W (260)
  AVERAGE WIND SPEED     4.7



WEATHER CONDITIONS
 THE FOLLOWING WEATHER WAS RECORDED YESTERDAY.
  NO SIGNIFICANT WEATHER WAS OBSERVED.


..........................................................


THE VALPARAISO CLIMATE NORMALS FOR TODAY
                         NORMAL    RECORD    YEAR
 MAXIMUM TEMPERATURE (F)   83       100      2012
 MINIMUM TEMPERATURE (F)   62        52      2016
                                             2015


SUNRISE AND SUNSET
JUNE 28 2017..........SUNRISE   517 AM CDT   SUNSET   826 PM CDT
JUNE 29 2017..........SUNRISE   517 AM CDT   SUNSET   826 PM CDT


-  INDICATES NEGATIVE NUMBERS.
R  INDICATES RECORD WAS SET OR TIED.
MM INDICATES DATA IS MISSING.
T  INDICATES TRACE AMOUNT.




$$
