000
CDUS43 KLOT 240633
CLIVPZ


CLIMATE REPORT
NATIONAL WEATHER SERVICE CHICAGO IL
132 AM CDT THU APR 24 2014


...................................

...THE VALPARAISO CLIMATE SUMMARY FOR APRIL 23 2014...

CLIMATE NORMAL PERIOD 1981 TO 2010
CLIMATE RECORD PERIOD 1998 TO 2014


WEATHER ITEM   OBSERVED TIME   RECORD YEAR NORMAL DEPARTURE LAST
                VALUE   (LST)  VALUE       VALUE  FROM      YEAR
                                                  NORMAL
..................................................................
TEMPERATURE (F)
 YESTERDAY
  MAXIMUM         50    331 PM  78    2008  63    -13       66
  MINIMUM         33    531 AM  30    2009  41     -8       38
  AVERAGE         42                        52    -10       52

PRECIPITATION (IN)
  YESTERDAY        T             0.59 1999   0.11  -0.11     0.41
  MONTH TO DATE    1.90                      2.55  -0.65     6.10
  SINCE MAR 1      2.69                      5.03  -2.34     6.64
  SINCE JAN 1      5.32                      8.20  -2.88    10.19

DEGREE DAYS
 HEATING
  YESTERDAY       23                        13     10       13
  MONTH TO DATE  430                       397     33      438
  SINCE MAR 1   1430                      1242    188     1416
  SINCE JUL 1   6879                      5974    905     5807

 COOLING
  YESTERDAY        0                         0      0        0
  MONTH TO DATE    0                         0      0        0
  SINCE MAR 1      0                         0      0        0
  SINCE JAN 1      0                         0      0        0
..................................................................


WIND (MPH)
  RESULTANT WIND SPEED   7   RESULTANT WIND DIRECTION   N (10)
  HIGHEST WIND SPEED    14   HIGHEST WIND DIRECTION     N (20)
  HIGHEST GUST SPEED    18   HIGHEST GUST DIRECTION    NE (30)
  AVERAGE WIND SPEED     8.1



WEATHER CONDITIONS
 THE FOLLOWING WEATHER WAS RECORDED YESTERDAY.
  LIGHT RAIN


..........................................................


THE VALPARAISO CLIMATE NORMALS FOR TODAY
                         NORMAL    RECORD    YEAR
 MAXIMUM TEMPERATURE (F)   63        84      2009
                                             1960
                                             1915
 MINIMUM TEMPERATURE (F)   41        32      2005


SUNRISE AND SUNSET
APRIL 24 2014.........SUNRISE   555 AM CDT   SUNSET   738 PM CDT
APRIL 25 2014.........SUNRISE   553 AM CDT   SUNSET   739 PM CDT


-  INDICATES NEGATIVE NUMBERS.
R  INDICATES RECORD WAS SET OR TIED.
MM INDICATES DATA IS MISSING.
T  INDICATES TRACE AMOUNT.




$$
