000
CDUS43 KLOT 210642
CLIVPZ


CLIMATE REPORT
NATIONAL WEATHER SERVICE CHICAGO IL
140 AM CDT SUN SEP 21 2014


...................................

...THE VALPARAISO CLIMATE SUMMARY FOR SEPTEMBER 20 2014...

CLIMATE NORMAL PERIOD 1981 TO 2010
CLIMATE RECORD PERIOD 1998 TO 2014


WEATHER ITEM   OBSERVED TIME   RECORD YEAR NORMAL DEPARTURE LAST
                VALUE   (LST)  VALUE       VALUE  FROM      YEAR
                                                  NORMAL
..................................................................
TEMPERATURE (F)
 YESTERDAY
  MAXIMUM         81    140 PM  89    1998  73      8       76
  MINIMUM         55    135 AM  42    2006  51      4       57
  AVERAGE         68                        62      6       67

PRECIPITATION (IN)
  YESTERDAY       MM             0.30 2000   0.10  MM        0.05
  MONTH TO DATE    2.32                      2.16   0.16     2.42
  SINCE SEP 1      2.32                      2.16   0.16     2.42
  SINCE JAN 1     31.68                     27.70   3.98    28.10

DEGREE DAYS
 HEATING
  YESTERDAY        0                         5     -5        0
  MONTH TO DATE   94                        48     46       41
  SINCE SEP 1     94                        48     46       41
  SINCE JUL 1    134                        65     69       69

 COOLING
  YESTERDAY        3                         1      2        2
  MONTH TO DATE   59                        55      4      116
  SINCE SEP 1     59                        55      4      116
  SINCE JAN 1    606                       691    -85      783
..................................................................


WIND (MPH)
  RESULTANT WIND SPEED  10   RESULTANT WIND DIRECTION  SW (210)
  HIGHEST WIND SPEED    46   HIGHEST WIND DIRECTION     W (260)
  HIGHEST GUST SPEED    79   HIGHEST GUST DIRECTION     W (260)
  AVERAGE WIND SPEED     9.3



WEATHER CONDITIONS
 THE FOLLOWING WEATHER WAS RECORDED YESTERDAY.
  FOG


..........................................................


THE VALPARAISO CLIMATE NORMALS FOR TODAY
                         NORMAL    RECORD    YEAR
 MAXIMUM TEMPERATURE (F)   73        91      2010
 MINIMUM TEMPERATURE (F)   50        37      2006


SUNRISE AND SUNSET
SEPTEMBER 21 2014.....SUNRISE   634 AM CDT   SUNSET   647 PM CDT
SEPTEMBER 22 2014.....SUNRISE   635 AM CDT   SUNSET   645 PM CDT


-  INDICATES NEGATIVE NUMBERS.
R  INDICATES RECORD WAS SET OR TIED.
MM INDICATES DATA IS MISSING.
T  INDICATES TRACE AMOUNT.




$$
