000
CDUS43 KLOT 240637
CLIVPZ


CLIMATE REPORT
NATIONAL WEATHER SERVICE CHICAGO IL
136 AM CDT THU AUG 24 2017


...................................

...THE VALPARAISO CLIMATE SUMMARY FOR AUGUST 23 2017...

CLIMATE NORMAL PERIOD 1981 TO 2010
CLIMATE RECORD PERIOD 1998 TO 2017


WEATHER ITEM   OBSERVED TIME   RECORD YEAR NORMAL DEPARTURE LAST
                VALUE   (LST)  VALUE       VALUE  FROM      YEAR
                                                  NORMAL
..................................................................
TEMPERATURE (F)
 YESTERDAY
  MAXIMUM         77    112 PM  90    1998  80     -3       80
  MINIMUM         56   1159 PM  52    2009  60     -4       53
  AVERAGE         67                        70     -3       67

PRECIPITATION (IN)
  YESTERDAY        0.00          1.36 2007   0.15  -0.15     0.00
  MONTH TO DATE    2.21                      3.21  -1.00     7.96
  SINCE JUN 1      8.53                     11.46  -2.93    12.15
  SINCE JAN 1     23.93                     24.44  -0.51    21.55

DEGREE DAYS
 HEATING
  YESTERDAY        0                         0      0        0
  MONTH TO DATE    0                         0      0        0
  SINCE JUN 1      3                        45    -42       28
  SINCE JUL 1      0                         4     -4        8

 COOLING
  YESTERDAY        2                         5     -3        2
  MONTH TO DATE  140                       147     -7      209
  SINCE JUN 1    688                       551    137      690
  SINCE JAN 1    745                       598    147      767
..................................................................


WIND (MPH)
  RESULTANT WIND SPEED   4   RESULTANT WIND DIRECTION  NW (330)
  HIGHEST WIND SPEED    14   HIGHEST WIND DIRECTION    NW (320)
  HIGHEST GUST SPEED    21   HIGHEST GUST DIRECTION     N (350)
  AVERAGE WIND SPEED     5.2



WEATHER CONDITIONS
 THE FOLLOWING WEATHER WAS RECORDED YESTERDAY.
  FOG


..........................................................


THE VALPARAISO CLIMATE NORMALS FOR TODAY
                         NORMAL    RECORD    YEAR
 MAXIMUM TEMPERATURE (F)   80        90      2011
 MINIMUM TEMPERATURE (F)   60        49      2009


SUNRISE AND SUNSET
AUGUST 24 2017........SUNRISE   606 AM CDT   SUNSET   733 PM CDT
AUGUST 25 2017........SUNRISE   607 AM CDT   SUNSET   732 PM CDT


-  INDICATES NEGATIVE NUMBERS.
R  INDICATES RECORD WAS SET OR TIED.
MM INDICATES DATA IS MISSING.
T  INDICATES TRACE AMOUNT.




$$
