000
CDUS43 KLOT 240634
CLIVPZ


CLIMATE REPORT
NATIONAL WEATHER SERVICE CHICAGO IL
134 AM CDT SUN MAY 24 2015


...................................

...THE VALPARAISO CLIMATE SUMMARY FOR MAY 23 2015...

CLIMATE NORMAL PERIOD 1981 TO 2010
CLIMATE RECORD PERIOD 1998 TO 2015


WEATHER ITEM   OBSERVED TIME   RECORD YEAR NORMAL DEPARTURE LAST
                VALUE   (LST)  VALUE       VALUE  FROM      YEAR
                                                  NORMAL
..................................................................
TEMPERATURE (F)
 YESTERDAY
  MAXIMUM         81    416 PM  89    2010  73      8       66
                                      2007
  MINIMUM         46    443 AM  36    2006  50     -4       44
  AVERAGE         64                        61      3       55

PRECIPITATION (IN)
  YESTERDAY        0.00          0.49 1999   0.14  -0.14     0.00
  MONTH TO DATE    2.29                      2.92  -0.63     2.83
  SINCE MAR 1      5.06                      8.93  -3.87     5.82
  SINCE JAN 1      6.67                     12.10  -5.43     8.45

DEGREE DAYS
 HEATING
  YESTERDAY        1                         5     -4       10
  MONTH TO DATE  133                       185    -52      218
  SINCE MAR 1   1543                      1512     31     1736
  SINCE JUL 1   6801                      6244    557     7185

 COOLING
  YESTERDAY        0                         2     -2        0
  MONTH TO DATE   41                        24     17       40
  SINCE MAR 1     41                        29     12       40
  SINCE JAN 1     41                        29     12       40
..................................................................


WIND (MPH)
  RESULTANT WIND SPEED   4   RESULTANT WIND DIRECTION   S (170)
  HIGHEST WIND SPEED    16   HIGHEST WIND DIRECTION     W (250)
  HIGHEST GUST SPEED    21   HIGHEST GUST DIRECTION    SW (220)
  AVERAGE WIND SPEED     5.8



WEATHER CONDITIONS
 THE FOLLOWING WEATHER WAS RECORDED YESTERDAY.
  NO SIGNIFICANT WEATHER WAS OBSERVED.


..........................................................


THE VALPARAISO CLIMATE NORMALS FOR TODAY
                         NORMAL    RECORD    YEAR
 MAXIMUM TEMPERATURE (F)   73        90      2010
 MINIMUM TEMPERATURE (F)   51        39      2013


SUNRISE AND SUNSET
MAY 24 2015...........SUNRISE   522 AM CDT   SUNSET   809 PM CDT
MAY 25 2015...........SUNRISE   521 AM CDT   SUNSET   809 PM CDT


-  INDICATES NEGATIVE NUMBERS.
R  INDICATES RECORD WAS SET OR TIED.
MM INDICATES DATA IS MISSING.
T  INDICATES TRACE AMOUNT.




$$
