000
CDUS43 KLOT 150633
CLIVPZ


CLIMATE REPORT
NATIONAL WEATHER SERVICE CHICAGO IL
1233 AM CST FRI DEC 15 2017


...................................

...THE VALPARAISO CLIMATE SUMMARY FOR DECEMBER 14 2017...

CLIMATE NORMAL PERIOD 1981 TO 2010
CLIMATE RECORD PERIOD 1998 TO 2017


WEATHER ITEM   OBSERVED TIME   RECORD YEAR NORMAL DEPARTURE LAST
                VALUE   (LST)  VALUE       VALUE  FROM      YEAR
                                                  NORMAL
..................................................................
TEMPERATURE (F)
 YESTERDAY
  MAXIMUM         30   1256 AM  63    2015  35     -5       22
  MINIMUM         16   1159 PM   0    2016  22     -6        0
  AVERAGE         23                        28     -5       11

PRECIPITATION (IN)
  YESTERDAY        T             1.87 2011   0.06  -0.06      T
  MONTH TO DATE    0.03                      1.09  -1.06     0.57
  SINCE DEC 1      0.03                      1.09  -1.06     0.57
  SINCE JAN 1     34.52                     36.42  -1.90    31.83

DEGREE DAYS
 HEATING
  YESTERDAY       42                        37      5       54
  MONTH TO DATE  445                       481    -36      532
  SINCE DEC 1    445                       481    -36      532
  SINCE JUL 1   1444                      1739   -295     1345

 COOLING
  YESTERDAY        0                         0      0        0
  MONTH TO DATE    0                         0      0        0
  SINCE DEC 1      0                         0      0        0
  SINCE JAN 1    968                       713    255     1017
..................................................................


WIND (MPH)
  RESULTANT WIND SPEED   1   RESULTANT WIND DIRECTION   N (350)
  HIGHEST WIND SPEED    20   HIGHEST WIND DIRECTION     N (360)
  HIGHEST GUST SPEED    28   HIGHEST GUST DIRECTION     N (360)
  AVERAGE WIND SPEED     6.2



WEATHER CONDITIONS
 THE FOLLOWING WEATHER WAS RECORDED YESTERDAY.
  LIGHT SNOW
  HAZE


..........................................................


THE VALPARAISO CLIMATE NORMALS FOR TODAY
                         NORMAL    RECORD    YEAR
 MAXIMUM TEMPERATURE (F)   34        56      2011
 MINIMUM TEMPERATURE (F)   21        -7      2010


SUNRISE AND SUNSET
DECEMBER 15 2017......SUNRISE   707 AM CST   SUNSET   419 PM CST
DECEMBER 16 2017......SUNRISE   708 AM CST   SUNSET   419 PM CST


-  INDICATES NEGATIVE NUMBERS.
R  INDICATES RECORD WAS SET OR TIED.
MM INDICATES DATA IS MISSING.
T  INDICATES TRACE AMOUNT.




$$
