000
CDUS42 KMLB 312032
CLIVRB


CLIMATE REPORT
NATIONAL WEATHER SERVICE MELBOURNE FL
431 PM EDT THU JUL 31 2014


...................................

...THE VERO BEACH CLIMATE SUMMARY FOR JULY 31 2014...
VALID TODAY AS OF 400 PM LOCAL TIME.

CLIMATE NORMAL PERIOD 1981 TO 2010
CLIMATE RECORD PERIOD 1942 TO 2014


WEATHER ITEM   OBSERVED TIME   RECORD YEAR NORMAL DEPARTURE LAST
                VALUE   (LST)  VALUE       VALUE  FROM      YEAR
                                                  NORMAL
..................................................................
TEMPERATURE (F)
 TODAY
  MAXIMUM         88   1126 AM  95    2010  90     -2       88
                                      1999
                                      1997
  MINIMUM         73    332 AM  69    2000  74     -1       74
                                      1967
  AVERAGE         81                        82     -1       81

PRECIPITATION (IN)
  TODAY            T             1.81 1955   0.18  -0.18     0.00
  MONTH TO DATE    6.14                      5.63   0.51     5.50
  SINCE JUN 1     13.84                     12.30   1.54    10.99
  SINCE JAN 1     27.02                     27.67  -0.65    26.21

SNOWFALL (IN)
  TODAY            0.0
  MONTH TO DATE    0.0
  SINCE JUL 1      0.0

DEGREE DAYS
 HEATING
  TODAY            0                         0      0        0
  MONTH TO DATE    0                         0      0        0
  SINCE JUN 1      0                         0      0        0
  SINCE JUL 1      0                         0      0        0

 COOLING
  TODAY           16                        17     -1       16
  MONTH TO DATE  488                       518    -30      476
  SINCE JUN 1    922                       974    -52      981
  SINCE JAN 1   1848                      1780     68     1888
..................................................................


WIND (MPH)
  HIGHEST WIND SPEED    17   HIGHEST WIND DIRECTION    SE (130)
  HIGHEST GUST SPEED    22   HIGHEST GUST DIRECTION    SE (130)
  AVERAGE WIND SPEED     4.4


SKY COVER
  AVERAGE SKY COVER 0.4


WEATHER CONDITIONS
 THE FOLLOWING WEATHER WAS RECORDED TODAY.
  THUNDERSTORM
  LIGHT RAIN


RELATIVE HUMIDITY (PERCENT)
 HIGHEST   100           300 AM
 LOWEST     63          1100 AM
 AVERAGE    82

..........................................................


THE VERO BEACH CLIMATE NORMALS FOR TOMORROW
                         NORMAL    RECORD    YEAR
 MAXIMUM TEMPERATURE (F)   90        97      2010
 MINIMUM TEMPERATURE (F)   74        69      2001
                                             1973
                                             1967


SUNRISE AND SUNSET
JULY 31 2014..........SUNRISE   644 AM EDT   SUNSET   811 PM EDT
AUGUST  1 2014........SUNRISE   645 AM EDT   SUNSET   811 PM EDT


-  INDICATES NEGATIVE NUMBERS.
R  INDICATES RECORD WAS SET OR TIED.
MM INDICATES DATA IS MISSING.
T  INDICATES TRACE AMOUNT.




$$
