000
CDUS42 KMLB 230635
CLIVRB


CLIMATE REPORT
NATIONAL WEATHER SERVICE MELBOURNE FL
235 AM EDT TUE MAY 23 2017


...................................

...THE VERO BEACH CLIMATE SUMMARY FOR MAY 22 2017...

CLIMATE NORMAL PERIOD 1981 TO 2010
CLIMATE RECORD PERIOD 1942 TO 2017


WEATHER ITEM   OBSERVED TIME   RECORD YEAR NORMAL DEPARTURE LAST
                VALUE   (LST)  VALUE       VALUE  FROM      YEAR
                                                  NORMAL
..................................................................
TEMPERATURE (F)
 YESTERDAY
  MAXIMUM         88    135 PM  94    1978  86      2       92
                                      1962
                                      1961
  MINIMUM         70    259 AM  56    1994  69      1       71
  AVERAGE         79                        77      2       82

PRECIPITATION (IN)
  YESTERDAY        0.00          2.08 2009   0.12  -0.12     0.00
  MONTH TO DATE    3.28                      2.03   1.25    16.37
  SINCE MAR 1      7.79                      8.87  -1.08    20.83
  SINCE JAN 1      9.75                     14.04  -4.29    34.18

SNOWFALL (IN)
  YESTERDAY        0.0
  MONTH TO DATE    0.0
  SINCE JUL 1      0.0

DEGREE DAYS
 HEATING
  YESTERDAY        0                         0      0        0
  MONTH TO DATE    0                         0      0        0
  SINCE MAR 1     42                        70    -28       16
  SINCE JUL 1    185                       455   -270      284

 COOLING
  YESTERDAY       14                        12      2       17
  MONTH TO DATE  270                       228     42      245
  SINCE MAR 1    727                       547    180      703
  SINCE JAN 1    928                       686    242      801
..................................................................


WIND (MPH)
  HIGHEST WIND SPEED    23   HIGHEST WIND DIRECTION    SE (120)
  HIGHEST GUST SPEED    28   HIGHEST GUST DIRECTION    SE (150)
  AVERAGE WIND SPEED     9.2


SKY COVER
  AVERAGE SKY COVER 0.2


WEATHER CONDITIONS
 THE FOLLOWING WEATHER WAS RECORDED YESTERDAY.
  NO SIGNIFICANT WEATHER WAS OBSERVED.


RELATIVE HUMIDITY (PERCENT)
 HIGHEST    93           400 AM
 LOWEST     51          1000 AM
 AVERAGE    72

..........................................................


THE VERO BEACH CLIMATE NORMALS FOR TODAY
                         NORMAL    RECORD    YEAR
 MAXIMUM TEMPERATURE (F)   86        94      1961
 MINIMUM TEMPERATURE (F)   69        57      1994


SUNRISE AND SUNSET
MAY 23 2017...........SUNRISE   629 AM EDT   SUNSET   808 PM EDT
MAY 24 2017...........SUNRISE   628 AM EDT   SUNSET   809 PM EDT


-  INDICATES NEGATIVE NUMBERS.
R  INDICATES RECORD WAS SET OR TIED.
MM INDICATES DATA IS MISSING.
T  INDICATES TRACE AMOUNT.




$$
