000
CDUS42 KMLB 162115
CLIVRB


CLIMATE REPORT
NATIONAL WEATHER SERVICE MELBOURNE FL
415 PM EST MON JAN 16 2017


...................................

...THE VERO BEACH CLIMATE SUMMARY FOR JANUARY 16 2017...
VALID TODAY AS OF 0400 PM LOCAL TIME.

CLIMATE NORMAL PERIOD 1981 TO 2010
CLIMATE RECORD PERIOD 1942 TO 2017


WEATHER ITEM   OBSERVED TIME   RECORD YEAR NORMAL DEPARTURE LAST
                VALUE   (LST)  VALUE       VALUE  FROM      YEAR
                                                  NORMAL
..................................................................
TEMPERATURE (F)
 TODAY
  MAXIMUM         78    249 PM  83    1989  72      6       77
                                      1987
                                      1943
  MINIMUM         63    533 AM  31    1978  51     12       52
  AVERAGE         71                        62      9       65

PRECIPITATION (IN)
  TODAY            0.00          1.12 1991   0.08  -0.08     0.00
  MONTH TO DATE    0.46                      1.29  -0.83     4.53
  SINCE DEC 1      2.60                      3.48  -0.88     9.10
  SINCE JAN 1      0.46                      1.29  -0.83     4.53

SNOWFALL (IN)
  TODAY            0.0
  MONTH TO DATE    0.0
  SINCE JUL 1      0.0

DEGREE DAYS
 HEATING
  TODAY            0                         5     -5        0
  MONTH TO DATE   30                        80    -50       36
  SINCE DEC 1     45                       185   -140       38
  SINCE JUL 1     64                       215   -151       39

 COOLING
  TODAY            6                         2      4        0
  MONTH TO DATE   54                        32     22       30
  SINCE DEC 1    259                       125    134      322
  SINCE JAN 1     54                        32     22       30
..................................................................


WIND (MPH)
  HIGHEST WIND SPEED    16   HIGHEST WIND DIRECTION     E (110)
  HIGHEST GUST SPEED    20   HIGHEST GUST DIRECTION    SE (140)
  AVERAGE WIND SPEED     8.1


SKY COVER
  AVERAGE SKY COVER 0.4


WEATHER CONDITIONS
 THE FOLLOWING WEATHER WAS RECORDED TODAY.
  NO SIGNIFICANT WEATHER WAS OBSERVED.


RELATIVE HUMIDITY (PERCENT)
 HIGHEST    78           200 AM
 LOWEST     50           300 PM
 AVERAGE    64

..........................................................


THE VERO BEACH CLIMATE NORMALS FOR TOMORROW
                         NORMAL    RECORD    YEAR
 MAXIMUM TEMPERATURE (F)   72        85      1987
 MINIMUM TEMPERATURE (F)   51        31      1965


SUNRISE AND SUNSET
JANUARY 16 2017.......SUNRISE   713 AM EST   SUNSET   550 PM EST
JANUARY 17 2017.......SUNRISE   713 AM EST   SUNSET   551 PM EST


-  INDICATES NEGATIVE NUMBERS.
R  INDICATES RECORD WAS SET OR TIED.
MM INDICATES DATA IS MISSING.
T  INDICATES TRACE AMOUNT.




$$
