386
CDUS42 KMLB 240626
CLIVRB


CLIMATE REPORT
NATIONAL WEATHER SERVICE MELBOURNE FL
226 AM EDT SUN SEP 24 2017


...................................

...THE VERO BEACH CLIMATE SUMMARY FOR SEPTEMBER 23 2017...

CLIMATE NORMAL PERIOD 1981 TO 2010
CLIMATE RECORD PERIOD 1942 TO 2017


WEATHER ITEM   OBSERVED TIME   RECORD YEAR NORMAL DEPARTURE LAST
                VALUE   (LST)  VALUE       VALUE  FROM      YEAR
                                                  NORMAL
..................................................................
TEMPERATURE (F)
 YESTERDAY
  MAXIMUM         87    146 PM  93    1990  88     -1       91
                                      1950
  MINIMUM         76    740 PM  65    1972  73      3       75
  AVERAGE         82                        80      2       83

PRECIPITATION (IN)
  YESTERDAY        0.02          3.64 1960   0.22  -0.20     0.01
  MONTH TO DATE    8.19                      5.20   2.99     4.23
  SINCE SEP 1      8.19                      5.20   2.99     4.23
  SINCE JAN 1     37.61                     39.90  -2.29    57.66

SNOWFALL (IN)
  YESTERDAY        0.0
  MONTH TO DATE    0.0
  SINCE JUL 1      0.0

DEGREE DAYS
 HEATING
  YESTERDAY        0                         0      0        0
  MONTH TO DATE    0                         0      0        0
  SINCE SEP 1      0                         0      0        0
  SINCE JUL 1      0                         0      0        0

 COOLING
  YESTERDAY       17                        15      2       18
  MONTH TO DATE  383                       365     18      407
  SINCE SEP 1    383                       365     18      407
  SINCE JAN 1   3095                      2663    432     2997
..................................................................


WIND (MPH)
  HIGHEST WIND SPEED    25   HIGHEST WIND DIRECTION    NE (30)
  HIGHEST GUST SPEED    34   HIGHEST GUST DIRECTION     N (10)
  AVERAGE WIND SPEED     9.4


SKY COVER
  AVERAGE SKY COVER 0.6


WEATHER CONDITIONS
 THE FOLLOWING WEATHER WAS RECORDED YESTERDAY.
  RAIN
  LIGHT RAIN


RELATIVE HUMIDITY (PERCENT)
 HIGHEST    88           300 AM
 LOWEST     68          1000 AM
 AVERAGE    78

..........................................................


THE VERO BEACH CLIMATE NORMALS FOR TODAY
                         NORMAL    RECORD    YEAR
 MAXIMUM TEMPERATURE (F)   87        92      1988
                                             1979
                                             1975
 MINIMUM TEMPERATURE (F)   73        67      1968
                                             1966


SUNRISE AND SUNSET
SEPTEMBER 24 2017.....SUNRISE   711 AM EDT   SUNSET   715 PM EDT
SEPTEMBER 25 2017.....SUNRISE   712 AM EDT   SUNSET   714 PM EDT


-  INDICATES NEGATIVE NUMBERS.
R  INDICATES RECORD WAS SET OR TIED.
MM INDICATES DATA IS MISSING.
T  INDICATES TRACE AMOUNT.




$$
