000
CDUS42 KMLB 250629
CLIVRB


CLIMATE REPORT
NATIONAL WEATHER SERVICE MELBOURNE FL
227 AM EDT MON MAY 25 2015


...................................

...THE VERO BEACH CLIMATE SUMMARY FOR MAY 24 2015...

CLIMATE NORMAL PERIOD 1981 TO 2010
CLIMATE RECORD PERIOD 1942 TO 2015


WEATHER ITEM   OBSERVED TIME   RECORD YEAR NORMAL DEPARTURE LAST
                VALUE   (LST)  VALUE       VALUE  FROM      YEAR
                                                  NORMAL
..................................................................
TEMPERATURE (F)
 YESTERDAY
  MAXIMUM         88    209 PM  94    2005  86      2       92
                                      2000
  MINIMUM         78    538 AM  60    1981  70      8       72
  AVERAGE         83                        78      5       82

PRECIPITATION (IN)
  YESTERDAY        T             1.80 1988   0.14  -0.14     0.00
  MONTH TO DATE    0.35                      2.30  -1.95     2.56
  SINCE MAR 1      7.45                      9.14  -1.69     6.53
  SINCE JAN 1     11.08                     14.31  -3.23    13.08

SNOWFALL (IN)
  YESTERDAY        0.0
  MONTH TO DATE    0.0
  SINCE JUL 1      0.0

DEGREE DAYS
 HEATING
  YESTERDAY        0                         0      0        0
  MONTH TO DATE    0                         0      0        0
  SINCE MAR 1     12                        70    -58       33
  SINCE JUL 1    384                       455    -71      268

 COOLING
  YESTERDAY       18                        13      5       17
  MONTH TO DATE  309                       254     55      272
  SINCE MAR 1    917                       573    344      622
  SINCE JAN 1   1042                       712    330      830
..................................................................


WIND (MPH)
  HIGHEST WIND SPEED    18   HIGHEST WIND DIRECTION     E (100)
  HIGHEST GUST SPEED    25   HIGHEST GUST DIRECTION     E (110)
  AVERAGE WIND SPEED    11.4


SKY COVER
  AVERAGE SKY COVER 0.4


WEATHER CONDITIONS
 THE FOLLOWING WEATHER WAS RECORDED YESTERDAY.
  LIGHT RAIN


RELATIVE HUMIDITY (PERCENT)
 HIGHEST    85           200 AM
 LOWEST     55          1100 AM
 AVERAGE    70

..........................................................


THE VERO BEACH CLIMATE NORMALS FOR TODAY
                         NORMAL    RECORD    YEAR
 MAXIMUM TEMPERATURE (F)   86        95      1949
 MINIMUM TEMPERATURE (F)   70        57      1967


SUNRISE AND SUNSET
MAY 25 2015...........SUNRISE   628 AM EDT   SUNSET   809 PM EDT
MAY 26 2015...........SUNRISE   628 AM EDT   SUNSET   810 PM EDT


-  INDICATES NEGATIVE NUMBERS.
R  INDICATES RECORD WAS SET OR TIED.
MM INDICATES DATA IS MISSING.
T  INDICATES TRACE AMOUNT.




$$
