226
CDUS42 KMLB 210628
CLIVRB


CLIMATE REPORT
NATIONAL WEATHER SERVICE MELBOURNE FL
128 AM EST TUE FEB 21 2017


...................................

...THE VERO BEACH CLIMATE SUMMARY FOR FEBRUARY 20 2017...

CLIMATE NORMAL PERIOD 1981 TO 2010
CLIMATE RECORD PERIOD 1942 TO 2017


WEATHER ITEM   OBSERVED TIME   RECORD YEAR NORMAL DEPARTURE LAST
                VALUE   (LST)  VALUE       VALUE  FROM      YEAR
                                                  NORMAL
..................................................................
TEMPERATURE (F)
 YESTERDAY
  MAXIMUM         81    113 PM  87    1975  75      6       72
  MINIMUM         55    711 AM  30    2015  55      0       56
  AVERAGE         68                        65      3       64

PRECIPITATION (IN)
  YESTERDAY        0.00          1.04 1957   0.09  -0.09     0.00
  MONTH TO DATE    0.62                      1.85  -1.23     3.15
  SINCE DEC 1      3.49                      6.54  -3.05    17.11
  SINCE JAN 1      1.35                      4.35  -3.00    12.54

SNOWFALL (IN)
  YESTERDAY        0.0
  MONTH TO DATE    0.0
  SINCE JUL 1      0.0

DEGREE DAYS
 HEATING
  YESTERDAY        0                         3     -3        1
  MONTH TO DATE   20                        74    -54       96
  SINCE DEC 1    124                       331   -207      236
  SINCE JUL 1    143                       361   -218      237

 COOLING
  YESTERDAY        3                         3      0        0
  MONTH TO DATE   57                        52      5       44
  SINCE DEC 1    362                       206    156      373
  SINCE JAN 1    157                       113     44       81
..................................................................


WIND (MPH)
  HIGHEST WIND SPEED    15   HIGHEST WIND DIRECTION    NE (40)
  HIGHEST GUST SPEED    21   HIGHEST GUST DIRECTION    NE (40)
  AVERAGE WIND SPEED     5.8


SKY COVER
  AVERAGE SKY COVER 0.0


WEATHER CONDITIONS
 THE FOLLOWING WEATHER WAS RECORDED YESTERDAY.
  FOG


RELATIVE HUMIDITY (PERCENT)
 HIGHEST   100           500 AM
 LOWEST     58          1100 AM
 AVERAGE    79

..........................................................


THE VERO BEACH CLIMATE NORMALS FOR TODAY
                         NORMAL    RECORD    YEAR
 MAXIMUM TEMPERATURE (F)   75        87      2014
                                             1989
                                             1975
 MINIMUM TEMPERATURE (F)   55        33      1977


SUNRISE AND SUNSET
FEBRUARY 21 2017......SUNRISE   653 AM EST   SUNSET   617 PM EST
FEBRUARY 22 2017......SUNRISE   653 AM EST   SUNSET   618 PM EST


-  INDICATES NEGATIVE NUMBERS.
R  INDICATES RECORD WAS SET OR TIED.
MM INDICATES DATA IS MISSING.
T  INDICATES TRACE AMOUNT.




$$
