000
CDUS42 KMLB 240635
CLIVRB


CLIMATE REPORT
NATIONAL WEATHER SERVICE MELBOURNE
235 AM EDT THU APR 24 2014


...................................

...THE VERO BEACH CLIMATE SUMMARY FOR APRIL 23 2014...

CLIMATE NORMAL PERIOD 1981 TO 2010
CLIMATE RECORD PERIOD 1942 TO 2014


WEATHER ITEM   OBSERVED TIME   RECORD YEAR NORMAL DEPARTURE LAST
                VALUE   (LST)  VALUE       VALUE  FROM      YEAR
                                                  NORMAL
..................................................................
TEMPERATURE (F)
 YESTERDAY
  MAXIMUM         81   1215 PM  92    1988  81      0       81
  MINIMUM         60    559 AM  46    1993  62     -2       64
  AVERAGE         71                        72     -1       73

PRECIPITATION (IN)
  YESTERDAY        0.00          0.90 1997   0.09  -0.09     0.00
  MONTH TO DATE    1.99                      2.13  -0.14     3.33
  SINCE MAR 1      3.94                      6.25  -2.31     4.43
  SINCE JAN 1     10.49                     11.42  -0.93     6.98

SNOWFALL (IN)
  YESTERDAY        0.0
  MONTH TO DATE    0.0
  SINCE JUL 1      0.0

DEGREE DAYS
 HEATING
  YESTERDAY        0                         0      0        0
  MONTH TO DATE    5                        13     -8        0
  SINCE MAR 1     33                        68    -35      170
  SINCE JUL 1    268                       453   -185      398

 COOLING
  YESTERDAY        6                         7     -1        8
  MONTH TO DATE  151                       136     15      229
  SINCE MAR 1    271                       265      6      291
  SINCE JAN 1    479                       404     75      526
..................................................................


WIND (MPH)
  HIGHEST WIND SPEED    12   HIGHEST WIND DIRECTION     E (70)
  HIGHEST GUST SPEED    16   HIGHEST GUST DIRECTION    NE (60)
  AVERAGE WIND SPEED     6.9


SKY COVER
  AVERAGE SKY COVER 0.1


WEATHER CONDITIONS
 THE FOLLOWING WEATHER WAS RECORDED YESTERDAY.
  FOG


RELATIVE HUMIDITY (PERCENT)
 HIGHEST   100          1200 AM
 LOWEST     54          1200 PM
 AVERAGE    77

..........................................................


THE VERO BEACH CLIMATE NORMALS FOR TODAY
                         NORMAL    RECORD    YEAR
 MAXIMUM TEMPERATURE (F)   82        94      1968
 MINIMUM TEMPERATURE (F)   63        50      2012
                                             1998


SUNRISE AND SUNSET
APRIL 24 2014.........SUNRISE   648 AM EDT   SUNSET   752 PM EDT
APRIL 25 2014.........SUNRISE   647 AM EDT   SUNSET   752 PM EDT


-  INDICATES NEGATIVE NUMBERS.
R  INDICATES RECORD WAS SET OR TIED.
MM INDICATES DATA IS MISSING.
T  INDICATES TRACE AMOUNT.




$$
