000
CDUS42 KMLB 270626
CLIVRB


CLIMATE REPORT
NATIONAL WEATHER SERVICE MELBOURNE FL
226 AM EDT TUE SEP 27 2016


...................................

...THE VERO BEACH CLIMATE SUMMARY FOR SEPTEMBER 26 2016...

CLIMATE NORMAL PERIOD 1981 TO 2010
CLIMATE RECORD PERIOD 1942 TO 2016


WEATHER ITEM   OBSERVED TIME   RECORD YEAR NORMAL DEPARTURE LAST
                VALUE   (LST)  VALUE       VALUE  FROM      YEAR
                                                  NORMAL
..................................................................
TEMPERATURE (F)
 YESTERDAY
  MAXIMUM         88   1200 PM  93    2000  87      1       89
  MINIMUM         72    617 AM  63    2008  73     -1       74
  AVERAGE         80                        80      0       82

PRECIPITATION (IN)
  YESTERDAY        0.00          6.00 2004   0.22  -0.22     0.00
  MONTH TO DATE    4.32                      5.88  -1.56     8.29
  SINCE SEP 1      4.32                      5.88  -1.56     8.29
  SINCE JAN 1     57.75                     40.58  17.17    39.89

SNOWFALL (IN)
  YESTERDAY        0.0
  MONTH TO DATE    0.0
  SINCE JUL 1      0.0

DEGREE DAYS
 HEATING
  YESTERDAY        0                         0      0        0
  MONTH TO DATE    0                         0      0        0
  SINCE SEP 1      0                         0      0        0
  SINCE JUL 1      0                         0      0        0

 COOLING
  YESTERDAY       15                        15      0       17
  MONTH TO DATE  456                       410     46      447
  SINCE SEP 1    456                       410     46      447
  SINCE JAN 1   3046                      2708    338     3244
..................................................................


WIND (MPH)
  HIGHEST WIND SPEED    12   HIGHEST WIND DIRECTION    NW (310)
  HIGHEST GUST SPEED    15   HIGHEST GUST DIRECTION     E (110)
  AVERAGE WIND SPEED     2.9


SKY COVER
  AVERAGE SKY COVER 0.1


WEATHER CONDITIONS
 THE FOLLOWING WEATHER WAS RECORDED YESTERDAY.
  THUNDERSTORM


RELATIVE HUMIDITY (PERCENT)
 HIGHEST    94           200 AM
 LOWEST     61          1100 AM
 AVERAGE    78

..........................................................


THE VERO BEACH CLIMATE NORMALS FOR TODAY
                         NORMAL    RECORD    YEAR
 MAXIMUM TEMPERATURE (F)   87        93      2009
 MINIMUM TEMPERATURE (F)   73        64      1956


SUNRISE AND SUNSET
SEPTEMBER 27 2016.....SUNRISE   713 AM EDT   SUNSET   712 PM EDT
SEPTEMBER 28 2016.....SUNRISE   713 AM EDT   SUNSET   711 PM EDT


-  INDICATES NEGATIVE NUMBERS.
R  INDICATES RECORD WAS SET OR TIED.
MM INDICATES DATA IS MISSING.
T  INDICATES TRACE AMOUNT.




$$
