000
CDUS41 KBTV 220600
CLIVSF


CLIMATE REPORT
NATIONAL WEATHER SERVICE BURLINGTON VT
1259 AM EST WED FEB 22 2017


...................................

...THE SPRINGFIELD VT CLIMATE SUMMARY FOR FEBRUARY 21 2017...

CLIMATE NORMAL PERIOD 1981 TO 2010
CLIMATE RECORD PERIOD 9999 TO 9999


WEATHER ITEM   OBSERVED TIME   NORMAL DEPARTURE LAST
                VALUE   (LST)  VALUE  FROM      YEAR
                                      NORMAL
......................................................
TEMPERATURE (F)
 YESTERDAY
  MAXIMUM         41    417 PM  35      6       48
  MINIMUM         11    705 AM  15     -4       30
  AVERAGE         26            25      1       39

PRECIPITATION (IN)
  YESTERDAY        0.00          0.09  -0.09      T
  MONTH TO DATE    0.72          2.06  -1.34     2.06
  SINCE DEC 1      5.54          8.25  -2.71     6.87
  SINCE JAN 1      3.14          4.98  -1.84     3.55

DEGREE DAYS
 HEATING
  YESTERDAY       39            40     -1       26
  MONTH TO DATE  851           899    -48      848
  SINCE DEC 1   3252          3528   -276     2983
  SINCE JUL 1   4708          5171   -463     4396

 COOLING
  YESTERDAY        0             0      0        0
  MONTH TO DATE    0             0      0        0
  SINCE DEC 1      0             0      0        0
  SINCE JAN 1      0             0      0        0
......................................................


WIND (MPH)
  HIGHEST WIND SPEED    13   HIGHEST WIND DIRECTION    SE (150)
  HIGHEST GUST SPEED    17   HIGHEST GUST DIRECTION    SE (140)
  AVERAGE WIND SPEED     3.2


SKY COVER
  AVERAGE SKY COVER 0.1


WEATHER CONDITIONS
 THE FOLLOWING WEATHER WAS RECORDED YESTERDAY.
  NO SIGNIFICANT WEATHER WAS OBSERVED.


RELATIVE HUMIDITY (PERCENT)
 HIGHEST    88           600 AM
 LOWEST     33           200 PM
 AVERAGE    61

..........................................................


THE SPRINGFIELD VT CLIMATE NORMALS FOR TODAY
                         NORMAL    RECORD    YEAR
 MAXIMUM TEMPERATURE (F)   35        59      1997
 MINIMUM TEMPERATURE (F)   15        -1      2001


SUNRISE AND SUNSET
FEBRUARY 22 2017......SUNRISE   637 AM EST   SUNSET   530 PM EST
FEBRUARY 23 2017......SUNRISE   636 AM EST   SUNSET   532 PM EST


-  INDICATES NEGATIVE NUMBERS.
R  INDICATES RECORD WAS SET OR TIED.
MM INDICATES DATA IS MISSING.
T  INDICATES TRACE AMOUNT.




$$
