000
CDUS41 KBTV 270526
CLIVSF


CLIMATE REPORT
NATIONAL WEATHER SERVICE BURLINGTON VT
125 AM EDT WED MAY 27 2015


...................................

...THE SPRINGFIELD VT CLIMATE SUMMARY FOR MAY 26 2015...

CLIMATE NORMAL PERIOD 1981 TO 2010
CLIMATE RECORD PERIOD 9999 TO 9999


WEATHER ITEM   OBSERVED TIME   NORMAL DEPARTURE LAST
                VALUE   (LST)  VALUE  FROM      YEAR
                                      NORMAL
......................................................
TEMPERATURE (F)
 YESTERDAY
  MAXIMUM         88    305 PM  70     18       78
  MINIMUM         59    438 AM  46     13       48
  AVERAGE         74            58     16       63

PRECIPITATION (IN)
  YESTERDAY        0.00          0.14  -0.14     0.01
  MONTH TO DATE    0.60          2.95  -2.35     2.95
  SINCE MAR 1      3.69          9.87  -6.18     8.67
  SINCE JAN 1      7.84         15.48  -7.64    12.36

DEGREE DAYS
 HEATING
  YESTERDAY        0             8     -8        2
  MONTH TO DATE  170           282   -112      237
  SINCE MAR 1   2029          1943     86     2154
  SINCE JUL 1   7581          7388    193     7865

 COOLING
  YESTERDAY        9             0      9        0
  MONTH TO DATE   24             0     24        5
  SINCE MAR 1     24             2     22        5
  SINCE JAN 1     24             2     22        5
......................................................


WIND (MPH)
  HIGHEST WIND SPEED    17   HIGHEST WIND DIRECTION     W (270)
  HIGHEST GUST SPEED    27   HIGHEST GUST DIRECTION     W (280)
  AVERAGE WIND SPEED     4.7


SKY COVER
  AVERAGE SKY COVER 0.4


WEATHER CONDITIONS
 THE FOLLOWING WEATHER WAS RECORDED YESTERDAY.
  NO SIGNIFICANT WEATHER WAS OBSERVED.


RELATIVE HUMIDITY (PERCENT)
 HIGHEST    90           400 AM
 LOWEST     36           100 PM
 AVERAGE    63

..........................................................


THE SPRINGFIELD VT CLIMATE NORMALS FOR TODAY
                         NORMAL    RECORD    YEAR
 MAXIMUM TEMPERATURE (F)   70        88      2011
 MINIMUM TEMPERATURE (F)   46        32      2013


SUNRISE AND SUNSET
MAY 27 2015...........SUNRISE   516 AM EDT   SUNSET   819 PM EDT
MAY 28 2015...........SUNRISE   515 AM EDT   SUNSET   820 PM EDT


-  INDICATES NEGATIVE NUMBERS.
R  INDICATES RECORD WAS SET OR TIED.
MM INDICATES DATA IS MISSING.
T  INDICATES TRACE AMOUNT.




$$
