000
CDUS41 KBTV 050545
CLIVSF


CLIMATE REPORT
NATIONAL WEATHER SERVICE BURLINGTON VT
1245 AM EST THU MAR 5 2015


...................................

...THE SPRINGFIELD VT CLIMATE SUMMARY FOR MARCH 4 2015...

CLIMATE NORMAL PERIOD 1981 TO 2010
CLIMATE RECORD PERIOD 9999 TO 9999


WEATHER ITEM   OBSERVED TIME   NORMAL DEPARTURE LAST
                VALUE   (LST)  VALUE  FROM      YEAR
                                      NORMAL
......................................................
TEMPERATURE (F)
 YESTERDAY
  MAXIMUM         41    254 PM  38      3       27
  MINIMUM         23    219 AM  18      5       -9
  AVERAGE         32            28      4        9

PRECIPITATION (IN)
  YESTERDAY        0.00          0.06  -0.06     0.00
  MONTH TO DATE    0.17          0.26  -0.09      T
  SINCE MAR 1      0.17          0.26  -0.09      T
  SINCE JAN 1      4.32          5.87  -1.55     3.69

DEGREE DAYS
 HEATING
  YESTERDAY       33            37     -4       56
  MONTH TO DATE  183           151     32      208
  SINCE MAR 1    183           151     32      208
  SINCE JUL 1   5735          5596    139     5919

 COOLING
  YESTERDAY        0             0      0        0
  MONTH TO DATE    0             0      0        0
  SINCE MAR 1      0             0      0        0
  SINCE JAN 1      0             0      0        0
......................................................


WIND (MPH)
  HIGHEST WIND SPEED    21   HIGHEST WIND DIRECTION     W (280)
  HIGHEST GUST SPEED    29   HIGHEST GUST DIRECTION     W (290)
  AVERAGE WIND SPEED     6.9


SKY COVER
  AVERAGE SKY COVER 0.9


WEATHER CONDITIONS
 THE FOLLOWING WEATHER WAS RECORDED YESTERDAY.
  FOG
  HAZE


RELATIVE HUMIDITY (PERCENT)
 HIGHEST    96           100 AM
 LOWEST     46           300 PM
 AVERAGE    71

..........................................................


THE SPRINGFIELD VT CLIMATE NORMALS FOR TODAY
                         NORMAL    RECORD    YEAR
 MAXIMUM TEMPERATURE (F)   38        48      1997
 MINIMUM TEMPERATURE (F)   18         1      2009


SUNRISE AND SUNSET
MARCH  5 2015.........SUNRISE   620 AM EST   SUNSET   544 PM EST
MARCH  6 2015.........SUNRISE   618 AM EST   SUNSET   545 PM EST


-  INDICATES NEGATIVE NUMBERS.
R  INDICATES RECORD WAS SET OR TIED.
MM INDICATES DATA IS MISSING.
T  INDICATES TRACE AMOUNT.




$$
