000
CDUS43 KLBF 160917
CLIVTN

CLIMATE REPORT
NATIONAL WEATHER SERVICE NORTH PLATTE
415 AM CDT TUE SEP 16 2014


...................................

...THE VALENTINE NE CLIMATE SUMMARY FOR SEPTEMBER 15 2014...

CLIMATE NORMAL PERIOD 1981 TO 2010
CLIMATE RECORD PERIOD 1885 TO 2014


WEATHER ITEM   OBSERVED TIME   RECORD YEAR NORMAL DEPARTURE LAST
                VALUE   (LST)  VALUE       VALUE  FROM      YEAR
                                                  NORMAL
..................................................................
TEMPERATURE (F)
 YESTERDAY
  MAXIMUM         67    333 PM 102    1955  78    -11       63
  MINIMUM         41    616 AM  28    1916  48     -7       51
  AVERAGE         54                        63     -9       57

PRECIPITATION (IN)
  YESTERDAY        0.00          0.76 2011   0.05  -0.05     0.01
  MONTH TO DATE    0.65                      0.81  -0.16     0.51
  SINCE SEP 1      0.65                      0.81  -0.16     0.51
  SINCE JAN 1     19.69                     16.92   2.77    18.15

SNOWFALL (IN)
  YESTERDAY        0.0           1.0  1903   0.0    0.0      0.0
  MONTH TO DATE    0.0                       0.1   -0.1      0.0
  SINCE SEP 1      0.0                       0.1   -0.1      0.0
  SINCE JUL 1      0.0                       0.1   -0.1      0.0
  SNOW DEPTH       0

DEGREE DAYS
 HEATING
  YESTERDAY       11                         5      6        8
  MONTH TO DATE  114                        47     67       10
  SINCE SEP 1    114                        47     67       10
  SINCE JUL 1    135                        72     63       13

 COOLING
  YESTERDAY        0                         3     -3        0
  MONTH TO DATE   41                        62    -21      135
  SINCE SEP 1     41                        62    -21      135
  SINCE JAN 1    676                       798   -122      928
..................................................................


WIND (MPH)
  HIGHEST WIND SPEED    15   HIGHEST WIND DIRECTION    NE (30)
  HIGHEST GUST SPEED    20   HIGHEST GUST DIRECTION     N (10)
  AVERAGE WIND SPEED     7.5


SKY COVER
  POSSIBLE SUNSHINE  MM
  AVERAGE SKY COVER 0.2


WEATHER CONDITIONS
 THE FOLLOWING WEATHER WAS RECORDED YESTERDAY.
  NO SIGNIFICANT WEATHER WAS OBSERVED.


RELATIVE HUMIDITY (PERCENT)
 HIGHEST    93           600 AM
 LOWEST     31           200 PM
 AVERAGE    62

..........................................................


THE VALENTINE NE CLIMATE NORMALS FOR TODAY
                         NORMAL    RECORD    YEAR
 MAXIMUM TEMPERATURE (F)   77        96      1949
 MINIMUM TEMPERATURE (F)   47        30      1918
                                             1903


SUNRISE AND SUNSET
SEPTEMBER 16 2014.....SUNRISE   723 AM CDT   SUNSET   750 PM CDT
SEPTEMBER 17 2014.....SUNRISE   724 AM CDT   SUNSET   748 PM CDT


-  INDICATES NEGATIVE NUMBERS.
R  INDICATES RECORD WAS SET OR TIED.
MM INDICATES DATA IS MISSING.
T  INDICATES TRACE AMOUNT.

$$
