000
CDUS43 KLBF 270858
CLIVTN


CLIMATE REPORT
NATIONAL WEATHER SERVICE NORTH PLATTE
357 AM CDT THU JUL 27 2017


...................................

...THE VALENTINE NE CLIMATE SUMMARY FOR JULY 26 2017...

CLIMATE NORMAL PERIOD 1981 TO 2010
CLIMATE RECORD PERIOD 1885 TO 2017


WEATHER ITEM   OBSERVED TIME   RECORD YEAR NORMAL DEPARTURE LAST
                VALUE   (LST)  VALUE       VALUE  FROM      YEAR
                                                  NORMAL
..................................................................
TEMPERATURE (F)
 YESTERDAY
  MAXIMUM         89    313 PM 107    1919  89      0       94
  MINIMUM         69   1159 PM  46    2005  61      8       58
                                      1971
  AVERAGE         79                        75      4       76

PRECIPITATION (IN)
  YESTERDAY        0.02          2.04 1925   0.10  -0.08     1.18
  MONTH TO DATE    0.34                      2.73  -2.39     2.73
  SINCE JUN 1      0.87                      6.29  -5.42     6.89
  SINCE JAN 1     10.47                     13.45  -2.98    20.21

SNOWFALL (IN)
  YESTERDAY        0.0           0.0    MM   0.0    0.0      0.0
  MONTH TO DATE    0.0                       0.0    0.0      0.0
  SINCE JUN 1      0.0                       0.0    0.0      0.0
  SINCE JUL 1      0.0                       0.0    0.0      0.0
  SNOW DEPTH       0

DEGREE DAYS
 HEATING
  YESTERDAY        0                         0      0        0
  MONTH TO DATE    0                         2     -2        5
  SINCE JUN 1     16                        63    -47       16
  SINCE JUL 1      0                         2     -2        5

 COOLING
  YESTERDAY       14                        11      3       11
  MONTH TO DATE  452                       252    200      258
  SINCE JUN 1    648                       389    259      495
  SINCE JAN 1    671                       423    248      513
..................................................................


WIND (MPH)
  HIGHEST WIND SPEED    24   HIGHEST WIND DIRECTION    NE (50)
  HIGHEST GUST SPEED    28   HIGHEST GUST DIRECTION    NE (50)
  AVERAGE WIND SPEED    11.4


SKY COVER
  POSSIBLE SUNSHINE  MM
  AVERAGE SKY COVER 0.5


WEATHER CONDITIONS
 THE FOLLOWING WEATHER WAS RECORDED YESTERDAY.
  LIGHT RAIN
  FOG
  HAZE


RELATIVE HUMIDITY (PERCENT)
 HIGHEST    90           400 AM
 LOWEST     34           500 PM
 AVERAGE    62

..........................................................


THE VALENTINE NE CLIMATE NORMALS FOR TODAY
                         NORMAL    RECORD    YEAR
 MAXIMUM TEMPERATURE (F)   89       106      1935
                                             1931
 MINIMUM TEMPERATURE (F)   61        43      2005


SUNRISE AND SUNSET
JULY 27 2017..........SUNRISE   629 AM CDT   SUNSET   908 PM CDT
JULY 28 2017..........SUNRISE   630 AM CDT   SUNSET   907 PM CDT


-  INDICATES NEGATIVE NUMBERS.
R  INDICATES RECORD WAS SET OR TIED.
MM INDICATES DATA IS MISSING.
T  INDICATES TRACE AMOUNT.




$$
