000
CDUS43 KLBF 161029
CLIVTN


CLIMATE REPORT
NATIONAL WEATHER SERVICE NORTH PLATTE
428 AM CST TUE JAN 16 2018


...................................

...THE VALENTINE NE CLIMATE SUMMARY FOR JANUARY 15 2018...

CLIMATE NORMAL PERIOD 1981 TO 2010
CLIMATE RECORD PERIOD 1885 TO 2018


WEATHER ITEM   OBSERVED TIME   RECORD YEAR NORMAL DEPARTURE LAST
                VALUE   (LST)  VALUE       VALUE  FROM      YEAR
                                                  NORMAL
..................................................................
TEMPERATURE (F)
 YESTERDAY
  MAXIMUM          9   1204 AM  65    2006  37    -28       47
                                      2000
  MINIMUM         -5   1159 PM -20    1963  11    -16       13
  AVERAGE          2                        24    -22       30

PRECIPITATION (IN)
  YESTERDAY        0.00          0.19 1936   0.01  -0.01     0.00
  MONTH TO DATE    0.27                      0.13   0.14     0.10
  SINCE DEC 1      0.61                      0.50   0.11     1.04
  SINCE JAN 1      0.27                      0.13   0.14     0.10

SNOWFALL (IN)
  YESTERDAY        0.0           3.0  2003   0.2   -0.2      0.0
  MONTH TO DATE    1.2                       2.0   -0.8      1.2
  SINCE DEC 1      5.7                       7.1   -1.4      6.6
  SINCE JUL 1      7.0                      14.7   -7.7     12.9
  SNOW DEPTH       1

DEGREE DAYS
 HEATING
  YESTERDAY       63                        41     22       35
  MONTH TO DATE  686                       628     58      748
  SINCE DEC 1   1914                      1905      9     2163
  SINCE JUL 1   3213                      3523   -310     3269

 COOLING
  YESTERDAY        0                         0      0        0
  MONTH TO DATE    0                         0      0        0
  SINCE DEC 1      0                         0      0        0
  SINCE JAN 1      0                         0      0        0
..................................................................


WIND (MPH)
  HIGHEST WIND SPEED    30   HIGHEST WIND DIRECTION    NW (330)
  HIGHEST GUST SPEED    39   HIGHEST GUST DIRECTION    NW (330)
  AVERAGE WIND SPEED    17.7


SKY COVER
  POSSIBLE SUNSHINE  MM
  AVERAGE SKY COVER 0.3


WEATHER CONDITIONS
 THE FOLLOWING WEATHER WAS RECORDED YESTERDAY.
  HAZE


RELATIVE HUMIDITY (PERCENT)
 HIGHEST    75           400 AM
 LOWEST     62           100 PM
 AVERAGE    69

..........................................................


THE VALENTINE NE CLIMATE NORMALS FOR TODAY
                         NORMAL    RECORD    YEAR
 MAXIMUM TEMPERATURE (F)   37        70      1974
 MINIMUM TEMPERATURE (F)   11       -22      1890


SUNRISE AND SUNSET
JANUARY 16 2018.......SUNRISE   810 AM CST   SUNSET   535 PM CST
JANUARY 17 2018.......SUNRISE   809 AM CST   SUNSET   536 PM CST


-  INDICATES NEGATIVE NUMBERS.
R  INDICATES RECORD WAS SET OR TIED.
MM INDICATES DATA IS MISSING.
T  INDICATES TRACE AMOUNT.




$$
