000
CDUS43 KLBF 240957
CLIVTN


CLIMATE REPORT
NATIONAL WEATHER SERVICE NORTH PLATTE
456 AM CDT TUE MAY 24 2016


...................................

...THE VALENTINE NE CLIMATE SUMMARY FOR MAY 23 2016...

CLIMATE NORMAL PERIOD 1981 TO 2010
CLIMATE RECORD PERIOD 1885 TO 2016


WEATHER ITEM   OBSERVED TIME   RECORD YEAR NORMAL DEPARTURE LAST
                VALUE   (LST)  VALUE       VALUE  FROM      YEAR
                                                  NORMAL
..................................................................
TEMPERATURE (F)
 YESTERDAY
  MAXIMUM         79    423 PM  99    1989  73      6       60
  MINIMUM         49    533 AM  28    2002  47      2       48
  AVERAGE         64                        60      4       54

PRECIPITATION (IN)
  YESTERDAY        T             1.38 1906   0.10  -0.10     0.23
  MONTH TO DATE    5.33                      2.24   3.09     5.44
  SINCE MAR 1     10.88                      5.53   5.35     7.09
  SINCE JAN 1     11.56                      6.27   5.29     7.71

SNOWFALL (IN)
  YESTERDAY        0.0           0.0    MM   0.0    0.0      0.0
  MONTH TO DATE    0.0                       0.1   -0.1      0.0
  SINCE MAR 1      7.0                      11.2   -4.2      0.8
  SINCE JUL 1     38.2                      33.3    4.9     22.5
  SNOW DEPTH       0

DEGREE DAYS
 HEATING
  YESTERDAY        1                         6     -5       11
  MONTH TO DATE  237                       219     18      261
  SINCE MAR 1   1449                      1666   -217     1396
  SINCE JUL 1   6135                      6902   -767     6522

 COOLING
  YESTERDAY        0                         1     -1        0
  MONTH TO DATE   11                        20     -9        3
  SINCE MAR 1     14                        24    -10        5
  SINCE JAN 1     14                        24    -10        5
..................................................................


WIND (MPH)
  HIGHEST WIND SPEED    20   HIGHEST WIND DIRECTION     W (270)
  HIGHEST GUST SPEED    25   HIGHEST GUST DIRECTION     W (270)
  AVERAGE WIND SPEED    10.2


SKY COVER
  POSSIBLE SUNSHINE  MM
  AVERAGE SKY COVER 0.2


WEATHER CONDITIONS
 THE FOLLOWING WEATHER WAS RECORDED YESTERDAY.
  NO SIGNIFICANT WEATHER WAS OBSERVED.


RELATIVE HUMIDITY (PERCENT)
 HIGHEST    83           100 AM
 LOWEST     16           400 PM
 AVERAGE    50

..........................................................


THE VALENTINE NE CLIMATE NORMALS FOR TODAY
                         NORMAL    RECORD    YEAR
 MAXIMUM TEMPERATURE (F)   73        96      1967
                                             1926
 MINIMUM TEMPERATURE (F)   47        25      2002


SUNRISE AND SUNSET
MAY 24 2016...........SUNRISE   611 AM CDT   SUNSET   908 PM CDT
MAY 25 2016...........SUNRISE   610 AM CDT   SUNSET   909 PM CDT


-  INDICATES NEGATIVE NUMBERS.
R  INDICATES RECORD WAS SET OR TIED.
MM INDICATES DATA IS MISSING.
T  INDICATES TRACE AMOUNT.




$$
