000
CDUS43 KLBF 012235
CLIVTN

CLIMATE REPORT
NATIONAL WEATHER SERVICE NORTH PLATTE
533 PM CDT WED JUL 1 2015


...................................

...THE VALENTINE NE CLIMATE SUMMARY FOR JULY 1 2015...
VALID TODAY AS OF 0500 PM LOCAL TIME.

CLIMATE NORMAL PERIOD 1981 TO 2010
CLIMATE RECORD PERIOD 1885 TO 2015


WEATHER ITEM   OBSERVED TIME   RECORD YEAR NORMAL DEPARTURE LAST
                VALUE   (LST)  VALUE       VALUE  FROM      YEAR
                                                  NORMAL
..................................................................
TEMPERATURE (F)
 TODAY
  MAXIMUM         88    233 PM 109    1990  87      1       73
  MINIMUM         58    548 AM  42    1959  58      0       50
  AVERAGE         73                        72      1       62

PRECIPITATION (IN)
  TODAY            0.00          2.38 1998   0.11  -0.11     0.00
  MONTH TO DATE    0.00                      0.11  -0.11     0.00
  SINCE JUN 1      3.42                      3.67  -0.25     8.63
  SINCE JAN 1     12.81                     10.83   1.98    15.84

SNOWFALL (IN)
  TODAY            0.0           0.0    MM   0.0    0.0      0.0
  MONTH TO DATE    0.0                       0.0    0.0      0.0
  SINCE JUN 1      0.0                       0.0    0.0      0.0
  SINCE JUL 1      0.0                       0.0    0.0      0.0
  SNOW DEPTH       0

DEGREE DAYS
 HEATING
  TODAY            0                         1     -1        3
  MONTH TO DATE    0                         1     -1        3
  SINCE JUN 1      8                        62    -54       57
  SINCE JUL 1      0                         1     -1        3

 COOLING
  TODAY            8                         8      0        0
  MONTH TO DATE    8                         8      0        0
  SINCE JUN 1    148                       145      3      111
  SINCE JAN 1    154                       179    -25      172
..................................................................


WIND (MPH)
  HIGHEST WIND SPEED    18   HIGHEST WIND DIRECTION    NW (330)
  HIGHEST GUST SPEED    25   HIGHEST GUST DIRECTION    NW (330)
  AVERAGE WIND SPEED     7.6


SKY COVER
  POSSIBLE SUNSHINE  MM
  AVERAGE SKY COVER 0.1


WEATHER CONDITIONS
 THE FOLLOWING WEATHER WAS RECORDED TODAY.
  NO SIGNIFICANT WEATHER WAS OBSERVED.


RELATIVE HUMIDITY (PERCENT)
 HIGHEST    93           200 AM
 LOWEST     42           400 PM
 AVERAGE    68

..........................................................


THE VALENTINE NE CLIMATE NORMALS FOR TOMORROW
                         NORMAL    RECORD    YEAR
 MAXIMUM TEMPERATURE (F)   87       114      1990
 MINIMUM TEMPERATURE (F)   59        43      1968


SUNRISE AND SUNSET
JULY  1 2015..........SUNRISE   607 AM CDT   SUNSET   925 PM CDT
JULY  2 2015..........SUNRISE   608 AM CDT   SUNSET   924 PM CDT


-  INDICATES NEGATIVE NUMBERS.
R  INDICATES RECORD WAS SET OR TIED.
MM INDICATES DATA IS MISSING.
T  INDICATES TRACE AMOUNT.




$$
