000
CDUS43 KLBF 042237 RRA
CLIVTN

CLIMATE REPORT
NATIONAL WEATHER SERVICE NORTH PLATTE
536 PM CDT FRI SEP 4 2015


...................................

...THE VALENTINE NE CLIMATE SUMMARY FOR SEPTEMBER 4 2015...
VALID TODAY AS OF 0500 PM LOCAL TIME.

CLIMATE NORMAL PERIOD 1981 TO 2010
CLIMATE RECORD PERIOD 1885 TO 2015


WEATHER ITEM   OBSERVED TIME   RECORD YEAR NORMAL DEPARTURE LAST
                VALUE   (LST)  VALUE       VALUE  FROM      YEAR
                                                  NORMAL
..................................................................
TEMPERATURE (F)
 TODAY
  MAXIMUM         96    324 PM 104    1998  83     13       92
  MINIMUM         64    644 AM  36    1968  53     11       52
                                      1962
  AVERAGE         80                        68     12       72

PRECIPITATION (IN)
  TODAY            0.13          1.30 1901   0.05   0.08     0.00
  MONTH TO DATE    0.13                      0.19  -0.06     0.09
  SINCE SEP 1      0.13                      0.19  -0.06     0.09
  SINCE JAN 1     18.08                     16.30   1.78    19.13

SNOWFALL (IN)
  TODAY            0.0           0.0    MM   0.0    0.0      0.0
  MONTH TO DATE    0.0                       0.0    0.0      0.0
  SINCE SEP 1      0.0                       0.0    0.0      0.0
  SINCE JUL 1      0.0                       0.0    0.0      0.0
  SNOW DEPTH       0

DEGREE DAYS
 HEATING
  TODAY            0                         2     -2        0
  MONTH TO DATE    0                         8     -8        1
  SINCE SEP 1      0                         8     -8        1
  SINCE JUL 1     31                        33     -2       22

 COOLING
  TODAY           15                         5     10        7
  MONTH TO DATE   53                        21     32       25
  SINCE SEP 1     53                        21     32       25
  SINCE JAN 1    713                       757    -44      660
..................................................................


WIND (MPH)
  HIGHEST WIND SPEED    21   HIGHEST WIND DIRECTION     W (250)
  HIGHEST GUST SPEED    27   HIGHEST GUST DIRECTION    SW (230)
  AVERAGE WIND SPEED     6.4


SKY COVER
  POSSIBLE SUNSHINE  MM
  AVERAGE SKY COVER 0.1


WEATHER CONDITIONS
 THE FOLLOWING WEATHER WAS RECORDED TODAY.
  THUNDERSTORM
  LIGHT RAIN


RELATIVE HUMIDITY (PERCENT)
 HIGHEST    93           500 AM
 LOWEST     24           100 PM
 AVERAGE    59

..........................................................


THE VALENTINE NE CLIMATE NORMALS FOR TOMORROW
                         NORMAL    RECORD    YEAR
 MAXIMUM TEMPERATURE (F)   82       103      1998
 MINIMUM TEMPERATURE (F)   53        32      1956


SUNRISE AND SUNSET
SEPTEMBER  4 2015.....SUNRISE   710 AM CDT   SUNSET   812 PM CDT
SEPTEMBER  5 2015.....SUNRISE   711 AM CDT   SUNSET   810 PM CDT


-  INDICATES NEGATIVE NUMBERS.
R  INDICATES RECORD WAS SET OR TIED.
MM INDICATES DATA IS MISSING.
T  INDICATES TRACE AMOUNT.

$$
