279
CDUS43 KLBF 191055
CLIVTN


CLIMATE REPORT
NATIONAL WEATHER SERVICE NORTH PLATTE
454 AM CST SUN NOV 19 2017


...................................

...THE VALENTINE NE CLIMATE SUMMARY FOR NOVEMBER 18 2017...

CLIMATE NORMAL PERIOD 1981 TO 2010
CLIMATE RECORD PERIOD 1885 TO 2017


WEATHER ITEM   OBSERVED TIME   RECORD YEAR NORMAL DEPARTURE LAST
                VALUE   (LST)  VALUE       VALUE  FROM      YEAR
                                                  NORMAL
..................................................................
TEMPERATURE (F)
 YESTERDAY
  MAXIMUM         47    322 PM  77    2008  46      1       30
  MINIMUM         26    911 PM -14    2014  20      6       10
  AVERAGE         37                        33      4       20

PRECIPITATION (IN)
  YESTERDAY        0.01          0.18 1928   0.02  -0.01     0.11
  MONTH TO DATE    0.55                      0.45   0.10     0.27
  SINCE SEP 1      4.47                      3.34   1.13     3.69
  SINCE JAN 1     17.65                     19.45  -1.80    25.62

SNOWFALL (IN)
  YESTERDAY        T             1.8  1928   0.2   -0.2      1.4
  MONTH TO DATE    1.3                       3.2   -1.9      3.0
  SINCE SEP 1      1.3                       5.4   -4.1      6.0
  SINCE JUL 1      1.3                       5.4   -4.1      6.0
  SNOW DEPTH       0

DEGREE DAYS
 HEATING
  YESTERDAY       28                        32     -4       45
  MONTH TO DATE  471                       495    -24      300
  SINCE SEP 1   1050                      1172   -122      699
  SINCE JUL 1   1057                      1197   -140      727

 COOLING
  YESTERDAY        0                         0      0        0
  MONTH TO DATE    0                         0      0        0
  SINCE SEP 1    126                        85     41       83
  SINCE JAN 1   1060                       821    239      880
..................................................................


WIND (MPH)
  HIGHEST WIND SPEED    28   HIGHEST WIND DIRECTION    NW (320)
  HIGHEST GUST SPEED    35   HIGHEST GUST DIRECTION    NW (330)
  AVERAGE WIND SPEED    11.7


SKY COVER
  POSSIBLE SUNSHINE  MM
  AVERAGE SKY COVER 0.4


WEATHER CONDITIONS
 THE FOLLOWING WEATHER WAS RECORDED YESTERDAY.
  LIGHT RAIN


RELATIVE HUMIDITY (PERCENT)
 HIGHEST    92           200 AM
 LOWEST     37           300 PM
 AVERAGE    65

..........................................................


THE VALENTINE NE CLIMATE NORMALS FOR TODAY
                         NORMAL    RECORD    YEAR
 MAXIMUM TEMPERATURE (F)   46        78      1897
 MINIMUM TEMPERATURE (F)   20        -2      1985


SUNRISE AND SUNSET
NOVEMBER 19 2017......SUNRISE   740 AM CST   SUNSET   515 PM CST
NOVEMBER 20 2017......SUNRISE   741 AM CST   SUNSET   515 PM CST


-  INDICATES NEGATIVE NUMBERS.
R  INDICATES RECORD WAS SET OR TIED.
MM INDICATES DATA IS MISSING.
T  INDICATES TRACE AMOUNT.




$$
