000
CDUS43 KLBF 282222
CLIVTN

CLIMATE REPORT
NATIONAL WEATHER SERVICE NORTH PLATTE
522 PM CDT MON JUL 28 2014


...................................

...THE VALENTINE NE CLIMATE SUMMARY FOR JULY 28 2014...
VALID TODAY AS OF 0500 PM LOCAL TIME.

CLIMATE NORMAL PERIOD 1981 TO 2010
CLIMATE RECORD PERIOD 1885 TO 2014


WEATHER ITEM   OBSERVED TIME   RECORD YEAR NORMAL DEPARTURE LAST
                VALUE   (LST)  VALUE       VALUE  FROM      YEAR
                                                  NORMAL
..................................................................
TEMPERATURE (F)
 TODAY
  MAXIMUM         83    338 PM 108    1933  89     -6       74
  MINIMUM         49    548 AM  44    1971  61    -12       50
  AVERAGE         66                        75     -9       62

PRECIPITATION (IN)
  TODAY            0.00          1.50 2000   0.10  -0.10     0.00
  MONTH TO DATE    0.58                      2.93  -2.35     1.59
  SINCE JUN 1      9.21                      6.49   2.72     4.04
  SINCE JAN 1     16.42                     13.65   2.77    13.44

SNOWFALL (IN)
  TODAY            0.0           0.0    MM   0.0    0.0      0.0
  MONTH TO DATE    0.0                       0.0    0.0      0.0
  SINCE JUN 1      0.0                       0.0    0.0      0.0
  SINCE JUL 1      0.0                       0.0    0.0      0.0
  SNOW DEPTH       0

DEGREE DAYS
 HEATING
  TODAY            0                         0      0        3
  MONTH TO DATE   19                         2     17        3
  SINCE JUN 1     73                        63     10       57
  SINCE JUL 1     19                         2     17        3

 COOLING
  TODAY            1                        10     -9        0
  MONTH TO DATE  222                       272    -50      269
  SINCE JUN 1    333                       409    -76      415
  SINCE JAN 1    394                       443    -49      454
..................................................................


WIND (MPH)
  HIGHEST WIND SPEED    13   HIGHEST WIND DIRECTION     N (10)
  HIGHEST GUST SPEED    17   HIGHEST GUST DIRECTION    NE (60)
  AVERAGE WIND SPEED     3.3


SKY COVER
  POSSIBLE SUNSHINE  MM
  AVERAGE SKY COVER 0.1


WEATHER CONDITIONS
 THE FOLLOWING WEATHER WAS RECORDED TODAY.
  NO SIGNIFICANT WEATHER WAS OBSERVED.


RELATIVE HUMIDITY (PERCENT)
 HIGHEST    93           500 AM
 LOWEST     36           300 PM
 AVERAGE    65

..........................................................


THE VALENTINE NE CLIMATE NORMALS FOR TOMORROW
                         NORMAL    RECORD    YEAR
 MAXIMUM TEMPERATURE (F)   89       110      1980
 MINIMUM TEMPERATURE (F)   61        42      1971


SUNRISE AND SUNSET
JULY 28 2014..........SUNRISE   629 AM CDT   SUNSET   907 PM CDT
JULY 29 2014..........SUNRISE   630 AM CDT   SUNSET   906 PM CDT


-  INDICATES NEGATIVE NUMBERS.
R  INDICATES RECORD WAS SET OR TIED.
MM INDICATES DATA IS MISSING.
T  INDICATES TRACE AMOUNT.

$$
