000
CDUS43 KLBF 212233
CLIVTN

CLIMATE REPORT
NATIONAL WEATHER SERVICE NORTH PLATTE
531 PM CDT THU AUG 21 2014


...................................

...THE VALENTINE NE CLIMATE SUMMARY FOR AUGUST 21 2014...
VALID TODAY AS OF 0500 PM LOCAL TIME.

CLIMATE NORMAL PERIOD 1981 TO 2010
CLIMATE RECORD PERIOD 1885 TO 2014


WEATHER ITEM   OBSERVED TIME   RECORD YEAR NORMAL DEPARTURE LAST
                VALUE   (LST)  VALUE       VALUE  FROM      YEAR
                                                  NORMAL
..................................................................
TEMPERATURE (F)
 TODAY
  MAXIMUM         90    410 PM 103    2010  87      3       88
  MINIMUM         63    553 AM  40    1986  58      5       65
  AVERAGE         77                        72      5       77

PRECIPITATION (IN)
  TODAY            0.00          1.31 1931   0.05  -0.05     0.08
  MONTH TO DATE    1.55                      1.65  -0.10     1.99
  SINCE JUN 1     10.76                      8.42   2.34     8.22
  SINCE JAN 1     17.97                     15.58   2.39    17.62

SNOWFALL (IN)
  TODAY            0.0           0.0    MM   0.0    0.0      0.0
  MONTH TO DATE    0.0                       0.0    0.0      0.0
  SINCE JUN 1      0.0                       0.0    0.0      0.0
  SINCE JUL 1      0.0                       0.0    0.0      0.0
  SNOW DEPTH       0

DEGREE DAYS
 HEATING
  TODAY            0                         1     -1        0
  MONTH TO DATE    0                         2     -2        0
  SINCE JUN 1     73                        71      2       57
  SINCE JUL 1     19                        10      9        3

 COOLING
  TODAY           12                         8      4       12
  MONTH TO DATE  187                       192     -5      162
  SINCE JUN 1    528                       633   -105      600
  SINCE JAN 1    589                       667    -78      639
..................................................................


WIND (MPH)
  HIGHEST WIND SPEED    17   HIGHEST WIND DIRECTION     N (20)
  HIGHEST GUST SPEED    21   HIGHEST GUST DIRECTION     N (360)
  AVERAGE WIND SPEED     8.5


SKY COVER
  POSSIBLE SUNSHINE  MM
  AVERAGE SKY COVER 0.0


WEATHER CONDITIONS
 THE FOLLOWING WEATHER WAS RECORDED TODAY.
  NO SIGNIFICANT WEATHER WAS OBSERVED.


RELATIVE HUMIDITY (PERCENT)
 HIGHEST    93           600 AM
 LOWEST     32           400 PM
 AVERAGE    63

..........................................................


THE VALENTINE NE CLIMATE NORMALS FOR TOMORROW
                         NORMAL    RECORD    YEAR
 MAXIMUM TEMPERATURE (F)   86       105      1938
 MINIMUM TEMPERATURE (F)   58        39      1923


SUNRISE AND SUNSET
AUGUST 21 2014........SUNRISE   655 AM CDT   SUNSET   835 PM CDT
AUGUST 22 2014........SUNRISE   656 AM CDT   SUNSET   833 PM CDT


-  INDICATES NEGATIVE NUMBERS.
R  INDICATES RECORD WAS SET OR TIED.
MM INDICATES DATA IS MISSING.
T  INDICATES TRACE AMOUNT.

$$
