068
CDUS43 KLBF 221149
CLIVTN


CLIMATE REPORT
NATIONAL WEATHER SERVICE NORTH PLATTE
548 AM CST SUN JAN 22 2017


...................................

...THE VALENTINE NE CLIMATE SUMMARY FOR JANUARY 21 2017...

CLIMATE NORMAL PERIOD 1981 TO 2010
CLIMATE RECORD PERIOD 1885 TO 2017


WEATHER ITEM   OBSERVED TIME   RECORD YEAR NORMAL DEPARTURE LAST
                VALUE   (LST)  VALUE       VALUE  FROM      YEAR
                                                  NORMAL
..................................................................
TEMPERATURE (F)
 YESTERDAY
  MAXIMUM         45    400 PM  63    2009  37      8       24
  MINIMUM         23   1159 PM -28    1949  11     12       20
  AVERAGE         34                        24     10       22

PRECIPITATION (IN)
  YESTERDAY        0.00          0.18 2007   0.01  -0.01     0.05
  MONTH TO DATE    0.12                      0.17  -0.05     0.22
  SINCE DEC 1      1.06                      0.54   0.52     1.26
  SINCE JAN 1      0.12                      0.17  -0.05     0.22

SNOWFALL (IN)
  YESTERDAY        0.0           2.5  2007   0.1   -0.1      0.5
  MONTH TO DATE    1.2                       2.6   -1.4      3.5
  SINCE DEC 1      6.6                       7.7   -1.1     16.6
  SINCE JUL 1     12.9                      15.3   -2.4     26.7
  SNOW DEPTH       0

DEGREE DAYS
 HEATING
  YESTERDAY       31                        41    -10       43
  MONTH TO DATE  946                       874     72      959
  SINCE DEC 1   2361                      2151    210     2191
  SINCE JUL 1   3467                      3769   -302     3484

 COOLING
  YESTERDAY        0                         0      0        0
  MONTH TO DATE    0                         0      0        0
  SINCE DEC 1      0                         0      0        0
  SINCE JAN 1      0                         0      0        0
..................................................................


WIND (MPH)
  HIGHEST WIND SPEED    15   HIGHEST WIND DIRECTION    NW (320)
  HIGHEST GUST SPEED    18   HIGHEST GUST DIRECTION    NW (300)
  AVERAGE WIND SPEED     8.1


SKY COVER
  POSSIBLE SUNSHINE  MM
  AVERAGE SKY COVER 0.4


WEATHER CONDITIONS
 THE FOLLOWING WEATHER WAS RECORDED YESTERDAY.
  NO SIGNIFICANT WEATHER WAS OBSERVED.


RELATIVE HUMIDITY (PERCENT)
 HIGHEST    92           400 AM
 LOWEST     58           100 PM
 AVERAGE    75

..........................................................


THE VALENTINE NE CLIMATE NORMALS FOR TODAY
                         NORMAL    RECORD    YEAR
 MAXIMUM TEMPERATURE (F)   37        68      1967
 MINIMUM TEMPERATURE (F)   11       -23      2003


SUNRISE AND SUNSET
JANUARY 22 2017.......SUNRISE   806 AM CST   SUNSET   542 PM CST
JANUARY 23 2017.......SUNRISE   805 AM CST   SUNSET   544 PM CST


-  INDICATES NEGATIVE NUMBERS.
R  INDICATES RECORD WAS SET OR TIED.
MM INDICATES DATA IS MISSING.
T  INDICATES TRACE AMOUNT.

$$
