182
CDUS43 KLBF 101034
CLIVTN


CLIMATE REPORT
NATIONAL WEATHER SERVICE NORTH PLATTE
433 AM CST SAT DEC 10 2016


...................................

...THE VALENTINE NE CLIMATE SUMMARY FOR DECEMBER 9 2016...

CLIMATE NORMAL PERIOD 1981 TO 2010
CLIMATE RECORD PERIOD 1885 TO 2016


WEATHER ITEM   OBSERVED TIME   RECORD YEAR NORMAL DEPARTURE LAST
                VALUE   (LST)  VALUE       VALUE  FROM      YEAR
                                                  NORMAL
..................................................................
TEMPERATURE (F)
 YESTERDAY
  MAXIMUM         24    308 PM  69    2006  37    -13       65
  MINIMUM         -7   1246 AM -22    1919  12    -19       28
  AVERAGE          9                        24    -15       47

PRECIPITATION (IN)
  YESTERDAY        T             0.13 1918   0.02  -0.02     0.00
  MONTH TO DATE    T                         0.12  -0.12     0.10
  SINCE DEC 1      T                         0.12  -0.12     0.10
  SINCE JAN 1     25.64                     19.77   5.87    26.13

SNOWFALL (IN)
  YESTERDAY        T             1.5  1972   0.2   -0.2      0.0
  MONTH TO DATE    T                         1.5   -1.5      2.3
  SINCE DEC 1      T                         1.5   -1.5      2.3
  SINCE JUL 1      6.3                       9.1   -2.8     12.4
  SNOW DEPTH       0

DEGREE DAYS
 HEATING
  YESTERDAY       56                        41     15       18
  MONTH TO DATE  384                       355     29      280
  SINCE DEC 1    384                       355     29      280
  SINCE JUL 1   1490                      1973   -483     1573

 COOLING
  YESTERDAY        0                         0      0        0
  MONTH TO DATE    0                         0      0        0
  SINCE DEC 1      0                         0      0        0
  SINCE JAN 1    880                       821     59      800
..................................................................


WIND (MPH)
  HIGHEST WIND SPEED    18   HIGHEST WIND DIRECTION    NE (30)
  HIGHEST GUST SPEED    22   HIGHEST GUST DIRECTION    NE (40)
  AVERAGE WIND SPEED     8.1


SKY COVER
  POSSIBLE SUNSHINE  MM
  AVERAGE SKY COVER 0.7


WEATHER CONDITIONS
 THE FOLLOWING WEATHER WAS RECORDED YESTERDAY.
  LIGHT SNOW


RELATIVE HUMIDITY (PERCENT)
 HIGHEST    87          1100 PM
 LOWEST     52           300 PM
 AVERAGE    70

..........................................................


THE VALENTINE NE CLIMATE NORMALS FOR TODAY
                         NORMAL    RECORD    YEAR
 MAXIMUM TEMPERATURE (F)   37        73      1990
 MINIMUM TEMPERATURE (F)   12       -20      1919


SUNRISE AND SUNSET
DECEMBER 10 2016......SUNRISE   803 AM CST   SUNSET   508 PM CST
DECEMBER 11 2016......SUNRISE   803 AM CST   SUNSET   508 PM CST


-  INDICATES NEGATIVE NUMBERS.
R  INDICATES RECORD WAS SET OR TIED.
MM INDICATES DATA IS MISSING.
T  INDICATES TRACE AMOUNT.




$$
