000
CDUS46 KPQR 191142
CLIVUO


CLIMATE REPORT
NATIONAL WEATHER SERVICE PORTLAND OREGON
341 AM PST THU JAN 19 2017


...................................

...THE VANCOUVER WA CLIMATE SUMMARY FOR JANUARY 18 2017...

CLIMATE NORMAL PERIOD 1981 TO 2010
CLIMATE RECORD PERIOD 1891 TO 2017


WEATHER ITEM   OBSERVED TIME   RECORD YEAR NORMAL DEPARTURE LAST
                VALUE   (LST)  VALUE       VALUE  FROM      YEAR
                                                  NORMAL
..................................................................
TEMPERATURE (F)
 YESTERDAY
  MAXIMUM         48    806 PM  66    2005  48      0       51
  MINIMUM         33   1254 AM   8    1943  36     -3       40
  AVERAGE         41                        42     -1       46

PRECIPITATION (IN)
  YESTERDAY        1.06                      0.17   0.89     0.23
  MONTH TO DATE    3.51                      3.40   0.11     4.24
  SINCE OCT 1     23.37                     19.15   4.22    28.09
  SINCE JAN 1      3.51                      3.40   0.11     4.24

DEGREE DAYS
 HEATING
  YESTERDAY       24                                        19
  MONTH TO DATE  648                                       482
  SINCE JUL 1   2303                                      2091

 COOLING
  YESTERDAY        0                                         0
  MONTH TO DATE    0                                         0
  SINCE JAN 1      0                                         0
..................................................................


WIND (MPH)
  HIGHEST WIND SPEED    21   HIGHEST WIND DIRECTION    SE (120)
  HIGHEST GUST SPEED    27   HIGHEST GUST DIRECTION    SE (120)
  AVERAGE WIND SPEED    10.6


SKY COVER
  POSSIBLE SUNSHINE  MM
  AVERAGE SKY COVER 1.0


WEATHER CONDITIONS
 THE FOLLOWING WEATHER WAS RECORDED YESTERDAY.
  RAIN
  LIGHT RAIN
  FOG


RELATIVE HUMIDITY (PERCENT)
 HIGHEST   100           600 AM
 LOWEST     76          1000 PM
 AVERAGE    88

..........................................................




SUNRISE AND SUNSET
JANUARY 19 2017.......SUNRISE   744 AM PST   SUNSET   459 PM PST
JANUARY 20 2017.......SUNRISE   743 AM PST   SUNSET   500 PM PST


-  INDICATES NEGATIVE NUMBERS.
R  INDICATES RECORD WAS SET OR TIED.
MM INDICATES DATA IS MISSING.
T  INDICATES TRACE AMOUNT.




$$
