000
CDUS46 KPQR 250221
CLIVUO


CLIMATE REPORT
NATIONAL WEATHER SERVICE PORTLAND OREGON
720 PM PDT SUN JUL 24 2016


...................................

...THE VANCOUVER WA CLIMATE SUMMARY FOR JULY 24 2016...
VALID TODAY AS OF 0700 PM LOCAL TIME.

CLIMATE NORMAL PERIOD 1981 TO 2010
CLIMATE RECORD PERIOD 1891 TO 2016


WEATHER ITEM   OBSERVED TIME   RECORD YEAR NORMAL DEPARTURE LAST
                VALUE   (LST)  VALUE       VALUE  FROM      YEAR
                                                  NORMAL
..................................................................
TEMPERATURE (F)
 TODAY
  MAXIMUM         86    559 PM 100    2004  82      4       82
                                      1924
  MINIMUM         53    459 AM  41    1973  58     -5       55
  AVERAGE         70                        70      0       69

PRECIPITATION (IN)
  TODAY            0.00                      0.01  -0.01     0.00
  MONTH TO DATE    0.43                      0.60  -0.17     0.04
  SINCE OCT 1     45.23                     36.72   8.51    29.99
  SINCE JAN 1     21.38                     20.97   0.41    15.10

DEGREE DAYS
 HEATING
  TODAY            0                                         0
  MONTH TO DATE   11                                         1
  SINCE JUN 1     97                                        25
  SINCE JUL 1     11                                         1

 COOLING
  TODAY            5                                         4
  MONTH TO DATE   51                                       201
  SINCE JUN 1    132                                       363
  SINCE JAN 1    156                                       379
..................................................................


WIND (MPH)
  HIGHEST WIND SPEED    15   HIGHEST WIND DIRECTION    NW (310)
  HIGHEST GUST SPEED    23   HIGHEST GUST DIRECTION     W (290)
  AVERAGE WIND SPEED     6.4


SKY COVER
  POSSIBLE SUNSHINE  MM
  AVERAGE SKY COVER 0.0


WEATHER CONDITIONS
 THE FOLLOWING WEATHER WAS RECORDED TODAY.
  NO SIGNIFICANT WEATHER WAS OBSERVED.


RELATIVE HUMIDITY (PERCENT)
 HIGHEST    93           400 AM
 LOWEST     32           400 PM
 AVERAGE    63

..........................................................


THE VANCOUVER WA CLIMATE NORMALS FOR TOMORROW
                         NORMAL    RECORD    YEAR
 MAXIMUM TEMPERATURE (F)   82        99      1904
 MINIMUM TEMPERATURE (F)   58        43      1966


SUNRISE AND SUNSET
JULY 24 2016..........SUNRISE   546 AM PDT   SUNSET   848 PM PDT
JULY 25 2016..........SUNRISE   547 AM PDT   SUNSET   847 PM PDT


-  INDICATES NEGATIVE NUMBERS.
R  INDICATES RECORD WAS SET OR TIED.
MM INDICATES DATA IS MISSING.
T  INDICATES TRACE AMOUNT.




$$
