000
CDUS46 KPQR 271141
CLIVUO


CLIMATE REPORT
NATIONAL WEATHER SERVICE PORTLAND OREGON
440 AM PDT FRI MAR 27 2015


...................................

...THE VANCOUVER WA CLIMATE SUMMARY FOR MARCH 26 2015...

CLIMATE NORMAL PERIOD 1981 TO 2010
CLIMATE RECORD PERIOD 1891 TO 2015


WEATHER ITEM   OBSERVED TIME   RECORD YEAR NORMAL DEPARTURE LAST
                VALUE   (LST)  VALUE       VALUE  FROM      YEAR
                                                  NORMAL
..................................................................
TEMPERATURE (F)
 YESTERDAY
  MAXIMUM         72    441 PM  76    1994  58     14       52
  MINIMUM         44    401 AM  25    1996  41      3       45
  AVERAGE         58                        50      8       49

PRECIPITATION (IN)
  YESTERDAY        0.00                      0.10  -0.10     0.41
  MONTH TO DATE    4.67                      3.06   1.61     4.65
  SINCE OCT 1     26.98                     28.34  -1.36    17.01
  SINCE JAN 1     12.09                     12.59  -0.50    11.54

DEGREE DAYS
 HEATING
  YESTERDAY        7                                        16
  MONTH TO DATE  379                                       442
  SINCE JUL 1   3031                                      3905

 COOLING
  YESTERDAY        0                                         0
  MONTH TO DATE    0                                         0
  SINCE JAN 1      0                                         0
..................................................................


WIND (MPH)
  HIGHEST WIND SPEED     7   HIGHEST WIND DIRECTION     W (260)
  HIGHEST GUST SPEED     9   HIGHEST GUST DIRECTION     W (270)
  AVERAGE WIND SPEED     1.5


SKY COVER
  POSSIBLE SUNSHINE  MM
  AVERAGE SKY COVER 0.5


WEATHER CONDITIONS
 THE FOLLOWING WEATHER WAS RECORDED YESTERDAY.
  FOG
  FOG W/VISIBILITY <= 1/4 MILE


RELATIVE HUMIDITY (PERCENT)
 HIGHEST   100           100 AM
 LOWEST     44           300 PM
 AVERAGE    72

..........................................................




SUNRISE AND SUNSET
MARCH 27 2015.........SUNRISE   701 AM PDT   SUNSET   732 PM PDT
MARCH 28 2015.........SUNRISE   659 AM PDT   SUNSET   733 PM PDT


-  INDICATES NEGATIVE NUMBERS.
R  INDICATES RECORD WAS SET OR TIED.
MM INDICATES DATA IS MISSING.
T  INDICATES TRACE AMOUNT.




$$
