000
CDUS46 KPQR 141141
CLIVUO


CLIMATE REPORT
NATIONAL WEATHER SERVICE PORTLAND OREGON
440 AM PDT MON JUL 14 2014


...................................

...THE VANCOUVER WA CLIMATE SUMMARY FOR JULY 13 2014...

CLIMATE NORMAL PERIOD 1981 TO 2010
CLIMATE RECORD PERIOD 1891 TO 2014


WEATHER ITEM   OBSERVED TIME   RECORD YEAR NORMAL DEPARTURE LAST
                VALUE   (LST)  VALUE       VALUE  FROM      YEAR
                                                  NORMAL
..................................................................
TEMPERATURE (F)
 YESTERDAY
  MAXIMUM         74    708 PM 103    1935  80     -6       80
  MINIMUM         62   1159 PM  44    1904  57      5       51
  AVERAGE         68                        68      0       66

PRECIPITATION (IN)
  YESTERDAY        0.05                      0.01   0.04     0.00
  MONTH TO DATE    0.05                      0.41  -0.36     0.00
  SINCE OCT 1     26.95                     36.53  -9.58    34.24
  SINCE JAN 1     21.48                     20.78   0.70    14.98

DEGREE DAYS
 HEATING
  YESTERDAY        0                                         0
  MONTH TO DATE    0                                         6
  SINCE JUL 1      0                                         6

 COOLING
  YESTERDAY        3                                         1
  MONTH TO DATE   96                                        50
  SINCE JAN 1    127                                       117
..................................................................


WIND (MPH)
  HIGHEST WIND SPEED    15   HIGHEST WIND DIRECTION     W (280)
  HIGHEST GUST SPEED    17   HIGHEST GUST DIRECTION     W (270)
  AVERAGE WIND SPEED     3.0


SKY COVER
  POSSIBLE SUNSHINE  MM
  AVERAGE SKY COVER 0.2


WEATHER CONDITIONS
 THE FOLLOWING WEATHER WAS RECORDED YESTERDAY.
  THUNDERSTORM
  LIGHT RAIN


RELATIVE HUMIDITY (PERCENT)
 HIGHEST    78           300 AM
 LOWEST     64           700 PM
 AVERAGE    71

..........................................................




SUNRISE AND SUNSET
JULY 14 2014..........SUNRISE   535 AM PDT   SUNSET   857 PM PDT
JULY 15 2014..........SUNRISE   536 AM PDT   SUNSET   857 PM PDT


-  INDICATES NEGATIVE NUMBERS.
R  INDICATES RECORD WAS SET OR TIED.
MM INDICATES DATA IS MISSING.
T  INDICATES TRACE AMOUNT.




$$
