000
CDUS46 KPQR 031141
CLIVUO


CLIMATE REPORT
NATIONAL WEATHER SERVICE PORTLAND OREGON
440 AM PDT MON AUG 3 2015


...................................

...THE VANCOUVER WA CLIMATE SUMMARY FOR AUGUST 2 2015...

CLIMATE NORMAL PERIOD 1981 TO 2010
CLIMATE RECORD PERIOD 1891 TO 2015


WEATHER ITEM   OBSERVED TIME   RECORD YEAR NORMAL DEPARTURE LAST
                VALUE   (LST)  VALUE       VALUE  FROM      YEAR
                                                  NORMAL
..................................................................
TEMPERATURE (F)
 YESTERDAY
  MAXIMUM         79    610 PM 103    1939  82     -3       87
  MINIMUM         65    533 AM  43    1967  58      7       61
  AVERAGE         72                        70      2       74

PRECIPITATION (IN)
  YESTERDAY        0.00                      0.01  -0.01     0.00
  MONTH TO DATE    0.00                      0.02  -0.02      T
  SINCE OCT 1     30.22                     36.83  -6.61    27.72
  SINCE JAN 1     15.33                     21.08  -5.75    22.25

DEGREE DAYS
 HEATING
  YESTERDAY        0                                         0
  MONTH TO DATE    0                                         0
  SINCE JUL 1      4                                         3

 COOLING
  YESTERDAY        7                                         9
  MONTH TO DATE   19                                        22
  SINCE JAN 1    447                                       254
..................................................................


WIND (MPH)
  HIGHEST WIND SPEED     9   HIGHEST WIND DIRECTION     W (250)
  HIGHEST GUST SPEED    14   HIGHEST GUST DIRECTION    SE (150)
  AVERAGE WIND SPEED     2.9


SKY COVER
  POSSIBLE SUNSHINE  MM
  AVERAGE SKY COVER 0.0


WEATHER CONDITIONS
 THE FOLLOWING WEATHER WAS RECORDED YESTERDAY.
  NO SIGNIFICANT WEATHER WAS OBSERVED.


RELATIVE HUMIDITY (PERCENT)
 HIGHEST    63           300 AM
 LOWEST     38          1200 AM
 AVERAGE    51

..........................................................




SUNRISE AND SUNSET
AUGUST  3 2015........SUNRISE   556 AM PDT   SUNSET   836 PM PDT
AUGUST  4 2015........SUNRISE   558 AM PDT   SUNSET   835 PM PDT


-  INDICATES NEGATIVE NUMBERS.
R  INDICATES RECORD WAS SET OR TIED.
MM INDICATES DATA IS MISSING.
T  INDICATES TRACE AMOUNT.




$$
