000
CDUS46 KPQR 051142
CLIVUO


CLIMATE REPORT
NATIONAL WEATHER SERVICE PORTLAND OREGON
441 AM PDT THU MAY 5 2016


...................................

...THE VANCOUVER WA CLIMATE SUMMARY FOR MAY 4 2016...

CLIMATE NORMAL PERIOD 1981 TO 2010
CLIMATE RECORD PERIOD 1891 TO 2016


WEATHER ITEM   OBSERVED TIME   RECORD YEAR NORMAL DEPARTURE LAST
                VALUE   (LST)  VALUE       VALUE  FROM      YEAR
                                                  NORMAL
..................................................................
TEMPERATURE (F)
 YESTERDAY
  MAXIMUM         63    217 PM  88    1992  66     -3       64
  MINIMUM         52    637 AM  33    1982  45      7       43
  AVERAGE         58                        56      2       54

PRECIPITATION (IN)
  YESTERDAY        0.02                      0.10  -0.08     0.00
  MONTH TO DATE    0.11                      0.37  -0.26     0.00
  SINCE OCT 1     41.83                     32.23   9.60    28.88
  SINCE JAN 1     17.98                     16.48   1.50    13.99

DEGREE DAYS
 HEATING
  YESTERDAY        7                                        11
  MONTH TO DATE   12                                        28
  SINCE JUL 1   3603                                      3518

 COOLING
  YESTERDAY        0                                         0
  MONTH TO DATE    8                                         0
  SINCE JAN 1     14                                         0
..................................................................


WIND (MPH)
  HIGHEST WIND SPEED    15   HIGHEST WIND DIRECTION    NW (310)
  HIGHEST GUST SPEED    23   HIGHEST GUST DIRECTION    NW (310)
  AVERAGE WIND SPEED     7.2


SKY COVER
  POSSIBLE SUNSHINE  MM
  AVERAGE SKY COVER 0.8


WEATHER CONDITIONS
 THE FOLLOWING WEATHER WAS RECORDED YESTERDAY.
  LIGHT RAIN


RELATIVE HUMIDITY (PERCENT)
 HIGHEST    89           200 AM
 LOWEST     67           700 PM
 AVERAGE    78

..........................................................




SUNRISE AND SUNSET
MAY  5 2016...........SUNRISE   552 AM PDT   SUNSET   824 PM PDT
MAY  6 2016...........SUNRISE   550 AM PDT   SUNSET   825 PM PDT


-  INDICATES NEGATIVE NUMBERS.
R  INDICATES RECORD WAS SET OR TIED.
MM INDICATES DATA IS MISSING.
T  INDICATES TRACE AMOUNT.




$$
