000
CDUS46 KPQR 231144
CLIVUO


CLIMATE REPORT
NATIONAL WEATHER SERVICE PORTLAND OREGON
443 AM PDT SUN APR 23 2017


...................................

...THE VANCOUVER WA CLIMATE SUMMARY FOR APRIL 22 2017...

CLIMATE NORMAL PERIOD 1981 TO 2010
CLIMATE RECORD PERIOD 1891 TO 2017


WEATHER ITEM   OBSERVED TIME   RECORD YEAR NORMAL DEPARTURE LAST
                VALUE   (LST)  VALUE       VALUE  FROM      YEAR
                                                  NORMAL
..................................................................
TEMPERATURE (F)
 YESTERDAY
  MAXIMUM         63    246 AM  84    1910  63      0       64
  MINIMUM         50   1125 PM  26    1972  43      7       52
  AVERAGE         57                        53      4       58

PRECIPITATION (IN)
  YESTERDAY        0.16                      0.10   0.06     0.43
  MONTH TO DATE    2.75                      2.28   0.47     1.44
  SINCE OCT 1     44.35                     31.13  13.22    41.39
  SINCE JAN 1     24.49                     15.38   9.11    17.54

DEGREE DAYS
 HEATING
  YESTERDAY        8                                         7
  MONTH TO DATE  296                                       171
  SINCE JUL 1   4119                                      3489

 COOLING
  YESTERDAY        0                                         0
  MONTH TO DATE    0                                         6
  SINCE JAN 1      0                                         6
..................................................................


WIND (MPH)
  HIGHEST WIND SPEED    20   HIGHEST WIND DIRECTION     W (250)
  HIGHEST GUST SPEED    34   HIGHEST GUST DIRECTION    SW (210)
  AVERAGE WIND SPEED     6.7


SKY COVER
  POSSIBLE SUNSHINE  MM
  AVERAGE SKY COVER 0.5


WEATHER CONDITIONS
 THE FOLLOWING WEATHER WAS RECORDED YESTERDAY.
  RAIN
  LIGHT RAIN
  FOG


RELATIVE HUMIDITY (PERCENT)
 HIGHEST    89           900 AM
 LOWEST     39          1200 AM
 AVERAGE    64

..........................................................




SUNRISE AND SUNSET
APRIL 23 2017.........SUNRISE   611 AM PDT   SUNSET   808 PM PDT
APRIL 24 2017.........SUNRISE   609 AM PDT   SUNSET   809 PM PDT


-  INDICATES NEGATIVE NUMBERS.
R  INDICATES RECORD WAS SET OR TIED.
MM INDICATES DATA IS MISSING.
T  INDICATES TRACE AMOUNT.




$$
