000
CDUS46 KPQR 221141
CLIVUO


CLIMATE REPORT
NATIONAL WEATHER SERVICE PORTLAND OREGON
441 AM PDT MON MAY 22 2017


...................................

...THE VANCOUVER WA CLIMATE SUMMARY FOR MAY 21 2017...

CLIMATE NORMAL PERIOD 1981 TO 2010
CLIMATE RECORD PERIOD 1891 TO 2017


WEATHER ITEM   OBSERVED TIME   RECORD YEAR NORMAL DEPARTURE LAST
                VALUE   (LST)  VALUE       VALUE  FROM      YEAR
                                                  NORMAL
..................................................................
TEMPERATURE (F)
 YESTERDAY
  MAXIMUM         84    514 PM  89    1963  69     15       57
  MINIMUM         51    454 AM  33    1992  50      1       52
  AVERAGE         68                        59      9       55

PRECIPITATION (IN)
  YESTERDAY        0.00                      0.07  -0.07     0.30
  MONTH TO DATE    1.78                      1.80  -0.02     1.50
  SINCE OCT 1     47.63                     33.66  13.97    43.22
  SINCE JAN 1     27.77                     17.91   9.86    19.37

DEGREE DAYS
 HEATING
  YESTERDAY        0                                        10
  MONTH TO DATE  176                                        94
  SINCE JUL 1   4408                                      3685

 COOLING
  YESTERDAY        3                                         0
  MONTH TO DATE   14                                        15
  SINCE JAN 1     14                                        21
..................................................................


WIND (MPH)
  HIGHEST WIND SPEED    16   HIGHEST WIND DIRECTION     W (290)
  HIGHEST GUST SPEED    21   HIGHEST GUST DIRECTION     W (290)
  AVERAGE WIND SPEED     5.0


SKY COVER
  POSSIBLE SUNSHINE  MM
  AVERAGE SKY COVER 0.0


WEATHER CONDITIONS
 THE FOLLOWING WEATHER WAS RECORDED YESTERDAY.
  NO SIGNIFICANT WEATHER WAS OBSERVED.


RELATIVE HUMIDITY (PERCENT)
 HIGHEST   100           200 AM
 LOWEST     34           400 PM
 AVERAGE    67

..........................................................




SUNRISE AND SUNSET
MAY 22 2017...........SUNRISE   532 AM PDT   SUNSET   843 PM PDT
MAY 23 2017...........SUNRISE   531 AM PDT   SUNSET   844 PM PDT


-  INDICATES NEGATIVE NUMBERS.
R  INDICATES RECORD WAS SET OR TIED.
MM INDICATES DATA IS MISSING.
T  INDICATES TRACE AMOUNT.




$$
