000
CDUS46 KPQR 281141
CLIVUO


CLIMATE REPORT
NATIONAL WEATHER SERVICE PORTLAND OREGON
440 AM PDT THU MAY 28 2015


...................................

...THE VANCOUVER WA CLIMATE SUMMARY FOR MAY 27 2015...

CLIMATE NORMAL PERIOD 1981 TO 2010
CLIMATE RECORD PERIOD 1891 TO 2015


WEATHER ITEM   OBSERVED TIME   RECORD YEAR NORMAL DEPARTURE LAST
                VALUE   (LST)  VALUE       VALUE  FROM      YEAR
                                                  NORMAL
..................................................................
TEMPERATURE (F)
 YESTERDAY
  MAXIMUM         79    538 PM  94    2005  70      9       68
  MINIMUM         54    325 AM  36    1994  51      3       50
  AVERAGE         67                        60      7       59

PRECIPITATION (IN)
  YESTERDAY        0.00                      0.07  -0.07     0.00
  MONTH TO DATE    0.68                      2.22  -1.54     2.35
  SINCE OCT 1     29.56                     34.08  -4.52    24.37
  SINCE JAN 1     14.67                     18.33  -3.66    18.90

DEGREE DAYS
 HEATING
  YESTERDAY        0                                         6
  MONTH TO DATE  157                                       140
  SINCE JUL 1   3647                                      4486

 COOLING
  YESTERDAY        2                                         0
  MONTH TO DATE    3                                        15
  SINCE JAN 1      3                                        15
..................................................................


WIND (MPH)
  HIGHEST WIND SPEED    10   HIGHEST WIND DIRECTION    NW (300)
  HIGHEST GUST SPEED    15   HIGHEST GUST DIRECTION     W (290)
  AVERAGE WIND SPEED     3.8


SKY COVER
  POSSIBLE SUNSHINE  MM
  AVERAGE SKY COVER 0.3


WEATHER CONDITIONS
 THE FOLLOWING WEATHER WAS RECORDED YESTERDAY.
  NO SIGNIFICANT WEATHER WAS OBSERVED.


RELATIVE HUMIDITY (PERCENT)
 HIGHEST    86           100 AM
 LOWEST     39           400 PM
 AVERAGE    63

..........................................................




SUNRISE AND SUNSET
MAY 28 2015...........SUNRISE   528 AM PDT   SUNSET   849 PM PDT
MAY 29 2015...........SUNRISE   527 AM PDT   SUNSET   850 PM PDT


-  INDICATES NEGATIVE NUMBERS.
R  INDICATES RECORD WAS SET OR TIED.
MM INDICATES DATA IS MISSING.
T  INDICATES TRACE AMOUNT.




$$
