000
CDUS46 KPQR 291142
CLIVUO


CLIMATE REPORT
NATIONAL WEATHER SERVICE PORTLAND OREGON
341 AM PST THU JAN 29 2015


...................................

...THE VANCOUVER WA CLIMATE SUMMARY FOR JANUARY 28 2015...

CLIMATE NORMAL PERIOD 1981 TO 2010
CLIMATE RECORD PERIOD 1891 TO 2015


WEATHER ITEM   OBSERVED TIME   RECORD YEAR NORMAL DEPARTURE LAST
                VALUE   (LST)  VALUE       VALUE  FROM      YEAR
                                                  NORMAL
..................................................................
TEMPERATURE (F)
 YESTERDAY
  MAXIMUM         56    440 PM  65    1931  49      7       44
  MINIMUM         43   1159 PM   1    1902  36      7       38
  AVERAGE         50                        42      8       41

PRECIPITATION (IN)
  YESTERDAY        0.00                      0.15  -0.15     0.31
  MONTH TO DATE    3.35                      5.04  -1.69     2.18
  SINCE OCT 1     18.24                     20.79  -2.55     7.65
  SINCE JAN 1      3.35                      5.04  -1.69     2.18

DEGREE DAYS
 HEATING
  YESTERDAY       15                                        24
  MONTH TO DATE  632                                       694
  SINCE JUL 1   2105                                      2692

 COOLING
  YESTERDAY        0                                         0
  MONTH TO DATE    0                                         0
  SINCE JAN 1      0                                         0
..................................................................


WIND (MPH)
  HIGHEST WIND SPEED     8   HIGHEST WIND DIRECTION    NW (300)
  HIGHEST GUST SPEED    11   HIGHEST GUST DIRECTION     W (270)
  AVERAGE WIND SPEED     1.7


SKY COVER
  POSSIBLE SUNSHINE  MM
  AVERAGE SKY COVER 0.7


WEATHER CONDITIONS
 THE FOLLOWING WEATHER WAS RECORDED YESTERDAY.
  FOG


RELATIVE HUMIDITY (PERCENT)
 HIGHEST   100           100 AM
 LOWEST     77           500 PM
 AVERAGE    89

..........................................................




SUNRISE AND SUNSET
JANUARY 29 2015.......SUNRISE   735 AM PST   SUNSET   512 PM PST
JANUARY 30 2015.......SUNRISE   734 AM PST   SUNSET   514 PM PST


-  INDICATES NEGATIVE NUMBERS.
R  INDICATES RECORD WAS SET OR TIED.
MM INDICATES DATA IS MISSING.
T  INDICATES TRACE AMOUNT.




$$
