000
CDUS41 KAKQ 060948
CLIWAL


CLIMATE REPORT
NATIONAL WEATHER SERVICE WAKEFIELD, VA
448 AM EST FRI MAR 6 2015


...................................

...THE WALLOPS ISLAND VA CLIMATE SUMMARY FOR MARCH 5 2015...

CLIMATE NORMAL PERIOD 1981 TO 2010
CLIMATE RECORD PERIOD 1963 TO 2015


WEATHER ITEM   OBSERVED TIME   RECORD YEAR NORMAL DEPARTURE
                VALUE   (LST)  VALUE       VALUE  FROM
                                                  NORMAL
...............................................................
TEMPERATURE (F)
 YESTERDAY
  MAXIMUM         47    223 AM  76    1976  51     -4
                                      1974
  MINIMUM         23   1159 PM  19    1978  34    -11
  AVERAGE         35                        42     -7

PRECIPITATION (IN)
  YESTERDAY        0.61          1.09        0.12   0.49
  MONTH TO DATE    0.97                      0.60   0.37
  SINCE MAR 1      0.97                      0.60   0.37
  SINCE JAN 1      8.76                      6.40   2.36

SNOWFALL (IN)
  YESTERDAY        0.3 R         0.2  2012   0.0    0.3
  MONTH TO DATE    0.3                       0.2    0.1
  SINCE NOV 1     11.3                       7.6    3.7
  SINCE JUL 1     11.3                       7.6    3.7

DEGREE DAYS
 HEATING
  YESTERDAY       30                                7
  MONTH TO DATE  149                               32
  SINCE MAR 1    149                               32
  SINCE JUL 1   3479                              282

 COOLING
  YESTERDAY        0                                0
  MONTH TO DATE    0                                0
  SINCE MAR 1      0                                0
  SINCE JAN 1      0                                0
...............................................................


WIND (MPH)
  HIGHEST WIND SPEED    21   HIGHEST WIND DIRECTION     N (340)
  HIGHEST GUST SPEED    32   HIGHEST GUST DIRECTION     N (350)
  AVERAGE WIND SPEED    12.7




RELATIVE HUMIDITY (PERCENT)
 HIGHEST   100
 LOWEST     74
 AVERAGE    87

..........................................................


THE WALLOPS ISLAND VA CLIMATE NORMALS FOR TODAY
                         NORMAL    RECORD    YEAR
 MAXIMUM TEMPERATURE (F)   51        68      2004
 MINIMUM TEMPERATURE (F)   34        21      2007


SUNRISE AND SUNSET
MARCH  6 2015.........SUNRISE   627 AM EST   SUNSET   600 PM EST
MARCH  7 2015.........SUNRISE   625 AM EST   SUNSET   601 PM EST


-  INDICATES NEGATIVE NUMBERS.
R  INDICATES RECORD WAS SET OR TIED.
MM INDICATES DATA IS MISSING.
T  INDICATES TRACE AMOUNT.




$$
