000
CDUS41 KAKQ 260834
CLIWAL


CLIMATE REPORT
NATIONAL WEATHER SERVICE WAKEFIELD, VA
433 AM EDT SUN OCT 26 2014


...................................

...THE WALLOPS ISLAND VA CLIMATE SUMMARY FOR OCTOBER 25 2014...

CLIMATE NORMAL PERIOD 1981 TO 2010
CLIMATE RECORD PERIOD 1963 TO 2014


WEATHER ITEM   OBSERVED TIME   RECORD YEAR NORMAL DEPARTURE
                VALUE   (LST)  VALUE       VALUE  FROM
                                                  NORMAL
...............................................................
TEMPERATURE (F)
 YESTERDAY
  MAXIMUM         70    123 PM  81    2001  65      5
  MINIMUM         47    633 AM  34    1988  47      0
  AVERAGE         59                        56      3

PRECIPITATION (IN)
  YESTERDAY        0.00          2.26        0.10  -0.10
  MONTH TO DATE    1.11                      2.52  -1.41
  SINCE SEP 1      5.84                      6.50  -0.66
  SINCE JAN 1     31.43                     33.89  -2.46

SNOWFALL (IN)
  YESTERDAY        0.0           0.0    MM   0.0    0.0
  MONTH TO DATE    0.0                       0.0    0.0
  SINCE NOV 1     13.1                       7.9    5.2
  SINCE JUL 1      0.0                       0.0    0.0

DEGREE DAYS
 HEATING
  YESTERDAY        6                               -3
  MONTH TO DATE   77                              -75
  SINCE SEP 1     82                             -100
  SINCE JUL 1     82                             -101

 COOLING
  YESTERDAY        0                                0
  MONTH TO DATE   36                                8
  SINCE SEP 1    251                               59
  SINCE JAN 1   1348                              156
...............................................................


WIND (MPH)
  HIGHEST WIND SPEED    13   HIGHEST WIND DIRECTION    SW (240)
  HIGHEST GUST SPEED    16   HIGHEST GUST DIRECTION     W (250)
  AVERAGE WIND SPEED     7.9




RELATIVE HUMIDITY (PERCENT)
 HIGHEST    80
 LOWEST     40
 AVERAGE    60

..........................................................


THE WALLOPS ISLAND VA CLIMATE NORMALS FOR TODAY
                         NORMAL    RECORD    YEAR
 MAXIMUM TEMPERATURE (F)   65        76      1984
                                             1978
 MINIMUM TEMPERATURE (F)   47        33      2013


SUNRISE AND SUNSET
OCTOBER 26 2014.......SUNRISE   721 AM EDT   SUNSET   610 PM EDT
OCTOBER 27 2014.......SUNRISE   722 AM EDT   SUNSET   609 PM EDT


-  INDICATES NEGATIVE NUMBERS.
R  INDICATES RECORD WAS SET OR TIED.
MM INDICATES DATA IS MISSING.
T  INDICATES TRACE AMOUNT.




$$
