800
CDUS41 KAKQ 150630
CLIWAL


CLIMATE REPORT
NATIONAL WEATHER SERVICE WAKEFIELD, VA
130 AM EST FRI DEC 15 2017


...................................

...THE WALLOPS ISLAND VA CLIMATE SUMMARY FOR DECEMBER 14 2017...

CLIMATE NORMAL PERIOD 1981 TO 2010
CLIMATE RECORD PERIOD 1963 TO 2017


WEATHER ITEM   OBSERVED TIME   RECORD YEAR NORMAL DEPARTURE
                VALUE   (LST)  VALUE       VALUE  FROM
                                                  NORMAL
...............................................................
TEMPERATURE (F)
 YESTERDAY
  MAXIMUM         48   1225 PM  68    2001  49     -1
  MINIMUM         27   1112 PM  19    1982  32     -5
  AVERAGE         38                        41     -3

PRECIPITATION (IN)
  YESTERDAY        0.00          1.59        0.11  -0.11
  MONTH TO DATE    1.84                      1.59   0.25
  SINCE DEC 1      1.84                      1.59   0.25
  SINCE JAN 1     48.51                     39.00   9.51

SNOWFALL (IN)
  YESTERDAY        0.0           0.5  1968   0.1   -0.1
  MONTH TO DATE    1.3                       0.8    0.5
  SINCE NOV 1      1.3                       0.9    0.4
  SINCE JUL 1      1.3                       0.9    0.4

DEGREE DAYS
 HEATING
  YESTERDAY       27                                3
  MONTH TO DATE  324                               12
  SINCE DEC 1    324                               12
  SINCE JUL 1    927                              -89

 COOLING
  YESTERDAY        0                                0
  MONTH TO DATE    0                                0
  SINCE DEC 1      0                                0
  SINCE JAN 1   1429                              232
...............................................................


WIND (MPH)
  HIGHEST WIND SPEED    24   HIGHEST WIND DIRECTION    NW (310)
  HIGHEST GUST SPEED    32   HIGHEST GUST DIRECTION    NW (330)
  AVERAGE WIND SPEED    10.2




RELATIVE HUMIDITY (PERCENT)
 HIGHEST    85
 LOWEST     39
 AVERAGE    62

..........................................................


THE WALLOPS ISLAND VA CLIMATE NORMALS FOR TODAY
                         NORMAL    RECORD    YEAR
 MAXIMUM TEMPERATURE (F)   49        69      2015
 MINIMUM TEMPERATURE (F)   32        17      1985


SUNRISE AND SUNSET
DECEMBER 15 2017......SUNRISE   711 AM EST   SUNSET   444 PM EST
DECEMBER 16 2017......SUNRISE   711 AM EST   SUNSET   444 PM EST


-  INDICATES NEGATIVE NUMBERS.
R  INDICATES RECORD WAS SET OR TIED.
MM INDICATES DATA IS MISSING.
T  INDICATES TRACE AMOUNT.




$$
