000
CDUS41 KAKQ 042235
CLIWAL


CLIMATE REPORT
NATIONAL WEATHER SERVICE WAKEFIELD, VA
535 PM EST SUN DEC 4 2016


...................................

...THE WALLOPS ISLAND VA CLIMATE SUMMARY FOR DECEMBER 4 2016...
VALID TODAY AS OF 0500 PM LOCAL TIME.

CLIMATE NORMAL PERIOD 1981 TO 2010
CLIMATE RECORD PERIOD 1963 TO 2016


WEATHER ITEM   OBSERVED TIME   RECORD YEAR NORMAL DEPARTURE
                VALUE   (LST)  VALUE       VALUE  FROM
                                                  NORMAL
...............................................................
TEMPERATURE (F)
 TODAY
  MAXIMUM         46    303 PM  74    1998  52     -6
  MINIMUM         35    551 AM  17    1966  35      0
  AVERAGE         41

PRECIPITATION (IN)
  TODAY            0.00          0.94 1983   0.11  -0.11
  MONTH TO DATE    0.06                      0.45  -0.39
  SINCE DEC 1      0.06                      0.45  -0.39
  SINCE JAN 1     52.51                     37.86  14.65

SNOWFALL (IN)
  TODAY            0.0           T    2010
                                      2007
                                      2002
  MONTH TO DATE    0.0
  SINCE NOV 1      0.0
  SINCE JUL 1      0.0
  SNOW DEPTH       0

DEGREE DAYS
 HEATING
  TODAY           24

 COOLING
  TODAY            0
...............................................................


WIND (MPH)
  HIGHEST WIND SPEED    10   HIGHEST WIND DIRECTION    NW (310)
  HIGHEST GUST SPEED    15   HIGHEST GUST DIRECTION     N (360)




RELATIVE HUMIDITY (PERCENT)
 HIGHEST    89
 LOWEST     58
 AVERAGE    74

..........................................................


THE WALLOPS ISLAND VA CLIMATE NORMALS FOR TOMORROW
                         NORMAL    RECORD    YEAR
 MAXIMUM TEMPERATURE (F)   52        75      1998
 MINIMUM TEMPERATURE (F)   35        20      2000


SUNRISE AND SUNSET
DECEMBER  4 2016......SUNRISE   702 AM EST   SUNSET   442 PM EST
DECEMBER  5 2016......SUNRISE   703 AM EST   SUNSET   442 PM EST


-  INDICATES NEGATIVE NUMBERS.
R  INDICATES RECORD WAS SET OR TIED.
MM INDICATES DATA IS MISSING.
T  INDICATES TRACE AMOUNT.




$$
