000
CDUS41 KAKQ 200825
CLIWAL


CLIMATE REPORT
NATIONAL WEATHER SERVICE WAKEFIELD, VA
425 AM EDT SUN APR 20 2014


...................................

...THE WALLOPS ISLAND VA CLIMATE SUMMARY FOR APRIL 19 2014...

CLIMATE NORMAL PERIOD 1981 TO 2010
CLIMATE RECORD PERIOD 1963 TO 2014


WEATHER ITEM   OBSERVED TIME   RECORD YEAR NORMAL DEPARTURE
                VALUE   (LST)  VALUE       VALUE  FROM
                                                  NORMAL
...............................................................
TEMPERATURE (F)
 YESTERDAY
  MAXIMUM         60    139 PM  88    1985  64     -4
  MINIMUM         45    456 AM  32    1990  46     -1
  AVERAGE         53                        55     -2

PRECIPITATION (IN)
  YESTERDAY        0.00          0.62        0.09  -0.09
  MONTH TO DATE    2.20                      2.07   0.13
  SINCE MAR 1      5.35                      6.07  -0.72
  SINCE JAN 1     10.92                     11.87  -0.95

SNOWFALL (IN)
  YESTERDAY        0.0           0.0    MM   0.0    0.0
  MONTH TO DATE    0.0                       0.1   -0.1
  SINCE NOV 1     13.1                       7.9    5.2
  SINCE JUL 1     13.1                       7.9    5.2

DEGREE DAYS
 HEATING
  YESTERDAY       12                                2
  MONTH TO DATE  210                              -36
  SINCE MAR 1    880                               15
  SINCE JUL 1   3873                              -72

 COOLING
  YESTERDAY        0                                0
  MONTH TO DATE    0                                0
  SINCE MAR 1      0                               -1
  SINCE JAN 1      0                               -1
...............................................................


WIND (MPH)
  HIGHEST WIND SPEED    21   HIGHEST WIND DIRECTION     E (70)
  HIGHEST GUST SPEED    24   HIGHEST GUST DIRECTION     E (80)
  AVERAGE WIND SPEED     9.0




RELATIVE HUMIDITY (PERCENT)
 HIGHEST    92
 LOWEST     47
 AVERAGE    70

..........................................................


THE WALLOPS ISLAND VA CLIMATE NORMALS FOR TODAY
                         NORMAL    RECORD    YEAR
 MAXIMUM TEMPERATURE (F)   64        87      1985
 MINIMUM TEMPERATURE (F)   46        34      1986


SUNRISE AND SUNSET
APRIL 20 2014.........SUNRISE   620 AM EDT   SUNSET   742 PM EDT
APRIL 21 2014.........SUNRISE   618 AM EDT   SUNSET   743 PM EDT


-  INDICATES NEGATIVE NUMBERS.
R  INDICATES RECORD WAS SET OR TIED.
MM INDICATES DATA IS MISSING.
T  INDICATES TRACE AMOUNT.




$$
