000
CDUS46 KLOX 171152
CLIWJF


CLIMATE REPORT
NATIONAL WEATHER SERVICE LOS ANGELES/OXNARD CA
451 AM PDT TUE OCT 17 2017


...................................

...THE LANCASTER FOX FIELD CA CLIMATE SUMMARY FOR OCTOBER 16 2017...

CLIMATE NORMAL PERIOD 1981 TO 2010
CLIMATE RECORD PERIOD 1948 TO 2017


WEATHER ITEM   OBSERVED TIME   RECORD YEAR NORMAL DEPARTURE
                VALUE   (LST)  VALUE       VALUE  FROM
                                                  NORMAL
...............................................................
TEMPERATURE (F)
 YESTERDAY
  MAXIMUM         85    251 PM  95    1958  79      6
  MINIMUM         39    628 AM  32    1985  46     -7
  AVERAGE         62                        63     -1

PRECIPITATION (IN)
  YESTERDAY        0.00          0.02 2005   0.02  -0.02
  MONTH TO DATE    0.00                      0.17  -0.17
  SINCE OCT 1      0.00                      0.17  -0.17
  SINCE JAN 1      4.62                      5.42  -0.80

SNOWFALL (IN)
  YESTERDAY        0.0           0.0    MM
  MONTH TO DATE    0.0
  SINCE SEP 1      0.0
  SINCE JUL 1      0.0
  SNOW DEPTH       0

DEGREE DAYS
 HEATING
  YESTERDAY        3                               -1
  MONTH TO DATE   60                               22
  SINCE SEP 1     80                               30
  SINCE JUL 1     80                               30

 COOLING
  YESTERDAY        0                               -1
  MONTH TO DATE   20                              -22
  SINCE SEP 1    287                              -26
  SINCE JAN 1   2191                              319
...............................................................


WIND (MPH)
  HIGHEST WIND SPEED     9   HIGHEST WIND DIRECTION     W (290)
  HIGHEST GUST SPEED    14   HIGHEST GUST DIRECTION     E (70)
  AVERAGE WIND SPEED     3.4




RELATIVE HUMIDITY (PERCENT)
 HIGHEST    23
 LOWEST      5
 AVERAGE    14

..........................................................


THE LANCASTER FOX FIELD CA CLIMATE NORMALS FOR TODAY
                         NORMAL    RECORD    YEAR
 MAXIMUM TEMPERATURE (F)   79        96      1958
 MINIMUM TEMPERATURE (F)   46        29      1966


SUNRISE AND SUNSET
OCTOBER 17 2017.......SUNRISE   700 AM PDT   SUNSET   615 PM PDT
OCTOBER 18 2017.......SUNRISE   701 AM PDT   SUNSET   614 PM PDT


-  INDICATES NEGATIVE NUMBERS.
R  INDICATES RECORD WAS SET OR TIED.
MM INDICATES DATA IS MISSING.
T  INDICATES TRACE AMOUNT.




$$
