000
CDUS46 KLOX 120124
CLIWJF


CLIMATE REPORT
NATIONAL WEATHER SERVICE LOS ANGELES/OXNARD CA
523 PM PST THU FEB 11 2016


...................................

...THE LANCASTER CLIMATE SUMMARY FOR FEBRUARY 11 2016...
VALID TODAY AS OF 0500 PM LOCAL TIME.

CLIMATE NORMAL PERIOD 1981 TO 2010
CLIMATE RECORD PERIOD 1948 TO 2016


WEATHER ITEM   OBSERVED TIME   RECORD YEAR NORMAL DEPARTURE LAST
                VALUE   (LST)  VALUE       VALUE  FROM      YEAR
                                                  NORMAL
..................................................................
TEMPERATURE (F)
 TODAY
  MAXIMUM         75    403 PM  79    1971  61     14       70
  MINIMUM         29    547 AM  17    2002  34     -5       29
  AVERAGE         52                        48      4       50

PRECIPITATION (IN)
  TODAY            0.00          1.32 2005   0.06  -0.06     0.00
  MONTH TO DATE    T                         0.68  -0.68      T
  SINCE OCT 1      3.02                      4.31  -1.29     3.88
  SINCE JAN 1      1.73                      2.18  -0.45     0.96

SNOWFALL (IN)
  TODAY            0.0           0.0    MM   0.0             0.0
  MONTH TO DATE    0.0                       0.3             0.0
  SINCE DEC 1      0.0                       2.0             0.0
  SINCE JUL 1      0.0                       2.0             0.0
  SNOW DEPTH       0

DEGREE DAYS
 HEATING
  TODAY           13                        17     -4       15
  MONTH TO DATE  208                       199      9      123
  SINCE DEC 1   1488                      1479      9     1270
  SINCE JUL 1   2068                      2024     44     1667

 COOLING
  TODAY            0                         0      0        0
  MONTH TO DATE    0                         0      0        0
  SINCE DEC 1      0                         0      0        0
  SINCE JAN 1      0                         0      0        0
..................................................................


WIND (MPH)
  HIGHEST WIND SPEED     8   HIGHEST WIND DIRECTION    NW (310)
  HIGHEST GUST SPEED     9   HIGHEST GUST DIRECTION    NE (30)
  AVERAGE WIND SPEED     1.9


SKY COVER
  POSSIBLE SUNSHINE  MM
  AVERAGE SKY COVER 0.0


WEATHER CONDITIONS
 THE FOLLOWING WEATHER WAS RECORDED TODAY.
  NO SIGNIFICANT WEATHER WAS OBSERVED.


RELATIVE HUMIDITY (PERCENT)
 HIGHEST    75           700 AM
 LOWEST     15           400 PM
 AVERAGE    45

..........................................................


THE LANCASTER CLIMATE NORMALS FOR TOMORROW
                         NORMAL    RECORD    YEAR
 MAXIMUM TEMPERATURE (F)   61        82      2014
 MINIMUM TEMPERATURE (F)   34        14      1965


SUNRISE AND SUNSET
FEBRUARY 11 2016......SUNRISE   643 AM PST   SUNSET   532 PM PST
FEBRUARY 12 2016......SUNRISE   642 AM PST   SUNSET   533 PM PST


-  INDICATES NEGATIVE NUMBERS.
R  INDICATES RECORD WAS SET OR TIED.
MM INDICATES DATA IS MISSING.
T  INDICATES TRACE AMOUNT.




$$
