000
CDUS46 KLOX 180112
CLIWJF


CLIMATE REPORT
NATIONAL WEATHER SERVICE LOS ANGELES/OXNARD CA
612 PM PDT THU AUG 17 2017


...................................

...THE LANCASTER CLIMATE SUMMARY FOR AUGUST 17 2017...
VALID TODAY AS OF 0600 PM LOCAL TIME.

CLIMATE NORMAL PERIOD 1981 TO 2010
CLIMATE RECORD PERIOD 1948 TO 2017


WEATHER ITEM   OBSERVED TIME   RECORD YEAR NORMAL DEPARTURE LAST
                VALUE   (LST)  VALUE       VALUE  FROM      YEAR
                                                  NORMAL
..................................................................
TEMPERATURE (F)
 TODAY
  MAXIMUM         99    214 PM 109    1950  98      1      100
  MINIMUM         60    523 AM  52    2009  64     -4       59
                                      2005
  AVERAGE         80                        81     -1       80

PRECIPITATION (IN)
  TODAY            0.00          0.91 1977   0.00   0.00     0.00
  MONTH TO DATE    0.03                      0.05  -0.02     0.00
  SINCE OCT 1      6.54                      7.18  -0.64     3.82
  SINCE JAN 1      4.55                      5.05  -0.50     2.53

SNOWFALL (IN)
  TODAY            0.0           0.0    MM   0.0             0.0
  MONTH TO DATE    0.0                       0.0             0.0
  SINCE JUN 1      0.0                       0.0             0.0
  SINCE JUL 1      0.0                       0.0             0.0
  SNOW DEPTH       0

DEGREE DAYS
 HEATING
  TODAY            0                         0      0        0
  MONTH TO DATE    0                         0      0        0
  SINCE JUN 1      9                         8      1        0
  SINCE JUL 1      0                         0      0        0

 COOLING
  TODAY           15                        16     -1       15
  MONTH TO DATE  312                       287     25      311
  SINCE JUN 1   1477                      1164    313     1457
  SINCE JAN 1   1638                      1353    285     1625
..................................................................


WIND (MPH)
  HIGHEST WIND SPEED    24   HIGHEST WIND DIRECTION    SW (240)
  HIGHEST GUST SPEED    27   HIGHEST GUST DIRECTION     W (250)
  AVERAGE WIND SPEED     6.2


SKY COVER
  POSSIBLE SUNSHINE  MM
  AVERAGE SKY COVER 0.0


WEATHER CONDITIONS
 THE FOLLOWING WEATHER WAS RECORDED TODAY.
  NO SIGNIFICANT WEATHER WAS OBSERVED.


RELATIVE HUMIDITY (PERCENT)
 HIGHEST    60           500 AM
 LOWEST     12           200 PM
 AVERAGE    36

..........................................................


THE LANCASTER CLIMATE NORMALS FOR TOMORROW
                         NORMAL    RECORD    YEAR
 MAXIMUM TEMPERATURE (F)   98       112      1950
 MINIMUM TEMPERATURE (F)   64        50      1978


SUNRISE AND SUNSET
AUGUST 17 2017........SUNRISE   615 AM PDT   SUNSET   738 PM PDT
AUGUST 18 2017........SUNRISE   616 AM PDT   SUNSET   737 PM PDT


-  INDICATES NEGATIVE NUMBERS.
R  INDICATES RECORD WAS SET OR TIED.
MM INDICATES DATA IS MISSING.
T  INDICATES TRACE AMOUNT.




$$
