135
CDUS46 KLOX 240123
CLIWJF


CLIMATE REPORT
NATIONAL WEATHER SERVICE LOS ANGELES/OXNARD CA
623 PM PDT TUE MAY 23 2017


...................................

...THE LANCASTER CLIMATE SUMMARY FOR MAY 23 2017...
VALID TODAY AS OF 0600 PM LOCAL TIME.

CLIMATE NORMAL PERIOD 1981 TO 2010
CLIMATE RECORD PERIOD 1948 TO 2017


WEATHER ITEM   OBSERVED TIME   RECORD YEAR NORMAL DEPARTURE LAST
                VALUE   (LST)  VALUE       VALUE  FROM      YEAR
                                                  NORMAL
..................................................................
TEMPERATURE (F)
 TODAY
  MAXIMUM         99    208 PM 102    2001  84     15       72
  MINIMUM         59    514 AM  41    2010  56      3       51
                                      1980
  AVERAGE         79                        70      9       62

PRECIPITATION (IN)
  TODAY            0.00          0.06 2008   0.00   0.00     0.00
  MONTH TO DATE    0.00                      0.07  -0.07     0.00
  SINCE OCT 1      6.51                      6.97  -0.46     3.82
  SINCE JAN 1      4.52                      4.84  -0.32     2.53

SNOWFALL (IN)
  TODAY            0.0           0.0    MM   0.0             0.0
  MONTH TO DATE    0.0                       0.0             0.0
  SINCE MAR 1      0.0                       0.0             0.0
  SINCE JUL 1      0.0                       2.3             0.0
  SNOW DEPTH       0

DEGREE DAYS
 HEATING
  TODAY            0                         1     -1        3
  MONTH TO DATE   66                        52     14       42
  SINCE MAR 1    477                       627   -150      412
  SINCE JUL 1   2476                      2920   -444     2663

 COOLING
  TODAY           14                         6      8        0
  MONTH TO DATE   96                       101     -5       73
  SINCE MAR 1    106                       131    -25       94
  SINCE JAN 1    106                       131    -25       97
..................................................................


WIND (MPH)
  HIGHEST WIND SPEED    28   HIGHEST WIND DIRECTION    SW (220)
  HIGHEST GUST SPEED    33   HIGHEST GUST DIRECTION    SW (210)
  AVERAGE WIND SPEED     7.1


SKY COVER
  POSSIBLE SUNSHINE  MM
  AVERAGE SKY COVER 0.0


WEATHER CONDITIONS
 THE FOLLOWING WEATHER WAS RECORDED TODAY.
  NO SIGNIFICANT WEATHER WAS OBSERVED.


RELATIVE HUMIDITY (PERCENT)
 HIGHEST    46           400 AM
 LOWEST      7           500 PM
 AVERAGE    27

..........................................................


THE LANCASTER CLIMATE NORMALS FOR TOMORROW
                         NORMAL    RECORD    YEAR
 MAXIMUM TEMPERATURE (F)   85        99      2001
 MINIMUM TEMPERATURE (F)   56        39      2008


SUNRISE AND SUNSET
MAY 23 2017...........SUNRISE   544 AM PDT   SUNSET   755 PM PDT
MAY 24 2017...........SUNRISE   544 AM PDT   SUNSET   756 PM PDT


-  INDICATES NEGATIVE NUMBERS.
R  INDICATES RECORD WAS SET OR TIED.
MM INDICATES DATA IS MISSING.
T  INDICATES TRACE AMOUNT.




$$
