000
CDUS46 KLOX 270905
CLIWJF


CLIMATE REPORT
NATIONAL WEATHER SERVICE LOS ANGELES/OXNARD CA
105 AM PST THU NOV 27 2014


...................................

...THE LANCASTER FOX FIELD CA CLIMATE SUMMARY FOR NOVEMBER 26 2014...

CLIMATE NORMAL PERIOD 1981 TO 2010
CLIMATE RECORD PERIOD 1948 TO 2014


WEATHER ITEM   OBSERVED TIME   RECORD YEAR NORMAL DEPARTURE
                VALUE   (LST)  VALUE       VALUE  FROM
                                                  NORMAL
...............................................................
TEMPERATURE (F)
 YESTERDAY
  MAXIMUM         71    332 PM  80    1977  62      9
  MINIMUM         28    624 AM  16    1993  33     -5
  AVERAGE         50                        47      3

PRECIPITATION (IN)
  YESTERDAY        0.00          0.99 2008   0.02  -0.02
  MONTH TO DATE    0.16                      0.45  -0.29
  SINCE JUL 1      0.33                      1.23  -0.90
  SINCE JAN 1      2.65                      6.14  -3.49

SNOWFALL (IN)
  YESTERDAY        0.0           0.0    MM
  MONTH TO DATE    0.0
  SINCE SEP 1      0.0
  SINCE JUL 1      0.0
  SNOW DEPTH       0

DEGREE DAYS
 HEATING
  YESTERDAY       15                               -3
  MONTH TO DATE  299                              -37
  SINCE SEP 1    348                             -124
  SINCE JUL 1    348                             -124

 COOLING
  YESTERDAY        0                                0
  MONTH TO DATE    2                                2
  SINCE SEP 1    404                               82
  SINCE JAN 1   2055                              174
...............................................................


WIND (MPH)
  HIGHEST WIND SPEED     9   HIGHEST WIND DIRECTION     W (290)
  HIGHEST GUST SPEED    10   HIGHEST GUST DIRECTION    NW (300)
  AVERAGE WIND SPEED     1.9




RELATIVE HUMIDITY (PERCENT)
 HIGHEST    39
 LOWEST      9
 AVERAGE    24

..........................................................


THE LANCASTER FOX FIELD CA CLIMATE NORMALS FOR TODAY
                         NORMAL    RECORD    YEAR
 MAXIMUM TEMPERATURE (F)   62        80      1953
 MINIMUM TEMPERATURE (F)   32        17      1948


SUNRISE AND SUNSET
NOVEMBER 27 2014......SUNRISE   638 AM PST   SUNSET   443 PM PST
NOVEMBER 28 2014......SUNRISE   639 AM PST   SUNSET   442 PM PST


-  INDICATES NEGATIVE NUMBERS.
R  INDICATES RECORD WAS SET OR TIED.
MM INDICATES DATA IS MISSING.
T  INDICATES TRACE AMOUNT.




$$
