000
CDUS46 KLOX 160912
CLIWJF


CLIMATE REPORT
NATIONAL WEATHER SERVICE LOS ANGELES/OXNARD CA
111 AM PST SAT DEC 16 2017


...................................

...THE LANCASTER FOX FIELD CA CLIMATE SUMMARY FOR DECEMBER 15 2017...

CLIMATE NORMAL PERIOD 1981 TO 2010
CLIMATE RECORD PERIOD 1948 TO 2017


WEATHER ITEM   OBSERVED TIME   RECORD YEAR NORMAL DEPARTURE
                VALUE   (LST)  VALUE       VALUE  FROM
                                                  NORMAL
...............................................................
TEMPERATURE (F)
 YESTERDAY
  MAXIMUM         68    330 PM  72    1998  57     11
  MINIMUM         21    627 AM  18    1990  29     -8
  AVERAGE         45                        43      2

PRECIPITATION (IN)
  YESTERDAY        0.00          0.98 1957   0.03  -0.03
  MONTH TO DATE    0.00                      0.45  -0.45
  SINCE OCT 1      0.02                      1.43  -1.41
  SINCE JAN 1      4.64                      6.68  -2.04

SNOWFALL (IN)
  YESTERDAY        0.0           T    1984
  MONTH TO DATE    0.0
  SINCE DEC 1      0.0
  SINCE JUL 1      0.0
  SNOW DEPTH       0

DEGREE DAYS
 HEATING
  YESTERDAY       20                               -2
  MONTH TO DATE  301                               -8
  SINCE DEC 1    301                               -8
  SINCE JUL 1    663                             -191

 COOLING
  YESTERDAY        0                                0
  MONTH TO DATE    0                                0
  SINCE DEC 1      0                                0
  SINCE JAN 1   2216                              334
...............................................................


WIND (MPH)
  HIGHEST WIND SPEED    21   HIGHEST WIND DIRECTION     W (250)
  HIGHEST GUST SPEED    23   HIGHEST GUST DIRECTION    SW (240)
  AVERAGE WIND SPEED     4.2




RELATIVE HUMIDITY (PERCENT)
 HIGHEST    42
 LOWEST     12
 AVERAGE    27

..........................................................


THE LANCASTER FOX FIELD CA CLIMATE NORMALS FOR TODAY
                         NORMAL    RECORD    YEAR
 MAXIMUM TEMPERATURE (F)   57        75      1998
 MINIMUM TEMPERATURE (F)   29        14      1975


SUNRISE AND SUNSET
DECEMBER 16 2017......SUNRISE   654 AM PST   SUNSET   444 PM PST
DECEMBER 17 2017......SUNRISE   654 AM PST   SUNSET   444 PM PST


-  INDICATES NEGATIVE NUMBERS.
R  INDICATES RECORD WAS SET OR TIED.
MM INDICATES DATA IS MISSING.
T  INDICATES TRACE AMOUNT.




$$
