000
CDUS46 KLOX 270111
CLIWJF


CLIMATE REPORT
NATIONAL WEATHER SERVICE LOS ANGELES/OXNARD CA
511 PM PST FRI DEC 26 2014


...................................

...THE LANCASTER CLIMATE SUMMARY FOR DECEMBER 26 2014...
VALID TODAY AS OF 0500 PM LOCAL TIME.

CLIMATE NORMAL PERIOD 1981 TO 2010
CLIMATE RECORD PERIOD 1948 TO 2014


WEATHER ITEM   OBSERVED TIME   RECORD YEAR NORMAL DEPARTURE LAST
                VALUE   (LST)  VALUE       VALUE  FROM      YEAR
                                                  NORMAL
..................................................................
TEMPERATURE (F)
 TODAY
  MAXIMUM         48    340 PM  72    1980  57     -9       63
  MINIMUM         25    734 AM  11    1962  29     -4       22
  AVERAGE         37                        43     -6       43

PRECIPITATION (IN)
  TODAY            0.00          0.81 1977   0.05  -0.05     0.00
  MONTH TO DATE    2.62                      0.90   1.72     0.09
  SINCE JUL 1      2.95                      2.22   0.73     1.61
  SINCE JAN 1      5.27                      7.13  -1.86     2.71

SNOWFALL (IN)
  TODAY            0.0           0.0    MM   0.1             0.0
  MONTH TO DATE    0.0                       1.1             0.0
  SINCE DEC 1      0.0                       1.1             0.0
  SINCE JUL 1      0.0                       1.1             0.0
  SNOW DEPTH       0

DEGREE DAYS
 HEATING
  TODAY           28                        22      6       22
  MONTH TO DATE  440                       551   -111      597
  SINCE DEC 1    440                       551   -111      597
  SINCE JUL 1    837                      1096   -259     1248

 COOLING
  TODAY            0                         0      0        0
  MONTH TO DATE    0                         0      0        0
  SINCE DEC 1      0                         0      0        0
  SINCE JAN 1   2055                      1882    173     2204
..................................................................


WIND (MPH)
  HIGHEST WIND SPEED    20   HIGHEST WIND DIRECTION    NE (60)
  HIGHEST GUST SPEED    24   HIGHEST GUST DIRECTION    NE (60)
  AVERAGE WIND SPEED     6.2


SKY COVER
  POSSIBLE SUNSHINE  MM
  AVERAGE SKY COVER 0.0


WEATHER CONDITIONS
 THE FOLLOWING WEATHER WAS RECORDED TODAY.
  NO SIGNIFICANT WEATHER WAS OBSERVED.


RELATIVE HUMIDITY (PERCENT)
 HIGHEST    92           300 AM
 LOWEST     24           200 PM
 AVERAGE    58

..........................................................


THE LANCASTER CLIMATE NORMALS FOR TOMORROW
                         NORMAL    RECORD    YEAR
 MAXIMUM TEMPERATURE (F)   57        70      2005
                                             1950
 MINIMUM TEMPERATURE (F)   29        13      1990
                                             1962


SUNRISE AND SUNSET
DECEMBER 26 2014......SUNRISE   658 AM PST   SUNSET   449 PM PST
DECEMBER 27 2014......SUNRISE   659 AM PST   SUNSET   449 PM PST


-  INDICATES NEGATIVE NUMBERS.
R  INDICATES RECORD WAS SET OR TIED.
MM INDICATES DATA IS MISSING.
T  INDICATES TRACE AMOUNT.




$$
