000
CDUS46 KLOX 200921
CLIWJF


CLIMATE REPORT
NATIONAL WEATHER SERVICE LOS ANGELES/OXNARD CA
220 AM PDT SUN APR 20 2014


...................................

...THE LANCASTER FOX FIELD CA CLIMATE SUMMARY FOR APRIL 19 2014...

CLIMATE NORMAL PERIOD 1981 TO 2010
CLIMATE RECORD PERIOD 1948 TO 2014


WEATHER ITEM   OBSERVED TIME   RECORD YEAR NORMAL DEPARTURE
                VALUE   (LST)  VALUE       VALUE  FROM
                                                  NORMAL
...............................................................
TEMPERATURE (F)
 YESTERDAY
  MAXIMUM         82    204 PM  94    1950  74      8
  MINIMUM         48    540 AM  29    2007  46      2
  AVERAGE         65                        60      5

PRECIPITATION (IN)
  YESTERDAY        0.00          0.08 2001   0.01  -0.01
  MONTH TO DATE    0.09                      0.26  -0.17
  SINCE JUL 1      3.79                      7.15  -3.36
  SINCE JAN 1      2.18                      4.68  -2.50

SNOWFALL (IN)
  YESTERDAY        0.0           0.0    MM
  MONTH TO DATE    0.0
  SINCE MAR 1      0.0
  SINCE JUL 1      0.0
  SNOW DEPTH       0

DEGREE DAYS
 HEATING
  YESTERDAY        0                               -6
  MONTH TO DATE  100                              -54
  SINCE MAR 1    387                             -135
  SINCE JUL 1   2624                             -191

 COOLING
  YESTERDAY        0                               -1
  MONTH TO DATE   16                                6
  SINCE MAR 1     16                                4
  SINCE JAN 1     22                               10
...............................................................


WIND (MPH)
  HIGHEST WIND SPEED    29   HIGHEST WIND DIRECTION     W (260)
  HIGHEST GUST SPEED    33   HIGHEST GUST DIRECTION     W (260)
  AVERAGE WIND SPEED    11.7




RELATIVE HUMIDITY (PERCENT)
 HIGHEST    54
 LOWEST     23
 AVERAGE    39

..........................................................


THE LANCASTER FOX FIELD CA CLIMATE NORMALS FOR TODAY
                         NORMAL    RECORD    YEAR
 MAXIMUM TEMPERATURE (F)   74        97      1950
 MINIMUM TEMPERATURE (F)   46        31      1966


SUNRISE AND SUNSET
APRIL 20 2014.........SUNRISE   615 AM PDT   SUNSET   729 PM PDT
APRIL 21 2014.........SUNRISE   614 AM PDT   SUNSET   730 PM PDT


-  INDICATES NEGATIVE NUMBERS.
R  INDICATES RECORD WAS SET OR TIED.
MM INDICATES DATA IS MISSING.
T  INDICATES TRACE AMOUNT.




$$
