000
CDUS46 KLOX 300905
CLIWJF


CLIMATE REPORT
NATIONAL WEATHER SERVICE LOS ANGELES/OXNARD CA
204 AM PDT THU MAR 30 2017


...................................

...THE LANCASTER FOX FIELD CA CLIMATE SUMMARY FOR MARCH 29 2017...

CLIMATE NORMAL PERIOD 1981 TO 2010
CLIMATE RECORD PERIOD 1948 TO 2017


WEATHER ITEM   OBSERVED TIME   RECORD YEAR NORMAL DEPARTURE
                VALUE   (LST)  VALUE       VALUE  FROM
                                                  NORMAL
...............................................................
TEMPERATURE (F)
 YESTERDAY
  MAXIMUM         80    426 PM  87    2015  69     11
                                      1969
  MINIMUM         32    547 AM  27    1988  41     -9
  AVERAGE         56                        55      1

PRECIPITATION (IN)
  YESTERDAY        0.00          0.12 1953   0.02  -0.02
  MONTH TO DATE    0.17                      1.09  -0.92
  SINCE OCT 1      6.51                      6.50   0.01
  SINCE JAN 1      4.52                      4.37   0.15

SNOWFALL (IN)
  YESTERDAY        0.0           0.0    MM
  MONTH TO DATE    0.0
  SINCE MAR 1      0.0
  SINCE JUL 1      0.0
  SNOW DEPTH       0

DEGREE DAYS
 HEATING
  YESTERDAY        9                               -1
  MONTH TO DATE  263                              -84
  SINCE MAR 1    263                              -84
  SINCE JUL 1   2262                             -378

 COOLING
  YESTERDAY        0                                0
  MONTH TO DATE    4                                4
  SINCE MAR 1      4                                4
  SINCE JAN 1      4                                4
...............................................................


WIND (MPH)
  HIGHEST WIND SPEED    29   HIGHEST WIND DIRECTION     W (280)
  HIGHEST GUST SPEED    36   HIGHEST GUST DIRECTION     W (280)
  AVERAGE WIND SPEED     7.5




RELATIVE HUMIDITY (PERCENT)
 HIGHEST    82
 LOWEST     12
 AVERAGE    47

..........................................................


THE LANCASTER FOX FIELD CA CLIMATE NORMALS FOR TODAY
                         NORMAL    RECORD    YEAR
 MAXIMUM TEMPERATURE (F)   70        88      1966
 MINIMUM TEMPERATURE (F)   41        26      1975


SUNRISE AND SUNSET
MARCH 30 2017.........SUNRISE   642 AM PDT   SUNSET   713 PM PDT
MARCH 31 2017.........SUNRISE   641 AM PDT   SUNSET   714 PM PDT


-  INDICATES NEGATIVE NUMBERS.
R  INDICATES RECORD WAS SET OR TIED.
MM INDICATES DATA IS MISSING.
T  INDICATES TRACE AMOUNT.




$$
