000
CDUS45 KLKN 010930
CLIWMC


CLIMATE REPORT
NATIONAL WEATHER SERVICE ELKO NV
227 AM PDT WED OCT 1 2014


...................................

...THE WINNEMUCCA AIRPORT NV CLIMATE SUMMARY FOR SEPTEMBER 30 2014...

CLIMATE NORMAL PERIOD 1981 TO 2010
CLIMATE RECORD PERIOD 1877 TO 2014


WEATHER ITEM   OBSERVED TIME   RECORD YEAR NORMAL DEPARTURE LAST
                VALUE   (LST)  VALUE       VALUE  FROM      YEAR
                                                  NORMAL
..................................................................
TEMPERATURE (F)
 YESTERDAY
  MAXIMUM         64    314 PM  95    2010  75    -11       74
  MINIMUM         37   1124 PM  17    1950  34      3       51
  AVERAGE         51                        54     -3       63

PRECIPITATION (IN)
  YESTERDAY        0.00          0.59 1984   0.02  -0.02     0.00
  MONTH TO DATE    1.40                      0.44   0.96     0.65
  SINCE OCT 1      8.64                      8.28   0.36     5.47
  SINCE JAN 1      5.98                      5.80   0.18     3.06

SNOWFALL (IN)
  YESTERDAY        0.0           0.2  1971   0.0    0.0      0.0
  MONTH TO DATE    T                         T      0.0      0.0
  SINCE SEP 1      T                         T      0.0      0.0
  SINCE JUL 1      T                         T      0.0       T
  SNOW DEPTH       0

DEGREE DAYS
 HEATING
  YESTERDAY       14                        11      3        2
  MONTH TO DATE   85                       174    -89      148
  SINCE SEP 1     85                       174    -89      148
  SINCE JUL 1    104                       204   -100      148

 COOLING
  YESTERDAY        0                         0      0        0
  MONTH TO DATE   49                        31     18       81
  SINCE SEP 1     49                        31     18       81
  SINCE JAN 1    674                       541    133      762
..................................................................


WIND (MPH)
  HIGHEST WIND SPEED    22   HIGHEST WIND DIRECTION     N (350)
  HIGHEST GUST SPEED    27   HIGHEST GUST DIRECTION    NW (320)
  AVERAGE WIND SPEED     6.9



WEATHER CONDITIONS
 THE FOLLOWING WEATHER WAS RECORDED YESTERDAY.
  FOG


RELATIVE HUMIDITY (PERCENT)
 HIGHEST   100           100 AM
 LOWEST     43           300 PM
 AVERAGE    72

..........................................................


THE WINNEMUCCA AIRPORT NV CLIMATE NORMALS FOR TODAY
                         NORMAL    RECORD    YEAR
 MAXIMUM TEMPERATURE (F)   74        94      2010
 MINIMUM TEMPERATURE (F)   34        20      2009


SUNRISE AND SUNSET
OCTOBER  1 2014.......SUNRISE   648 AM PDT   SUNSET   633 PM PDT
OCTOBER  2 2014.......SUNRISE   649 AM PDT   SUNSET   631 PM PDT


-  INDICATES NEGATIVE NUMBERS.
R  INDICATES RECORD WAS SET OR TIED.
MM INDICATES DATA IS MISSING.
T  INDICATES TRACE AMOUNT.




$$
