000
CDUS45 KLKN 030941
CLIWMC


CLIMATE REPORT
NATIONAL WEATHER SERVICE ELKO NV
237 AM PDT WED JUN 3 2015


...................................

...THE WINNEMUCCA AIRPORT NV CLIMATE SUMMARY FOR JUNE 2 2015...

CLIMATE NORMAL PERIOD 1981 TO 2010
CLIMATE RECORD PERIOD 1877 TO 2015


WEATHER ITEM   OBSERVED TIME   RECORD YEAR NORMAL DEPARTURE LAST
                VALUE   (LST)  VALUE       VALUE  FROM      YEAR
                                                  NORMAL
..................................................................
TEMPERATURE (F)
 YESTERDAY
  MAXIMUM         76    313 PM  96    1970  78     -2       86
  MINIMUM         45   1122 PM  29    1902  42      3       41
  AVERAGE         61                        60      1       64

PRECIPITATION (IN)
  YESTERDAY        0.00          0.39 1899   0.03  -0.03     0.00
  MONTH TO DATE    0.00                      0.06  -0.06     0.00
  SINCE OCT 1      7.91                      6.91   1.00     6.58
  SINCE JAN 1      5.34                      4.43   0.91     3.92

SNOWFALL (IN)
  YESTERDAY        0.0           0.0  1877   0.0    0.0      0.0
  MONTH TO DATE    0.0                       0.0    0.0      0.0
  SINCE JUN 1      0.0                       0.0    0.0      0.0
  SINCE JUL 1      5.3                      20.9  -15.6     23.4
  SNOW DEPTH       0

DEGREE DAYS
 HEATING
  YESTERDAY        4                         6     -2        1
  MONTH TO DATE    4                        13     -9        8
  SINCE JUN 1      4                        13     -9        8
  SINCE JUL 1   5259                      6213   -954     6170

 COOLING
  YESTERDAY        0                         1     -1        0
  MONTH TO DATE    1                         2     -1        0
  SINCE JUN 1      1                         2     -1        0
  SINCE JAN 1      5                        13     -8        9
..................................................................


WIND (MPH)
  HIGHEST WIND SPEED    17   HIGHEST WIND DIRECTION    SW (220)
  HIGHEST GUST SPEED    22   HIGHEST GUST DIRECTION    SW (220)
  AVERAGE WIND SPEED     0.0



WEATHER CONDITIONS
 THE FOLLOWING WEATHER WAS RECORDED YESTERDAY.
  NO SIGNIFICANT WEATHER WAS OBSERVED.


RELATIVE HUMIDITY (PERCENT)
 HIGHEST    71           500 AM
 LOWEST     18           400 PM
 AVERAGE    45

..........................................................


THE WINNEMUCCA AIRPORT NV CLIMATE NORMALS FOR TODAY
                         NORMAL    RECORD    YEAR
 MAXIMUM TEMPERATURE (F)   78        97      1970
 MINIMUM TEMPERATURE (F)   42        28      2005


SUNRISE AND SUNSET
JUNE  3 2015..........SUNRISE   521 AM PDT   SUNSET   818 PM PDT
JUNE  4 2015..........SUNRISE   521 AM PDT   SUNSET   819 PM PDT


-  INDICATES NEGATIVE NUMBERS.
R  INDICATES RECORD WAS SET OR TIED.
MM INDICATES DATA IS MISSING.
T  INDICATES TRACE AMOUNT.




$$
