000
CDUS45 KLKN 290933
CLIWMC


CLIMATE REPORT
NATIONAL WEATHER SERVICE ELKO NV
228 AM PDT FRI AUG 29 2014


...................................

...THE WINNEMUCCA AIRPORT NV CLIMATE SUMMARY FOR AUGUST 28 2014...

CLIMATE NORMAL PERIOD 1981 TO 2010
CLIMATE RECORD PERIOD 1877 TO 2014


WEATHER ITEM   OBSERVED TIME   RECORD YEAR NORMAL DEPARTURE LAST
                VALUE   (LST)  VALUE       VALUE  FROM      YEAR
                                                  NORMAL
..................................................................
TEMPERATURE (F)
 YESTERDAY
  MAXIMUM         93    412 PM 100    1915  88      5       89
  MINIMUM         46    331 AM  34    1962  46      0       54
                                      1881
  AVERAGE         70                        67      3       72

PRECIPITATION (IN)
  YESTERDAY        0.00          0.32 1922   0.01  -0.01     0.00
  MONTH TO DATE    0.49                      0.16   0.33     0.15
  SINCE OCT 1      7.24                      7.82  -0.58     4.82
  SINCE JAN 1      4.58                      5.34  -0.76     2.41

SNOWFALL (IN)
  YESTERDAY        0.0           0.0  1877   0.0    0.0      0.0
  MONTH TO DATE    0.0                       0.0    0.0      0.0
  SINCE JUN 1      0.0                       T      0.0       T
  SINCE JUL 1      0.0                       0.0    0.0       T
  SNOW DEPTH       0

DEGREE DAYS
 HEATING
  YESTERDAY        0                         1     -1        0
  MONTH TO DATE   16                        12      4        0
  SINCE JUN 1     90                       127    -37       70
  SINCE JUL 1     16                        22     -6        0

 COOLING
  YESTERDAY        5                         3      2        7
  MONTH TO DATE  138                       167    -29      162
  SINCE JUN 1    606                       489    117      663
  SINCE JAN 1    615                       500    115      664
..................................................................


WIND (MPH)
  HIGHEST WIND SPEED    18   HIGHEST WIND DIRECTION    SW (240)
  HIGHEST GUST SPEED    25   HIGHEST GUST DIRECTION     W (250)
  AVERAGE WIND SPEED     4.3



WEATHER CONDITIONS
 THE FOLLOWING WEATHER WAS RECORDED YESTERDAY.
  NO SIGNIFICANT WEATHER WAS OBSERVED.


RELATIVE HUMIDITY (PERCENT)
 HIGHEST    48           600 AM
 LOWEST     11           200 PM
 AVERAGE    30

..........................................................


THE WINNEMUCCA AIRPORT NV CLIMATE NORMALS FOR TODAY
                         NORMAL    RECORD    YEAR
 MAXIMUM TEMPERATURE (F)   88       101      1998
                                             1915
 MINIMUM TEMPERATURE (F)   46        33      1964
                                             1879


SUNRISE AND SUNSET
AUGUST 29 2014........SUNRISE   615 AM PDT   SUNSET   728 PM PDT
AUGUST 30 2014........SUNRISE   616 AM PDT   SUNSET   727 PM PDT


-  INDICATES NEGATIVE NUMBERS.
R  INDICATES RECORD WAS SET OR TIED.
MM INDICATES DATA IS MISSING.
T  INDICATES TRACE AMOUNT.




$$
