000
CDUS45 KLKN 230951
CLIWMC


CLIMATE REPORT
NATIONAL WEATHER SERVICE ELKO NV
250 AM PDT THU MAR 23 2017


...................................

...THE WINNEMUCCA AIRPORT NV CLIMATE SUMMARY FOR MARCH 22 2017...

CLIMATE NORMAL PERIOD 1981 TO 2010
CLIMATE RECORD PERIOD 1877 TO 2017


WEATHER ITEM   OBSERVED TIME   RECORD YEAR NORMAL DEPARTURE LAST
                VALUE   (LST)  VALUE       VALUE  FROM      YEAR
                                                  NORMAL
..................................................................
TEMPERATURE (F)
 YESTERDAY
  MAXIMUM         54   1147 AM  77    1977  57     -3       47
  MINIMUM         33    609 AM   6    1898  27      6       20
  AVERAGE         44                        42      2       34

PRECIPITATION (IN)
  YESTERDAY        0.01          0.65 2005   0.03  -0.02     0.01
  MONTH TO DATE    0.33                      0.58  -0.25     0.46
  SINCE OCT 1      7.46                      4.59   2.87     6.85
  SINCE JAN 1      2.92                      2.11   0.81     2.57

SNOWFALL (IN)
  YESTERDAY        0.0           1.2  1962   0.1   -0.1       T
  MONTH TO DATE    1.4                       2.4   -1.0       T
  SINCE MAR 1      1.4                       2.4   -1.0       T
  SINCE JUL 1     17.5                      18.4   -0.9     19.4
  SNOW DEPTH       0

DEGREE DAYS
 HEATING
  YESTERDAY       21                        23     -2       31
  MONTH TO DATE  422                       540   -118      430
  SINCE MAR 1    422                       540   -118      430
  SINCE JUL 1   4861                      5129   -268     4607

 COOLING
  YESTERDAY        0                         0      0        0
  MONTH TO DATE    0                         0      0        0
  SINCE MAR 1      0                         0      0        0
  SINCE JAN 1      0                         0      0        0
..................................................................


WIND (MPH)
  HIGHEST WIND SPEED    17   HIGHEST WIND DIRECTION     W (270)
  HIGHEST GUST SPEED    20   HIGHEST GUST DIRECTION     W (270)
  AVERAGE WIND SPEED     7.2



WEATHER CONDITIONS
 THE FOLLOWING WEATHER WAS RECORDED YESTERDAY.
  LIGHT RAIN


RELATIVE HUMIDITY (PERCENT)
 HIGHEST   100           600 AM
 LOWEST     41          1100 AM
 AVERAGE    71

..........................................................


THE WINNEMUCCA AIRPORT NV CLIMATE NORMALS FOR TODAY
                         NORMAL    RECORD    YEAR
 MAXIMUM TEMPERATURE (F)   57        77      1960
 MINIMUM TEMPERATURE (F)   27         9      2013


SUNRISE AND SUNSET
MARCH 23 2017.........SUNRISE   649 AM PDT   SUNSET   707 PM PDT
MARCH 24 2017.........SUNRISE   647 AM PDT   SUNSET   708 PM PDT


-  INDICATES NEGATIVE NUMBERS.
R  INDICATES RECORD WAS SET OR TIED.
MM INDICATES DATA IS MISSING.
T  INDICATES TRACE AMOUNT.




$$
