000
CDUS45 KLKN 030035
CLIWMC


CLIMATE REPORT
NATIONAL WEATHER SERVICE ELKO NV
534 PM PDT TUE SEP 2 2014


...................................

...THE WINNEMUCCA AIRPORT NV CLIMATE SUMMARY FOR SEPTEMBER 2 2014...
VALID TODAY AS OF 0500 PM LOCAL TIME.

CLIMATE NORMAL PERIOD 1981 TO 2010
CLIMATE RECORD PERIOD 1877 TO 2014


WEATHER ITEM   OBSERVED TIME   RECORD YEAR NORMAL DEPARTURE LAST
                VALUE   (LST)  VALUE       VALUE  FROM      YEAR
                                                  NORMAL
..................................................................
TEMPERATURE (F)
 TODAY
  MAXIMUM         93    313 PM 103    1950  86      7       89
  MINIMUM         42    444 AM  26    1973  44     -2       62
  AVERAGE         68                        65      3       76

PRECIPITATION (IN)
  TODAY            0.00          0.35 2000   0.01  -0.01      T
  MONTH TO DATE    0.00                      0.02  -0.02      T
  SINCE OCT 1      7.24                      7.86  -0.62     4.82
  SINCE JAN 1      4.58                      5.38  -0.80     2.41

SNOWFALL (IN)
  TODAY            0.0           0.0  1877   0.0    0.0      0.0
  MONTH TO DATE    0.0                       0.0    0.0      0.0
  SINCE SEP 1      0.0                       0.0    0.0      0.0
  SINCE JUL 1      0.0                       0.0    0.0       T
  SNOW DEPTH       0

DEGREE DAYS
 HEATING
  TODAY            0                         2     -2        0
  MONTH TO DATE    2                         4     -2        0
  SINCE SEP 1      2                         4     -2        0
  SINCE JUL 1     21                        34    -13        0

 COOLING
  TODAY            3                         2      1       11
  MONTH TO DATE    3                         5     -2       19
  SINCE SEP 1      3                         5     -2       19
  SINCE JAN 1    628                       515    113      700
..................................................................


WIND (MPH)
  HIGHEST WIND SPEED    22   HIGHEST WIND DIRECTION    SW (240)
  HIGHEST GUST SPEED    27   HIGHEST GUST DIRECTION     W (270)



WEATHER CONDITIONS
 THE FOLLOWING WEATHER WAS RECORDED TODAY.
  NO SIGNIFICANT WEATHER WAS OBSERVED.


RELATIVE HUMIDITY (PERCENT)
 HIGHEST    53           400 AM
 LOWEST     10           100 PM
 AVERAGE    32

..........................................................


THE WINNEMUCCA AIRPORT NV CLIMATE NORMALS FOR TOMORROW
                         NORMAL    RECORD    YEAR
 MAXIMUM TEMPERATURE (F)   86       100      1955
                                             1950
 MINIMUM TEMPERATURE (F)   44        29      1971
                                             1961


SUNRISE AND SUNSET
SEPTEMBER  2 2014.....SUNRISE   619 AM PDT   SUNSET   722 PM PDT
SEPTEMBER  3 2014.....SUNRISE   620 AM PDT   SUNSET   720 PM PDT


-  INDICATES NEGATIVE NUMBERS.
R  INDICATES RECORD WAS SET OR TIED.
MM INDICATES DATA IS MISSING.
T  INDICATES TRACE AMOUNT.




$$
