000
CDUS45 KLKN 260028
CLIWMC


CLIMATE REPORT
NATIONAL WEATHER SERVICE ELKO NV
526 PM PDT FRI JUL 25 2014


...................................

...THE WINNEMUCCA AIRPORT NV CLIMATE SUMMARY FOR JULY 25 2014...
VALID TODAY AS OF 0500 PM LOCAL TIME.

CLIMATE NORMAL PERIOD 1981 TO 2010
CLIMATE RECORD PERIOD 1877 TO 2014


WEATHER ITEM   OBSERVED TIME   RECORD YEAR NORMAL DEPARTURE LAST
                VALUE   (LST)  VALUE       VALUE  FROM      YEAR
                                                  NORMAL
..................................................................
TEMPERATURE (F)
 TODAY
  MAXIMUM         93    347 PM 104    1978  95     -2       98
  MINIMUM         59    515 AM  39    1918  53      6       52
  AVERAGE         76                        74      2       75

PRECIPITATION (IN)
  TODAY            0.00          0.71 1946   0.00   0.00     0.00
  MONTH TO DATE    0.10                      0.19  -0.09     0.27
  SINCE OCT 1      6.75                      7.60  -0.85     4.64
  SINCE JAN 1      4.09                      5.12  -1.03     2.23

SNOWFALL (IN)
  TODAY            0.0           0.0  1877   0.0    0.0      0.0
  MONTH TO DATE    0.0                       0.0    0.0       T
  SINCE JUN 1      0.0                       T      0.0       T
  SINCE JUL 1      0.0                       0.0    0.0       T
  SNOW DEPTH       0

DEGREE DAYS
 HEATING
  TODAY            0                         0      0        0
  MONTH TO DATE    0                         6     -6        0
  SINCE JUN 1     74                       111    -37       70
  SINCE JUL 1      0                         6     -6        0

 COOLING
  TODAY           11                         9      2       10
  MONTH TO DATE  321                       193    128      310
  SINCE JUN 1    395                       272    123      438
  SINCE JAN 1    404                       283    121      439
..................................................................


WIND (MPH)
  HIGHEST WIND SPEED    20   HIGHEST WIND DIRECTION     W (250)
  HIGHEST GUST SPEED    26   HIGHEST GUST DIRECTION    SW (230)



WEATHER CONDITIONS
 THE FOLLOWING WEATHER WAS RECORDED TODAY.
  NO SIGNIFICANT WEATHER WAS OBSERVED.


RELATIVE HUMIDITY (PERCENT)
 HIGHEST    24           500 AM
 LOWEST      7           300 PM
 AVERAGE    16

..........................................................


THE WINNEMUCCA AIRPORT NV CLIMATE NORMALS FOR TOMORROW
                         NORMAL    RECORD    YEAR
 MAXIMUM TEMPERATURE (F)   95       106      1975
 MINIMUM TEMPERATURE (F)   53        39      1987


SUNRISE AND SUNSET
JULY 25 2014..........SUNRISE   541 AM PDT   SUNSET   814 PM PDT
JULY 26 2014..........SUNRISE   542 AM PDT   SUNSET   813 PM PDT


-  INDICATES NEGATIVE NUMBERS.
R  INDICATES RECORD WAS SET OR TIED.
MM INDICATES DATA IS MISSING.
T  INDICATES TRACE AMOUNT.




$$
