000
CDUS45 KLKN 200932
CLIWMC


CLIMATE REPORT
NATIONAL WEATHER SERVICE ELKO NV
128 AM PST FRI JAN 20 2017


...................................

...THE WINNEMUCCA AIRPORT NV CLIMATE SUMMARY FOR JANUARY 19 2017...

CLIMATE NORMAL PERIOD 1981 TO 2010
CLIMATE RECORD PERIOD 1877 TO 2017


WEATHER ITEM   OBSERVED TIME   RECORD YEAR NORMAL DEPARTURE LAST
                VALUE   (LST)  VALUE       VALUE  FROM      YEAR
                                                  NORMAL
..................................................................
TEMPERATURE (F)
 YESTERDAY
  MAXIMUM         40    334 PM  67    1971  42     -2       47
  MINIMUM         31   1042 PM -22    1883  19     12       32
  AVERAGE         36                        30      6       40

PRECIPITATION (IN)
  YESTERDAY        0.01          0.31 1962   0.02  -0.01     0.10
  MONTH TO DATE    1.40                      0.57   0.83     1.21
  SINCE OCT 1      5.94                      3.05   2.89     5.49
  SINCE JAN 1      1.40                      0.57   0.83     1.21

SNOWFALL (IN)
  YESTERDAY        T             5.6  1933   0.2   -0.2      0.0
  MONTH TO DATE    4.2                       2.4    1.8      5.5
  SINCE DEC 1     10.4                       7.7    2.7     14.5
  SINCE JUL 1     11.0                      11.2   -0.2     14.8
  SNOW DEPTH       5

DEGREE DAYS
 HEATING
  YESTERDAY       29                        35     -6       25
  MONTH TO DATE  717                       676     41      688
  SINCE DEC 1   1917                      1781    136     1744
  SINCE JUL 1   3252                      3349    -97     3093

 COOLING
  YESTERDAY        0                         0      0        0
  MONTH TO DATE    0                         0      0        0
  SINCE DEC 1      0                         0      0        0
  SINCE JAN 1      0                         0      0        0
..................................................................


WIND (MPH)
  HIGHEST WIND SPEED    18   HIGHEST WIND DIRECTION     S (180)
  HIGHEST GUST SPEED    23   HIGHEST GUST DIRECTION     S (170)
  AVERAGE WIND SPEED     9.0



WEATHER CONDITIONS
 THE FOLLOWING WEATHER WAS RECORDED YESTERDAY.
  LIGHT RAIN
  LIGHT SNOW
  FOG
  HAZE


RELATIVE HUMIDITY (PERCENT)
 HIGHEST   100          1200 AM
 LOWEST     76          1000 AM
 AVERAGE    88

..........................................................


THE WINNEMUCCA AIRPORT NV CLIMATE NORMALS FOR TODAY
                         NORMAL    RECORD    YEAR
 MAXIMUM TEMPERATURE (F)   42        60      1981
 MINIMUM TEMPERATURE (F)   19       -27      1937


SUNRISE AND SUNSET
JANUARY 20 2017.......SUNRISE   711 AM PST   SUNSET   454 PM PST
JANUARY 21 2017.......SUNRISE   710 AM PST   SUNSET   455 PM PST


-  INDICATES NEGATIVE NUMBERS.
R  INDICATES RECORD WAS SET OR TIED.
MM INDICATES DATA IS MISSING.
T  INDICATES TRACE AMOUNT.




$$
