000
CDUS45 KLKN 220046
CLIWMC


CLIMATE REPORT
NATIONAL WEATHER SERVICE ELKO NV
438 PM PST TUE FEB 21 2017


...................................

...THE WINNEMUCCA AIRPORT NV CLIMATE SUMMARY FOR FEBRUARY 21 2017...
VALID TODAY AS OF 0400 PM LOCAL TIME.

CLIMATE NORMAL PERIOD 1981 TO 2010
CLIMATE RECORD PERIOD 1877 TO 2017


WEATHER ITEM   OBSERVED TIME   RECORD YEAR NORMAL DEPARTURE LAST
                VALUE   (LST)  VALUE       VALUE  FROM      YEAR
                                                  NORMAL
..................................................................
TEMPERATURE (F)
 TODAY
  MAXIMUM         47    346 AM  68    1982  49     -2       57
  MINIMUM         35    956 AM  -3    1903  24     11       25
  AVERAGE         41                        37      4       41

PRECIPITATION (IN)
  TODAY            0.10          0.46 1904   0.03   0.07     0.00
  MONTH TO DATE    0.68                      0.49   0.19     0.21
  SINCE OCT 1      7.03                      3.84   3.19     6.39
  SINCE JAN 1      2.49                      1.36   1.13     2.11

SNOWFALL (IN)
  TODAY           MM             4.0  1909   0.1   MM        0.0
  MONTH TO DATE    T                         2.7   -2.7      1.2
  SINCE DEC 1     14.5                      11.8    2.7     19.1
  SINCE JUL 1     15.1                      15.3   -0.2     19.4
  SNOW DEPTH      MM

DEGREE DAYS
 HEATING
  TODAY           24                        28     -4       24
  MONTH TO DATE  480                       644   -164      565
  SINCE DEC 1   2855                      2829     26     2652
  SINCE JUL 1   4190                      4397   -207     4001

 COOLING
  TODAY            0                         0      0        0
  MONTH TO DATE    0                         0      0        0
  SINCE DEC 1      0                         0      0        0
  SINCE JAN 1      0                         0      0        0
..................................................................


WIND (MPH)
  HIGHEST WIND SPEED    28   HIGHEST WIND DIRECTION    SW (220)
  HIGHEST GUST SPEED    36   HIGHEST GUST DIRECTION    SW (220)



WEATHER CONDITIONS
 THE FOLLOWING WEATHER WAS RECORDED TODAY.
  RAIN
  LIGHT RAIN
  FOG


RELATIVE HUMIDITY (PERCENT)
 HIGHEST    92          1200 AM
 LOWEST     58           500 AM
 AVERAGE    75

..........................................................


THE WINNEMUCCA AIRPORT NV CLIMATE NORMALS FOR TOMORROW
                         NORMAL    RECORD    YEAR
 MAXIMUM TEMPERATURE (F)   50        67      1958
 MINIMUM TEMPERATURE (F)   24        -1      1894


SUNRISE AND SUNSET
FEBRUARY 21 2017......SUNRISE   637 AM PST   SUNSET   533 PM PST
FEBRUARY 22 2017......SUNRISE   635 AM PST   SUNSET   535 PM PST


-  INDICATES NEGATIVE NUMBERS.
R  INDICATES RECORD WAS SET OR TIED.
MM INDICATES DATA IS MISSING.
T  INDICATES TRACE AMOUNT.




$$
