000
CDUS45 KLKN 290028
CLIWMC


CLIMATE REPORT
NATIONAL WEATHER SERVICE ELKO NV
528 PM PDT MON JUL 28 2014


...................................

...THE WINNEMUCCA AIRPORT NV CLIMATE SUMMARY FOR JULY 28 2014...
VALID TODAY AS OF 0500 PM LOCAL TIME.

CLIMATE NORMAL PERIOD 1981 TO 2010
CLIMATE RECORD PERIOD 1877 TO 2014


WEATHER ITEM   OBSERVED TIME   RECORD YEAR NORMAL DEPARTURE LAST
                VALUE   (LST)  VALUE       VALUE  FROM      YEAR
                                                  NORMAL
..................................................................
TEMPERATURE (F)
 TODAY
  MAXIMUM         97    347 PM 106    1971  95      2       94
                                      1934
  MINIMUM         58    426 AM  37    1916  52      6       56
                                      1909
  AVERAGE         78                        74      4       75

PRECIPITATION (IN)
  TODAY            0.00          0.23 1941   0.01  -0.01     0.00
  MONTH TO DATE    0.10                      0.22  -0.12     0.30
  SINCE OCT 1      6.75                      7.63  -0.88     4.67
  SINCE JAN 1      4.09                      5.15  -1.06     2.26

SNOWFALL (IN)
  TODAY            0.0           0.0  1877   0.0    0.0      0.0
  MONTH TO DATE    0.0                       0.0    0.0       T
  SINCE JUN 1      0.0                       T      0.0       T
  SINCE JUL 1      0.0                       0.0    0.0       T
  SNOW DEPTH       0

DEGREE DAYS
 HEATING
  TODAY            0                         0      0        0
  MONTH TO DATE    0                         6     -6        0
  SINCE JUN 1     74                       111    -37       70
  SINCE JUL 1      0                         6     -6        0

 COOLING
  TODAY           13                         9      4       10
  MONTH TO DATE  354                       220    134      346
  SINCE JUN 1    428                       299    129      474
  SINCE JAN 1    437                       310    127      475
..................................................................


WIND (MPH)
  HIGHEST WIND SPEED    14   HIGHEST WIND DIRECTION    NW (320)
  HIGHEST GUST SPEED    19   HIGHEST GUST DIRECTION     W (290)



WEATHER CONDITIONS
 THE FOLLOWING WEATHER WAS RECORDED TODAY.
  NO SIGNIFICANT WEATHER WAS OBSERVED.


RELATIVE HUMIDITY (PERCENT)
 HIGHEST    33           500 AM
 LOWEST     10           200 PM
 AVERAGE    22

..........................................................


THE WINNEMUCCA AIRPORT NV CLIMATE NORMALS FOR TOMORROW
                         NORMAL    RECORD    YEAR
 MAXIMUM TEMPERATURE (F)   95       105      1972
 MINIMUM TEMPERATURE (F)   52        40      1916


SUNRISE AND SUNSET
JULY 28 2014..........SUNRISE   544 AM PDT   SUNSET   811 PM PDT
JULY 29 2014..........SUNRISE   545 AM PDT   SUNSET   810 PM PDT


-  INDICATES NEGATIVE NUMBERS.
R  INDICATES RECORD WAS SET OR TIED.
MM INDICATES DATA IS MISSING.
T  INDICATES TRACE AMOUNT.




$$
