820
CDUS45 KLKN 260032
CLIWMC


CLIMATE REPORT
NATIONAL WEATHER SERVICE ELKO NV
431 PM PST SUN FEB 25 2018


...................................

...THE WINNEMUCCA AIRPORT NV CLIMATE SUMMARY FOR FEBRUARY 25 2018...
VALID TODAY AS OF 0400 PM LOCAL TIME.

CLIMATE NORMAL PERIOD 1981 TO 2010
CLIMATE RECORD PERIOD 1877 TO 2018


WEATHER ITEM   OBSERVED TIME   RECORD YEAR NORMAL DEPARTURE LAST
                VALUE   (LST)  VALUE       VALUE  FROM      YEAR
                                                  NORMAL
..................................................................
TEMPERATURE (F)
 TODAY
  MAXIMUM         38    335 PM  69    1986  51    -13       37
  MINIMUM         13    542 AM  -3    1987  24    -11       20
  AVERAGE         26                        38    -12       29

PRECIPITATION (IN)
  TODAY            0.00          0.58 2011   0.03  -0.03     0.01
  MONTH TO DATE    0.44                      0.59  -0.15     0.75
  SINCE OCT 1      2.31                      3.94  -1.63     7.10
  SINCE JAN 1      0.97                      1.46  -0.49     2.56

SNOWFALL (IN)
  TODAY            0.0           7.1  2011   0.1   -0.1       T
  MONTH TO DATE    6.9                       3.1    3.8      0.7
  SINCE DEC 1     10.4                      12.2   -1.8     15.2
  SINCE JUL 1     10.4                      15.7   -5.3     15.8
  SNOW DEPTH       2

DEGREE DAYS
 HEATING
  TODAY           39                        27     12       36
  MONTH TO DATE  799                       755     44      625
  SINCE DEC 1   2685                      2940   -255     3000
  SINCE JUL 1   4121                      4508   -387     4335

 COOLING
  TODAY            0                         0      0        0
  MONTH TO DATE    0                         0      0        0
  SINCE DEC 1      0                         0      0        0
  SINCE JAN 1      0                         0      0        0
..................................................................


WIND (MPH)
  HIGHEST WIND SPEED    21   HIGHEST WIND DIRECTION     S (170)
  HIGHEST GUST SPEED    30   HIGHEST GUST DIRECTION     S (180)



WEATHER CONDITIONS
 THE FOLLOWING WEATHER WAS RECORDED TODAY.
  NO SIGNIFICANT WEATHER WAS OBSERVED.


RELATIVE HUMIDITY (PERCENT)
 HIGHEST    80          1200 AM
 LOWEST     48           100 PM
 AVERAGE    64

..........................................................


THE WINNEMUCCA AIRPORT NV CLIMATE NORMALS FOR TOMORROW
                         NORMAL    RECORD    YEAR
 MAXIMUM TEMPERATURE (F)   51        69      1908
 MINIMUM TEMPERATURE (F)   25        -1      1987


SUNRISE AND SUNSET
FEBRUARY 25 2018......SUNRISE   631 AM PST   SUNSET   538 PM PST
FEBRUARY 26 2018......SUNRISE   630 AM PST   SUNSET   539 PM PST


-  INDICATES NEGATIVE NUMBERS.
R  INDICATES RECORD WAS SET OR TIED.
MM INDICATES DATA IS MISSING.
T  INDICATES TRACE AMOUNT.




$$
