000
CDUS45 KLKN 020955
CLIWMC


CLIMATE REPORT
NATIONAL WEATHER SERVICE ELKO NV
153 AM PST MON MAR 2 2015


...................................

...THE WINNEMUCCA AIRPORT NV CLIMATE SUMMARY FOR MARCH 1 2015...

CLIMATE NORMAL PERIOD 1981 TO 2010
CLIMATE RECORD PERIOD 1877 TO 2015


WEATHER ITEM   OBSERVED TIME   RECORD YEAR NORMAL DEPARTURE LAST
                VALUE   (LST)  VALUE       VALUE  FROM      YEAR
                                                  NORMAL
..................................................................
TEMPERATURE (F)
 YESTERDAY
  MAXIMUM         49    351 PM  69    1986  52     -3       52
  MINIMUM         24   1159 PM  -3    1971  25     -1       36
  AVERAGE         37                        38     -1       44

PRECIPITATION (IN)
  YESTERDAY        0.00          0.90 1920   0.03  -0.03     0.02
  MONTH TO DATE    0.00                      0.03  -0.03     0.02
  SINCE OCT 1      3.74                      4.04  -0.30     4.29
  SINCE JAN 1      1.17                      1.56  -0.39     1.63

SNOWFALL (IN)
  YESTERDAY        0.0           2.6  1979   0.1   -0.1      0.0
  MONTH TO DATE    0.0                       0.1   -0.1      0.0
  SINCE MAR 1      0.0                       0.1   -0.1      0.0
  SINCE JUL 1      2.9                      16.1  -13.2     21.5
  SNOW DEPTH       0

DEGREE DAYS
 HEATING
  YESTERDAY       28                        27      1       21
  MONTH TO DATE   28                        27      1       21
  SINCE MAR 1     28                        27      1       21
  SINCE JUL 1   3810                      4616   -806     4680

 COOLING
  YESTERDAY        0                         0      0        0
  MONTH TO DATE    0                         0      0        0
  SINCE MAR 1      0                         0      0        0
  SINCE JAN 1      0                         0      0        0
..................................................................


WIND (MPH)
  HIGHEST WIND SPEED    20   HIGHEST WIND DIRECTION     N (20)
  HIGHEST GUST SPEED    26   HIGHEST GUST DIRECTION    NE (40)
  AVERAGE WIND SPEED     9.7



WEATHER CONDITIONS
 THE FOLLOWING WEATHER WAS RECORDED YESTERDAY.
  NO SIGNIFICANT WEATHER WAS OBSERVED.


RELATIVE HUMIDITY (PERCENT)
 HIGHEST    81          1000 PM
 LOWEST     31           400 PM
 AVERAGE    56

..........................................................


THE WINNEMUCCA AIRPORT NV CLIMATE NORMALS FOR TODAY
                         NORMAL    RECORD    YEAR
 MAXIMUM TEMPERATURE (F)   52        69      1994
 MINIMUM TEMPERATURE (F)   25        -3      1971


SUNRISE AND SUNSET
MARCH  2 2015.........SUNRISE   624 AM PST   SUNSET   543 PM PST
MARCH  3 2015.........SUNRISE   622 AM PST   SUNSET   544 PM PST


-  INDICATES NEGATIVE NUMBERS.
R  INDICATES RECORD WAS SET OR TIED.
MM INDICATES DATA IS MISSING.
T  INDICATES TRACE AMOUNT.




$$
