000
CDUS45 KLKN 160933
CLIWMC


CLIMATE REPORT
NATIONAL WEATHER SERVICE ELKO NV
233 AM PDT WED AUG 16 2017


...................................

...THE WINNEMUCCA AIRPORT NV CLIMATE SUMMARY FOR AUGUST 15 2017...

CLIMATE NORMAL PERIOD 1981 TO 2010
CLIMATE RECORD PERIOD 1877 TO 2017


WEATHER ITEM   OBSERVED TIME   RECORD YEAR NORMAL DEPARTURE LAST
                VALUE   (LST)  VALUE       VALUE  FROM      YEAR
                                                  NORMAL
..................................................................
TEMPERATURE (F)
 YESTERDAY
  MAXIMUM         90    333 PM 102    1933  92     -2       96
  MINIMUM         50    545 AM  33    1974  49      1       64
  AVERAGE         70                        71     -1       80

PRECIPITATION (IN)
  YESTERDAY        0.00          0.41 1878   0.01  -0.01     0.00
  MONTH TO DATE    0.31                      0.09   0.22     0.00
  SINCE OCT 1     11.37                      7.75   3.62     8.86
  SINCE JAN 1      6.83                      5.27   1.56     4.58

SNOWFALL (IN)
  YESTERDAY        0.0           0.0  1877   0.0    0.0      0.0
  MONTH TO DATE    0.0                       0.0    0.0      0.0
  SINCE JUN 1      0.0                       T      0.0      0.0
  SINCE JUL 1      0.0                       0.0    0.0      0.0
  SNOW DEPTH       0

DEGREE DAYS
 HEATING
  YESTERDAY        0                         0      0        0
  MONTH TO DATE    0                         0      0        0
  SINCE JUN 1     73                       115    -42       71
  SINCE JUL 1      0                        10    -10       17

 COOLING
  YESTERDAY        5                         6     -1       15
  MONTH TO DATE  154                       109     45      110
  SINCE JUN 1    656                       431    225      474
  SINCE JAN 1    663                       442    221      474
..................................................................


WIND (MPH)
  HIGHEST WIND SPEED    13   HIGHEST WIND DIRECTION    NW (330)
  HIGHEST GUST SPEED    18   HIGHEST GUST DIRECTION     W (280)
  AVERAGE WIND SPEED     6.1



WEATHER CONDITIONS
 THE FOLLOWING WEATHER WAS RECORDED YESTERDAY.
  NO SIGNIFICANT WEATHER WAS OBSERVED.


RELATIVE HUMIDITY (PERCENT)
 HIGHEST    83           200 AM
 LOWEST     16           400 PM
 AVERAGE    50

..........................................................


THE WINNEMUCCA AIRPORT NV CLIMATE NORMALS FOR TODAY
                         NORMAL    RECORD    YEAR
 MAXIMUM TEMPERATURE (F)   92       102      1933
 MINIMUM TEMPERATURE (F)   49        35      2009
                                             1976
                                             1972


SUNRISE AND SUNSET
AUGUST 16 2017........SUNRISE   602 AM PDT   SUNSET   748 PM PDT
AUGUST 17 2017........SUNRISE   603 AM PDT   SUNSET   746 PM PDT


-  INDICATES NEGATIVE NUMBERS.
R  INDICATES RECORD WAS SET OR TIED.
MM INDICATES DATA IS MISSING.
T  INDICATES TRACE AMOUNT.




$$
