000
CDUS45 KLKN 170927
CLIWMC


CLIMATE REPORT
NATIONAL WEATHER SERVICE ELKO NV
226 AM PDT TUE OCT 7  2017


...................................

...THE WINNEMUCCA AIRPORT NV CLIMATE SUMMARY FOR OCTOBER 16 2017...

CLIMATE NORMAL PERIOD 1981 TO 2010
CLIMATE RECORD PERIOD 1877 TO 2017


WEATHER ITEM   OBSERVED TIME   RECORD YEAR NORMAL DEPARTURE LAST
                VALUE   (LST)  VALUE       VALUE  FROM      YEAR
                                                  NORMAL
..................................................................
TEMPERATURE (F)
 YESTERDAY
  MAXIMUM         75    330 PM  84    1977  67      8       58
                                      1927
                                      1926
  MINIMUM         17    547 AM  11    1970  29    -12       42
  AVERAGE         46                        48     -2       50

PRECIPITATION (IN)
  YESTERDAY        0.00          0.48 1946   0.02  -0.02     0.43
  MONTH TO DATE    0.00                      0.33  -0.33     0.47
  SINCE OCT 1      0.00                      0.33  -0.33     0.47
  SINCE JAN 1      7.08                      6.13   0.95     5.29

SNOWFALL (IN)
  YESTERDAY        0.0           4.4  1984   0.0    0.0      0.0
  MONTH TO DATE    0.0                       0.2   -0.2      0.0
  SINCE SEP 1      0.0                       0.2   -0.2      0.0
  SINCE JUL 1      0.0                       0.2   -0.2      0.0
  SNOW DEPTH       0

DEGREE DAYS
 HEATING
  YESTERDAY       19                        17      2       15
  MONTH TO DATE  335                       223    112      228
  SINCE SEP 1    563                       397    166      397
  SINCE JUL 1    563                       427    136      417

 COOLING
  YESTERDAY        0                         0      0        0
  MONTH TO DATE    0                         0      0        0
  SINCE SEP 1    120                        31     89       12
  SINCE JAN 1    927                       541    386      577
..................................................................


WIND (MPH)
  HIGHEST WIND SPEED    10   HIGHEST WIND DIRECTION     E (100)
  HIGHEST GUST SPEED    12   HIGHEST GUST DIRECTION    SE (150)
  AVERAGE WIND SPEED     3.3



WEATHER CONDITIONS
 THE FOLLOWING WEATHER WAS RECORDED YESTERDAY.
  HAZE


RELATIVE HUMIDITY (PERCENT)
 HIGHEST    56           400 AM
 LOWEST      9           100 PM
 AVERAGE    33

..........................................................


THE WINNEMUCCA AIRPORT NV CLIMATE NORMALS FOR TODAY
                         NORMAL    RECORD    YEAR
 MAXIMUM TEMPERATURE (F)   67        85      1955
 MINIMUM TEMPERATURE (F)   29        10      1970


SUNRISE AND SUNSET
OCTOBER 17 2017.......SUNRISE   705 AM PDT   SUNSET   607 PM PDT
OCTOBER 18 2017.......SUNRISE   706 AM PDT   SUNSET   606 PM PDT


-  INDICATES NEGATIVE NUMBERS.
R  INDICATES RECORD WAS SET OR TIED.
MM INDICATES DATA IS MISSING.
T  INDICATES TRACE AMOUNT.




$$
