000
CDUS45 KLKN 260933
CLIWMC


CLIMATE REPORT
NATIONAL WEATHER SERVICE ELKO NV
229 AM PDT MON JUN 26 2017


...................................

...THE WINNEMUCCA AIRPORT NV CLIMATE SUMMARY FOR JUNE 25 2017...

CLIMATE NORMAL PERIOD 1981 TO 2010
CLIMATE RECORD PERIOD 1877 TO 2017


WEATHER ITEM   OBSERVED TIME   RECORD YEAR NORMAL DEPARTURE LAST
                VALUE   (LST)  VALUE       VALUE  FROM      YEAR
                                                  NORMAL
..................................................................
TEMPERATURE (F)
 YESTERDAY
  MAXIMUM         99    348 PM 102    1970  87     12       86
  MINIMUM         54    516 AM  28    1978  48      6       47
  AVERAGE         77                        68      9       67

PRECIPITATION (IN)
  YESTERDAY        0.00          0.54 1952   0.01  -0.01     0.00
  MONTH TO DATE    1.22                      0.51   0.71     0.01
  SINCE OCT 1     11.00                      7.36   3.64     8.86
  SINCE JAN 1      6.46                      4.88   1.58     4.58

SNOWFALL (IN)
  YESTERDAY        0.0           0.0  1877   0.0    0.0      0.0
  MONTH TO DATE    0.0                       0.0    0.0      0.0
  SINCE JUN 1      0.0                       0.0    0.0      0.0
  SINCE JUL 1     18.5                      20.9   -2.4     21.1
  SNOW DEPTH       0

DEGREE DAYS
 HEATING
  YESTERDAY        0                         2     -2        0
  MONTH TO DATE   73                        99    -26       54
  SINCE JUN 1     73                        99    -26       54
  SINCE JUL 1   6004                      6299   -295     5686

 COOLING
  YESTERDAY       12                         4      8        2
  MONTH TO DATE  112                        55     57       92
  SINCE JUN 1    112                        55     57       92
  SINCE JAN 1    119                        66     53       92
..................................................................


WIND (MPH)
  HIGHEST WIND SPEED    20   HIGHEST WIND DIRECTION    NE (50)
  HIGHEST GUST SPEED    26   HIGHEST GUST DIRECTION    NE (40)
  AVERAGE WIND SPEED     7.4



WEATHER CONDITIONS
 THE FOLLOWING WEATHER WAS RECORDED YESTERDAY.
  NO SIGNIFICANT WEATHER WAS OBSERVED.


RELATIVE HUMIDITY (PERCENT)
 HIGHEST    42           500 AM
 LOWEST      7           400 PM
 AVERAGE    25

..........................................................


THE WINNEMUCCA AIRPORT NV CLIMATE NORMALS FOR TODAY
                         NORMAL    RECORD    YEAR
 MAXIMUM TEMPERATURE (F)   87       102      1970
                                             1926
 MINIMUM TEMPERATURE (F)   48        32      1975


SUNRISE AND SUNSET
JUNE 26 2017..........SUNRISE   521 AM PDT   SUNSET   827 PM PDT
JUNE 27 2017..........SUNRISE   522 AM PDT   SUNSET   827 PM PDT


-  INDICATES NEGATIVE NUMBERS.
R  INDICATES RECORD WAS SET OR TIED.
MM INDICATES DATA IS MISSING.
T  INDICATES TRACE AMOUNT.




$$
