000
CDUS45 KRIW 290740
CLIWRL


CLIMATE REPORT
NATIONAL WEATHER SERVICE RIVERTON WY
137 AM MDT FRI MAY 29 2015


...................................

...THE WORLAND WY CLIMATE SUMMARY FOR MAY 28 2015...

CLIMATE NORMAL PERIOD 1981 TO 2010
CLIMATE RECORD PERIOD 1947 TO 2015


WEATHER ITEM   OBSERVED TIME   RECORD YEAR NORMAL DEPARTURE LAST
                VALUE   (LST)  VALUE       VALUE  FROM      YEAR
                                                  NORMAL
..................................................................
TEMPERATURE (F)
 YESTERDAY
  MAXIMUM         67    419 PM  94    2014  74     -7       94
  MINIMUM         49    507 AM  32    1973  45      4       48
  AVERAGE         58                        59     -1       71

PRECIPITATION (IN)
  YESTERDAY        0.01          0.30 1964   0.05  -0.04      T
  MONTH TO DATE    3.00                      1.27   1.73     1.10
  SINCE MAR 1      3.35                      2.59   0.76     1.79
  SINCE JAN 1      4.12                      3.01   1.11     2.17

DEGREE DAYS
 HEATING
  YESTERDAY        7                         7      0        0
  MONTH TO DATE  333                       290     43      283
  SINCE MAR 1   1598                      1756   -158     1805
  SINCE JUL 1   7507                      7757   -250     8185

 COOLING
  YESTERDAY        0                         1     -1        6
  MONTH TO DATE    0                         2     -2       21
  SINCE MAR 1      0                         3     -3       21
  SINCE JAN 1      0                         3     -3       21
..................................................................


WIND (MPH)
  HIGHEST WIND SPEED    21   HIGHEST WIND DIRECTION    NW (330)
  HIGHEST GUST SPEED    26   HIGHEST GUST DIRECTION     N (340)
  AVERAGE WIND SPEED     7.8


SKY COVER
  POSSIBLE SUNSHINE  MM
  AVERAGE SKY COVER 0.6


WEATHER CONDITIONS
 THE FOLLOWING WEATHER WAS RECORDED YESTERDAY.
  LIGHT RAIN


RELATIVE HUMIDITY (PERCENT)
 HIGHEST    93           500 AM
 LOWEST     48           400 PM
 AVERAGE    71

..........................................................


THE WORLAND WY CLIMATE NORMALS FOR TODAY
                         NORMAL    RECORD    YEAR
 MAXIMUM TEMPERATURE (F)   74        94      2003
 MINIMUM TEMPERATURE (F)   45        33      1979


SUNRISE AND SUNSET
MAY 29 2015...........SUNRISE   534 AM MDT   SUNSET   845 PM MDT
MAY 30 2015...........SUNRISE   533 AM MDT   SUNSET   846 PM MDT


-  INDICATES NEGATIVE NUMBERS.
R  INDICATES RECORD WAS SET OR TIED.
MM INDICATES DATA IS MISSING.
T  INDICATES TRACE AMOUNT.




$$
