000
CDUS45 KRIW 310029
CLIWRL


CLIMATE REPORT
NATIONAL WEATHER SERVICE RIVERTON WY
627 PM MDT SAT AUG 30 2014


...................................

...THE WORLAND WY CLIMATE SUMMARY FOR AUGUST 30 2014...
VALID TODAY AS OF 0500 PM LOCAL TIME.

CLIMATE NORMAL PERIOD 1981 TO 2010
CLIMATE RECORD PERIOD 1947 TO 2014


WEATHER ITEM   OBSERVED TIME   RECORD YEAR NORMAL DEPARTURE LAST
                VALUE   (LST)  VALUE       VALUE  FROM      YEAR
                                                  NORMAL
..................................................................
TEMPERATURE (F)
 TODAY
  MAXIMUM         82        MM  99    1999  83     -1       97
  MINIMUM         53        MM  34    1964  49      4       55
  AVERAGE         68                        66      2       76

PRECIPITATION (IN)
  TODAY            0.01          0.41 1971   0.01   0.00     0.00
  MONTH TO DATE    1.50                      0.41   1.09     0.13
  SINCE JUN 1      3.37                      2.27   1.10     0.52
  SINCE JAN 1      5.58                      5.43   0.15     3.21

DEGREE DAYS
 HEATING
  TODAY            0                         2     -2        0
  MONTH TO DATE   29                        18     11        0
  SINCE JUN 1    120                       124     -4       45
  SINCE JUL 1     30                        31     -1        0

 COOLING
  TODAY            3                         3      0       11
  MONTH TO DATE  171                       178     -7      273
  SINCE JUN 1    479                       491    -12      739
  SINCE JAN 1    509                       503      6      756
..................................................................


WIND (MPH)
  HIGHEST WIND SPEED    24   HIGHEST WIND DIRECTION     N (10)
  HIGHEST GUST SPEED    46   HIGHEST GUST DIRECTION     N (350)
  AVERAGE WIND SPEED     7.2


SKY COVER
  POSSIBLE SUNSHINE  MM
  AVERAGE SKY COVER 0.2


WEATHER CONDITIONS
 THE FOLLOWING WEATHER WAS RECORDED TODAY.
  THUNDERSTORM
  LIGHT RAIN


RELATIVE HUMIDITY (PERCENT)
 HIGHEST    83           500 AM
 LOWEST     32          1100 AM
 AVERAGE    58

..........................................................


THE WORLAND WY CLIMATE NORMALS FOR TOMORROW
                         NORMAL    RECORD    YEAR
 MAXIMUM TEMPERATURE (F)   83       100      1991
 MINIMUM TEMPERATURE (F)   49        36      1993


SUNRISE AND SUNSET
AUGUST 30 2014........SUNRISE   633 AM MDT   SUNSET   751 PM MDT
AUGUST 31 2014........SUNRISE   634 AM MDT   SUNSET   749 PM MDT


-  INDICATES NEGATIVE NUMBERS.
R  INDICATES RECORD WAS SET OR TIED.
MM INDICATES DATA IS MISSING.
T  INDICATES TRACE AMOUNT.




$$
