000
CDUS45 KRIW 010736
CLIWRL


CLIMATE REPORT
NATIONAL WEATHER SERVICE RIVERTON WY
136 AM MDT SAT AUG 1 2015


...................................

...THE WORLAND WY CLIMATE SUMMARY FOR JULY 31 2015...

CLIMATE NORMAL PERIOD 1981 TO 2010
CLIMATE RECORD PERIOD 1947 TO 2015


WEATHER ITEM   OBSERVED TIME   RECORD YEAR NORMAL DEPARTURE LAST
                VALUE   (LST)  VALUE       VALUE  FROM      YEAR
                                                  NORMAL
..................................................................
TEMPERATURE (F)
 YESTERDAY
  MAXIMUM         96    341 PM 103    1989  90      6       91
  MINIMUM         50    505 AM  45    1968  56     -6       50
  AVERAGE         73                        73      0       71

PRECIPITATION (IN)
  YESTERDAY        0.00          0.63 1984   0.02  -0.02     0.00
  MONTH TO DATE    0.41                      0.71  -0.30     0.25
  SINCE JUN 1      1.47                      1.86  -0.39     1.87
  SINCE JAN 1      5.65                      5.02   0.63     4.08

DEGREE DAYS
 HEATING
  YESTERDAY        0                         0      0        0
  MONTH TO DATE    7                        10     -3        1
  SINCE JUN 1     11                       106    -95       91
  SINCE JUL 1      7                        13     -6        1

 COOLING
  YESTERDAY        8                         8      0        6
  MONTH TO DATE  198                       229    -31      279
  SINCE JUN 1    377                       313     64      308
  SINCE JAN 1    379                       325     54      338
..................................................................


WIND (MPH)
  HIGHEST WIND SPEED    12   HIGHEST WIND DIRECTION    NW (330)
  HIGHEST GUST SPEED    15   HIGHEST GUST DIRECTION     N (340)
  AVERAGE WIND SPEED     4.5


SKY COVER
  POSSIBLE SUNSHINE  MM
  AVERAGE SKY COVER 0.0


WEATHER CONDITIONS
 THE FOLLOWING WEATHER WAS RECORDED YESTERDAY.
  NO SIGNIFICANT WEATHER WAS OBSERVED.


RELATIVE HUMIDITY (PERCENT)
 HIGHEST    39           400 AM
 LOWEST      9           300 PM
 AVERAGE    24

..........................................................


THE WORLAND WY CLIMATE NORMALS FOR TODAY
                         NORMAL    RECORD    YEAR
 MAXIMUM TEMPERATURE (F)   90       102      2000
 MINIMUM TEMPERATURE (F)   56        43      1968


SUNRISE AND SUNSET
AUGUST  1 2015........SUNRISE   600 AM MDT   SUNSET   836 PM MDT
AUGUST  2 2015........SUNRISE   601 AM MDT   SUNSET   835 PM MDT


-  INDICATES NEGATIVE NUMBERS.
R  INDICATES RECORD WAS SET OR TIED.
MM INDICATES DATA IS MISSING.
T  INDICATES TRACE AMOUNT.




$$
