000
CDUS45 KRIW 170733
CLIWRL


CLIMATE REPORT
NATIONAL WEATHER SERVICE RIVERTON WY
133 AM MDT WED SEP 17 2014


...................................

...THE WORLAND WY CLIMATE SUMMARY FOR SEPTEMBER 16 2014...

CLIMATE NORMAL PERIOD 1981 TO 2010
CLIMATE RECORD PERIOD 1947 TO 2014


WEATHER ITEM   OBSERVED TIME   RECORD YEAR NORMAL DEPARTURE LAST
                VALUE   (LST)  VALUE       VALUE  FROM      YEAR
                                                  NORMAL
..................................................................
TEMPERATURE (F)
 YESTERDAY
  MAXIMUM         85    412 PM  98    2000  74     11       84
  MINIMUM         43    556 AM  28    1965  43      0       53
  AVERAGE         64                        58      6       69

PRECIPITATION (IN)
  YESTERDAY        0.00          0.47 1980   0.02  -0.02     0.00
  MONTH TO DATE    0.68                      0.39   0.29     0.37
  SINCE SEP 1      0.68                      0.39   0.29     0.37
  SINCE JAN 1      6.27                      5.84   0.43     3.58

DEGREE DAYS
 HEATING
  YESTERDAY        1                         7     -6        0
  MONTH TO DATE  132                        74     58       17
  SINCE SEP 1    132                        74     58       17
  SINCE JUL 1    166                       110     56       17

 COOLING
  YESTERDAY        0                         1     -1        4
  MONTH TO DATE    7                        26    -19       84
  SINCE SEP 1      7                        26    -19       84
  SINCE JAN 1    516                       532    -16      845
..................................................................


WIND (MPH)
  HIGHEST WIND SPEED    12   HIGHEST WIND DIRECTION    SW (210)
  HIGHEST GUST SPEED    13   HIGHEST GUST DIRECTION    SW (220)
  AVERAGE WIND SPEED     3.9


SKY COVER
  POSSIBLE SUNSHINE  MM
  AVERAGE SKY COVER 0.0


WEATHER CONDITIONS
 THE FOLLOWING WEATHER WAS RECORDED YESTERDAY.
  NO SIGNIFICANT WEATHER WAS OBSERVED.


RELATIVE HUMIDITY (PERCENT)
 HIGHEST    92           400 AM
 LOWEST     18           200 PM
 AVERAGE    55

..........................................................


THE WORLAND WY CLIMATE NORMALS FOR TODAY
                         NORMAL    RECORD    YEAR
 MAXIMUM TEMPERATURE (F)   74        94      1964
 MINIMUM TEMPERATURE (F)   42        27      1965


SUNRISE AND SUNSET
SEPTEMBER 17 2014.....SUNRISE   653 AM MDT   SUNSET   718 PM MDT
SEPTEMBER 18 2014.....SUNRISE   654 AM MDT   SUNSET   716 PM MDT


-  INDICATES NEGATIVE NUMBERS.
R  INDICATES RECORD WAS SET OR TIED.
MM INDICATES DATA IS MISSING.
T  INDICATES TRACE AMOUNT.




$$
