000
CDUS45 KRIW 300738
CLIWRL


CLIMATE REPORT
NATIONAL WEATHER SERVICE RIVERTON WY
1236 AM MST FRI JAN 30 2015


...................................

...THE WORLAND WY CLIMATE SUMMARY FOR JANUARY 29 2015...

CLIMATE NORMAL PERIOD 1981 TO 2010
CLIMATE RECORD PERIOD 1947 TO 2015


WEATHER ITEM   OBSERVED TIME   RECORD YEAR NORMAL DEPARTURE LAST
                VALUE   (LST)  VALUE       VALUE  FROM      YEAR
                                                  NORMAL
..................................................................
TEMPERATURE (F)
 YESTERDAY
  MAXIMUM         39    348 PM  52    1988  32      7       27
  MINIMUM         21    947 PM -31    1980   5     16        3
  AVERAGE         30                        18     12       15

PRECIPITATION (IN)
  YESTERDAY        0.00          0.12 1967   0.01  -0.01     0.06
  MONTH TO DATE    0.23                      0.22   0.01     0.25
  SINCE DEC 1      0.93                      0.45   0.48     0.37
  SINCE JAN 1      0.23                      0.22   0.01     0.25

DEGREE DAYS
 HEATING
  YESTERDAY       35                        46    -11       50
  MONTH TO DATE 1463                      1393     70     1385
  SINCE DEC 1   2917                      2864     53     2947
  SINCE JUL 1   4833                      4756     77     4803

 COOLING
  YESTERDAY        0                         0      0        0
  MONTH TO DATE    0                         0      0        0
  SINCE DEC 1      0                         0      0        0
  SINCE JAN 1      0                         0      0        0
..................................................................


WIND (MPH)
  HIGHEST WIND SPEED    14   HIGHEST WIND DIRECTION    SE (130)
  HIGHEST GUST SPEED    15   HIGHEST GUST DIRECTION    SE (120)
  AVERAGE WIND SPEED     4.8


SKY COVER
  POSSIBLE SUNSHINE  MM
  AVERAGE SKY COVER 0.3


WEATHER CONDITIONS
 THE FOLLOWING WEATHER WAS RECORDED YESTERDAY.
  FOG


RELATIVE HUMIDITY (PERCENT)
 HIGHEST   100          1100 PM
 LOWEST     70           200 PM
 AVERAGE    85

..........................................................


THE WORLAND WY CLIMATE NORMALS FOR TODAY
                         NORMAL    RECORD    YEAR
 MAXIMUM TEMPERATURE (F)   32        54      1974
 MINIMUM TEMPERATURE (F)    5       -29      1979


SUNRISE AND SUNSET
JANUARY 30 2015.......SUNRISE   731 AM MST   SUNSET   519 PM MST
JANUARY 31 2015.......SUNRISE   730 AM MST   SUNSET   521 PM MST


-  INDICATES NEGATIVE NUMBERS.
R  INDICATES RECORD WAS SET OR TIED.
MM INDICATES DATA IS MISSING.
T  INDICATES TRACE AMOUNT.




$$
