000
CDUS45 KRIW 230731
CLIWRL


CLIMATE REPORT
NATIONAL WEATHER SERVICE RIVERTON WY
1229 AM MST THU FEB 23 2017


...................................

...THE WORLAND WY CLIMATE SUMMARY FOR FEBRUARY 22 2017...

CLIMATE NORMAL PERIOD 1981 TO 2010
CLIMATE RECORD PERIOD 1947 TO 2017


WEATHER ITEM   OBSERVED TIME   RECORD YEAR NORMAL DEPARTURE LAST
                VALUE   (LST)  VALUE       VALUE  FROM      YEAR
                                                  NORMAL
..................................................................
TEMPERATURE (F)
 YESTERDAY
  MAXIMUM         47    308 PM  59    2000  41      6       47
  MINIMUM         27    606 AM -10    1993  13     14       22
  AVERAGE         37                        27     10       35

PRECIPITATION (IN)
  YESTERDAY        0.00          0.06 1972   0.00   0.00     0.00
  MONTH TO DATE    0.11                      0.14  -0.03      T
  SINCE DEC 1      0.50                      0.60  -0.10     0.31
  SINCE JAN 1      0.31                      0.37  -0.06     0.03

DEGREE DAYS
 HEATING
  YESTERDAY       28                        38    -10       30
  MONTH TO DATE  864                       935    -71      706
  SINCE DEC 1   4098                      3891    207     3601
  SINCE JUL 1   5637                      5783   -146     5185

 COOLING
  YESTERDAY        0                         0      0        0
  MONTH TO DATE    0                         0      0        0
  SINCE DEC 1      0                         0      0        0
  SINCE JAN 1      0                         0      0        0
..................................................................


WIND (MPH)
  HIGHEST WIND SPEED    15   HIGHEST WIND DIRECTION    SW (240)
  HIGHEST GUST SPEED    17   HIGHEST GUST DIRECTION     W (250)
  AVERAGE WIND SPEED     4.2


SKY COVER
  POSSIBLE SUNSHINE  MM
  AVERAGE SKY COVER 0.0


WEATHER CONDITIONS
 THE FOLLOWING WEATHER WAS RECORDED YESTERDAY.
  NO SIGNIFICANT WEATHER WAS OBSERVED.


RELATIVE HUMIDITY (PERCENT)
 HIGHEST    92           900 PM
 LOWEST     34           300 PM
 AVERAGE    63

..........................................................


THE WORLAND WY CLIMATE NORMALS FOR TODAY
                         NORMAL    RECORD    YEAR
 MAXIMUM TEMPERATURE (F)   41        59      2000
 MINIMUM TEMPERATURE (F)   14       -21      2003


SUNRISE AND SUNSET
FEBRUARY 23 2017......SUNRISE   658 AM MST   SUNSET   553 PM MST
FEBRUARY 24 2017......SUNRISE   656 AM MST   SUNSET   554 PM MST


-  INDICATES NEGATIVE NUMBERS.
R  INDICATES RECORD WAS SET OR TIED.
MM INDICATES DATA IS MISSING.
T  INDICATES TRACE AMOUNT.




$$
