000
CDUS45 KRIW 080735
CLIWRL


CLIMATE REPORT
NATIONAL WEATHER SERVICE RIVERTON WY
1233 AM MST MON FEB 8 2016


...................................

...THE WORLAND WY CLIMATE SUMMARY FOR FEBRUARY 7 2016...

CLIMATE NORMAL PERIOD 1981 TO 2010
CLIMATE RECORD PERIOD 1947 TO 2016


WEATHER ITEM   OBSERVED TIME   RECORD YEAR NORMAL DEPARTURE LAST
                VALUE   (LST)  VALUE       VALUE  FROM      YEAR
                                                  NORMAL
..................................................................
TEMPERATURE (F)
 YESTERDAY
  MAXIMUM         38    419 PM  59    1999  34      4       49
  MINIMUM         21    842 AM -21    2014   7     14       27
  AVERAGE         30                        21      9       38

PRECIPITATION (IN)
  YESTERDAY        0.00          0.27 1962   0.00   0.00     0.00
  MONTH TO DATE    T                         0.04  -0.04     0.08
  SINCE DEC 1      0.31                      0.50  -0.19     1.01
  SINCE JAN 1      0.03                      0.27  -0.24     0.31

DEGREE DAYS
 HEATING
  YESTERDAY       35                        44     -9       27
  MONTH TO DATE  297                       316    -19      265
  SINCE DEC 1   3192                      3272    -80     3264
  SINCE JUL 1   4776                      5164   -388     5180

 COOLING
  YESTERDAY        0                         0      0        0
  MONTH TO DATE    0                         0      0        0
  SINCE DEC 1      0                         0      0        0
  SINCE JAN 1      0                         0      0        0
..................................................................


WIND (MPH)
  HIGHEST WIND SPEED    16   HIGHEST WIND DIRECTION    NW (310)
  HIGHEST GUST SPEED    22   HIGHEST GUST DIRECTION    NW (310)
  AVERAGE WIND SPEED     5.4


SKY COVER
  POSSIBLE SUNSHINE  MM
  AVERAGE SKY COVER 0.4


WEATHER CONDITIONS
 THE FOLLOWING WEATHER WAS RECORDED YESTERDAY.
  NO SIGNIFICANT WEATHER WAS OBSERVED.


RELATIVE HUMIDITY (PERCENT)
 HIGHEST    81           100 AM
 LOWEST     35           100 PM
 AVERAGE    58

..........................................................


THE WORLAND WY CLIMATE NORMALS FOR TODAY
                         NORMAL    RECORD    YEAR
 MAXIMUM TEMPERATURE (F)   35        57      2006
 MINIMUM TEMPERATURE (F)    8       -20      2001


SUNRISE AND SUNSET
FEBRUARY  8 2016......SUNRISE   721 AM MST   SUNSET   531 PM MST
FEBRUARY  9 2016......SUNRISE   720 AM MST   SUNSET   533 PM MST


-  INDICATES NEGATIVE NUMBERS.
R  INDICATES RECORD WAS SET OR TIED.
MM INDICATES DATA IS MISSING.
T  INDICATES TRACE AMOUNT.




$$
