071
CDAK47 PAYA 070914
CLIYAK

CLIMATE REPORT
NATIONAL WEATHER SERVICE YAKUTAT, AK
1214 AM AKST SUN FEB 7 2016

...................................
...THE YAKUTAT AP CLIMATE SUMMARY FOR FEBRUARY 6 2016...

CLIMATE NORMAL PERIOD  1981 TO  2010
CLIMATE RECORD PERIOD  1948 TO  2016

WEATHER ITEM   OBSERVED TIME    RECORD YEAR NORMAL DEPARTURE LAST
               VALUE    (LST)   VALUE       VALUE  FROM      YEAR
                                                   NORMAL
...................................................................
TEMPERATURE
YESTERDAY
 MAXIMUM            37  0141 PM    46  2006     35       2     24
 MINIMUM            31  1147 PM   -10  1951     23       8     10
 AVERAGE            34                          29       5     17

PRECIPITATION
(INCHES)
 YESTERDAY        0.14           2.30  1995   0.37   -0.23   0.00
 MONTH TO DATE    2.00                        2.26   -0.26   0.00
 SINCE DEC 1     26.37                       32.20   -5.83  26.07
 SINCE JAN 1     16.42                       15.92    0.50  14.02

SNOWFALL
(INCHES)
 YESTERDAY         0.2           11.0  1999    1.1    -0.9    0.0
 MONTH TO DATE     1.1                         6.4    -5.3    0.0
 SINCE DEC 1      25.3                        60.7   -35.4    3.5
 SINCE JUL 1      48.1                        81.4   -33.3    8.8
 SNOW DEPTH (IN)     1                                          T

DEGREE DAYS
 HEATING
  YESTERDAY         31                          36      -5     48
  MONTH TO DATE    176                         216     -40    241
  SINCE DEC 1     2090                        2457    -367   2117
  SINCE JUL 1     4711                        5355    -644   4797

 COOLING
  YESTERDAY          0                           0       0      0
  MONTH TO DATE      0                           0       0      0
  SINCE DEC 1        0                           0       0      0
  SINCE JAN 1        0                           0       0      0
...................................................................

WIND (MPH)
 HIGHEST WIND SPEED    13     HIGHEST WIND DIRECTION    100
 HIGHEST GUST SPEED    20     HIGHEST GUST DIRECTION    100
 AVERAGE WIND SPEED   5.9

SKY COVER
  POSSIBLE SUNSHINE    MM          AVERAGE SKY COVER     MM

WEATHER CONDITIONS
 THE FOLLOWING WEATHER WAS RECORDED YESTERDAY.
  FOG
SLEET
RAIN
SNOW


RELATIVE HUMIDITY
 HIGHEST RH     MM PERCENT       MM
 LOWEST  RH     MM PERCENT       MM
 AVERAGE RH     MM PERCENT       MM
...................................................................

THE YAKUTAT CLIMATE NORMALS FOR TODAY
                           NORMAL    RECORD   YEAR
 MAXIMUM TEMPERATURE (F)     35        54     1963
 MINIMUM TEMPERATURE (F)     23       -14     1951

SUNRISE AND SUNSET
 FEB 7 2016..........SUNRISE  8:17 AM      SUNSET  4:51 PM
 FEB 8 2016..........SUNRISE  8:14 AM      SUNSET  4:53 PM

-  INDICATES NEGATIVE NUMBERS.
R  INDICATES RECORD HAS BEEN SET OR TIED.
MM INDICATES DATA IS MISSING.
T  INDICATES TRACE OF PRECIPITATION.

&&
-------------------------------------------------------------------

AMOUNT OF DAYLIGHT TODAY  (HOUR:MIN)........8 HOURS 34 MINUTES
GAIN/LOSS SINCE YESTERDAY (HOUR:MIN:SEC)....+0:05:02

$$
*** FEB 16
