000
CDAK47 PAYA 010903
CLIYAK

CLIMATE REPORT
NATIONAL WEATHER SERVICE YAKUTAT, AK
1203 AM AKST SUN MAR 1 2015

...................................
...THE YAKUTAT AP CLIMATE SUMMARY FOR FEBRUARY 28 2015...

CLIMATE NORMAL PERIOD  1981 TO  2010
CLIMATE RECORD PERIOD  1948 TO  2015

WEATHER ITEM   OBSERVED TIME    RECORD YEAR NORMAL DEPARTURE LAST
               VALUE    (LST)   VALUE       VALUE  FROM      YEAR
                                                   NORMAL
...................................................................
TEMPERATURE
YESTERDAY
 MAXIMUM            44  0135 PM    50  1991     38       6     42
 MINIMUM            27  1254 AM    -8  1966     23       4     14
 AVERAGE            36                          31       5     28

PRECIPITATION
(INCHES)
 YESTERDAY           T           1.79  1992   0.41   -0.41   0.00
 MONTH TO DATE   10.35                       10.86   -0.51   2.08
 SINCE DEC 1     36.42                       40.80   -4.38  36.74
 SINCE JAN 1     24.37                       24.52   -0.15  27.06

SNOWFALL
(INCHES)
 YESTERDAY         0.0           10.9  1986    0.9    -0.9    0.0
 MONTH TO DATE     4.0                        27.2   -23.2   28.1
 SINCE DEC 1       7.5                        81.5   -74.0   86.2
 SINCE JUL 1      12.8                       102.2   -89.4   95.4
 SNOW DEPTH (IN)     0                                         11

DEGREE DAYS
 HEATING
  YESTERDAY         29                          34      -5     37
  MONTH TO DATE    876                         990    -114   1152
  SINCE DEC 1     2752                        3231    -479   3203
  SINCE JUL 1     5432                        6129    -697   5813

 COOLING
  YESTERDAY          0                           0       0      0
  MONTH TO DATE      0                           0       0      0
  SINCE DEC 1        0                           0       0      0
  SINCE JAN 1        0                           0       0      0
...................................................................

WIND (MPH)
 HIGHEST WIND SPEED     9     HIGHEST WIND DIRECTION     30
 HIGHEST GUST SPEED    11     HIGHEST GUST DIRECTION    220
 AVERAGE WIND SPEED   0.9

SKY COVER
  POSSIBLE SUNSHINE    MM          AVERAGE SKY COVER     MM

WEATHER CONDITIONS
 THE FOLLOWING WEATHER WAS RECORDED YESTERDAY.
  RAIN


RELATIVE HUMIDITY
 HIGHEST RH     MM PERCENT       MM
 LOWEST  RH     MM PERCENT       MM
 AVERAGE RH     MM PERCENT       MM
...................................................................

THE YAKUTAT CLIMATE NORMALS FOR TODAY
                           NORMAL    RECORD   YEAR
 MAXIMUM TEMPERATURE (F)     38        46     1963
 MINIMUM TEMPERATURE (F)     23        -6     1966

SUNRISE AND SUNSET
 MAR 1 2015..........SUNRISE  7:17 AM      SUNSET  5:47 PM
 MAR 2 2015..........SUNRISE  7:14 AM      SUNSET  5:50 PM

-  INDICATES NEGATIVE NUMBERS.
R  INDICATES RECORD HAS BEEN SET OR TIED.
MM INDICATES DATA IS MISSING.
T  INDICATES TRACE OF PRECIPITATION.

&&
-------------------------------------------------------------------

AMOUNT OF DAYLIGHT TODAY  (HOUR:MIN)........10 HOURS 30 MINUTES
GAIN/LOSS SINCE YESTERDAY (HOUR:MIN:SEC)....+0:05:20

$$
*** MAR 15
