000
CDAK47 PAYA 280924
CLIYAK

CLIMATE REPORT
NATIONAL WEATHER SERVICE YAKUTAT, AK
124 AM AKDT SUN AUG 28 2016

...................................
...THE YAKUTAT AP CLIMATE SUMMARY FOR AUGUST 27 2016...

CLIMATE NORMAL PERIOD  1981 TO  2010
CLIMATE RECORD PERIOD  1948 TO  2016

WEATHER ITEM   OBSERVED TIME    RECORD YEAR NORMAL DEPARTURE LAST
               VALUE    (LST)   VALUE       VALUE  FROM      YEAR
                                                   NORMAL
...................................................................
TEMPERATURE
YESTERDAY
 MAXIMUM          R 78  0356 PM    73  1985     60      18     56
 MINIMUM            45  0345 AM    31  1969     45       0     51
 AVERAGE            62                          52      10     54

PRECIPITATION
(INCHES)
 YESTERDAY        0.00           3.68  1960   0.53   -0.53   1.56
 MONTH TO DATE   13.31                       11.93    1.38  12.48
 SINCE JUN 1     27.40                       26.20    1.20  32.94
 SINCE JAN 1     78.96                       79.16   -0.20  83.52

SNOWFALL
(INCHES)
 YESTERDAY         0.0            0.0  2016    0.0     0.0    0.0
 MONTH TO DATE     0.0                         0.0     0.0    0.0
 SINCE JUN 1       0.0                         0.0     0.0    0.0
 SINCE JUL 1       0.0                         0.0     0.0    0.0
 SNOW DEPTH (IN)     0                                          0

DEGREE DAYS
 HEATING
  YESTERDAY          3                          13     -10     11
  MONTH TO DATE    194                         293     -99    253
  SINCE JUN 1      751                        1051    -300    855
  SINCE JUL 1      424                         625    -201    521

 COOLING
  YESTERDAY          0                           0       0      0
  MONTH TO DATE      0                           0       0      0
  SINCE JUN 1        0                           0       0      0
  SINCE JAN 1        0                           0       0      0
...................................................................

WIND (MPH)
 HIGHEST WIND SPEED    14     HIGHEST WIND DIRECTION     80
 HIGHEST GUST SPEED    18     HIGHEST GUST DIRECTION     80
 AVERAGE WIND SPEED    MM

SKY COVER
  POSSIBLE SUNSHINE    MM          AVERAGE SKY COVER     MM

WEATHER CONDITIONS
 THE FOLLOWING WEATHER WAS RECORDED YESTERDAY.


RELATIVE HUMIDITY
 HIGHEST RH     MM PERCENT       MM
 LOWEST  RH     MM PERCENT       MM
 AVERAGE RH     MM PERCENT       MM
...................................................................

THE YAKUTAT CLIMATE NORMALS FOR TODAY
                           NORMAL    RECORD   YEAR
 MAXIMUM TEMPERATURE (F)     59        71     2007
 MINIMUM TEMPERATURE (F)     45        33     1971

SUNRISE AND SUNSET
 AUG 28 2016..........SUNRISE  6:08 AM      SUNSET  8:31 PM
 AUG 29 2016..........SUNRISE  6:10 AM      SUNSET  8:28 PM

-  INDICATES NEGATIVE NUMBERS.
R  INDICATES RECORD HAS BEEN SET OR TIED.
MM INDICATES DATA IS MISSING.
T  INDICATES TRACE OF PRECIPITATION.

&&
-------------------------------------------------------------------

AMOUNT OF DAYLIGHT TODAY  (HOUR:MIN)........14 HOURS 23 MINUTES
GAIN/LOSS SINCE YESTERDAY (HOUR:MIN:SEC)....-0:05:13

$$
BK AUG 16
