000
CDAK47 PAJK 211234
CLIYAK
CLIMATE REPORT
NATIONAL WEATHER SERVICE JUNEAU, AK
331 AM AKST SUN JAN 21 2018


...................................

...THE YAKUTAT CLIMATE SUMMARY FOR JANUARY 20 2018...

CLIMATE NORMAL PERIOD 1981 TO 2010
CLIMATE RECORD PERIOD 1917 TO 2018


WEATHER ITEM   OBSERVED RECORD YEAR NORMAL DEPARTURE LAST
                VALUE   VALUE       VALUE  FROM      YEAR
                                           NORMAL
...........................................................
TEMPERATURE (F)
 YESTERDAY
  MAXIMUM         MM     57    1930  34     MM       23
  MINIMUM         MM    -16    1969  22     MM        3
  AVERAGE         MM                 28     MM       13

PRECIPITATION (IN)
  YESTERDAY       MM      3.80 1991   0.44  MM        0.00
  MONTH TO DATE   10.30               9.05   1.25     7.72
  SINCE JAN 1     10.30               9.05   1.25     7.72

SNOWFALL (IN)
  YESTERDAY       MM     12.0  1919   1.1   MM        0.0
  MONTH TO DATE    1.8               20.0  -18.2      9.1
  SINCE JUL 1     39.9               63.9  -24.0     35.7
  SNOW DEPTH       0

DEGREE DAYS
 HEATING
  YESTERDAY       MM                 37     MM       52
  MONTH TO DATE  562                739   -177      783
...........................................................


WIND (MPH)
  HIGHEST WIND SPEED     5   HIGHEST WIND DIRECTION    SE (130)
  HIGHEST GUST SPEED    MM   HIGHEST GUST DIRECTION    MM
  AVERAGE WIND SPEED     0.8


SKY COVER
  AVERAGE SKY COVER 0.7


WEATHER CONDITIONS
 THE FOLLOWING WEATHER WAS RECORDED YESTERDAY.
  LIGHT RAIN
  LIGHT SNOW
  FOG


..........................................................


THE YAKUTAT CLIMATE NORMALS FOR TODAY
                         NORMAL    RECORD    YEAR
 MAXIMUM TEMPERATURE (F)   34        51      1981
 MINIMUM TEMPERATURE (F)   22       -17      1952


SUNRISE AND SUNSET
JANUARY 21 2018.......SUNRISE   852 AM AKST  SUNSET   409 PM AKST
JANUARY 22 2018.......SUNRISE   850 AM AKST  SUNSET   411 PM AKST


-  INDICATES NEGATIVE NUMBERS.
R  INDICATES RECORD WAS SET OR TIED.
MM INDICATES DATA IS MISSING.
T  INDICATES TRACE AMOUNT.




$$
--------------------------------------------------------------

AMOUNT OF DAYLIGHT TODAY (HOUR:MIN)......... 7 HOURS 17 MINUTES
GAIN/LOSS SINCE YESTERDAY (HOUR:MIN:SEC).... +0:04:11

$$
