000
CDAK47 PAYA 280913
CLIYAK

CLIMATE REPORT
NATIONAL WEATHER SERVICE YAKUTAT, AK
113 AM AKDT SAT MAR 28 2015

...................................
...THE YAKUTAT AP CLIMATE SUMMARY FOR MARCH 27 2015...

CLIMATE NORMAL PERIOD  1981 TO  2010
CLIMATE RECORD PERIOD  1948 TO  2015

WEATHER ITEM   OBSERVED TIME    RECORD YEAR NORMAL DEPARTURE LAST
               VALUE    (LST)   VALUE       VALUE  FROM      YEAR
                                                   NORMAL
...................................................................
TEMPERATURE
YESTERDAY
 MAXIMUM            44  0226 PM    50  1995     41       3     40
 MINIMUM            35  0636 AM     0  1967     26       9     15
 AVERAGE            40                          34       6     28

PRECIPITATION
(INCHES)
 YESTERDAY        0.27           3.05  1990   0.31   -0.04   0.00
 MONTH TO DATE    8.70                        9.77   -1.07   4.05
 SINCE MAR 1      8.70                        9.77   -1.07   4.05
 SINCE JAN 1     33.07                       34.29   -1.22  31.11

SNOWFALL
(INCHES)
 YESTERDAY           T            9.4  1992    0.8    -0.8    0.0
 MONTH TO DATE    27.5                        24.1     3.4    7.8
 SINCE MAR 1      27.5                        24.1     3.4    7.8
 SINCE JUL 1      40.3                       126.3   -86.0  103.2
 SNOW DEPTH (IN)     T                                          3

DEGREE DAYS
 HEATING
  YESTERDAY         25                          32      -7     37
  MONTH TO DATE    823                         898     -75    939
  SINCE MAR 1      823                         898     -75    939
  SINCE JUL 1     6255                        7027    -772   6752

 COOLING
  YESTERDAY          0                           0       0      0
  MONTH TO DATE      0                           0       0      0
  SINCE MAR 1        0                           0       0      0
  SINCE JAN 1        0                           0       0      0
...................................................................

WIND (MPH)
 HIGHEST WIND SPEED    12     HIGHEST WIND DIRECTION    120
 HIGHEST GUST SPEED    17     HIGHEST GUST DIRECTION    190
 AVERAGE WIND SPEED    MM

SKY COVER
  POSSIBLE SUNSHINE    MM          AVERAGE SKY COVER     MM

WEATHER CONDITIONS
 THE FOLLOWING WEATHER WAS RECORDED YESTERDAY.
  FOG
SLEET
RAIN


RELATIVE HUMIDITY
 HIGHEST RH     MM PERCENT       MM
 LOWEST  RH     MM PERCENT       MM
 AVERAGE RH     MM PERCENT       MM
...................................................................

THE YAKUTAT CLIMATE NORMALS FOR TODAY
                           NORMAL    RECORD   YEAR
 MAXIMUM TEMPERATURE (F)     41        52     2011
 MINIMUM TEMPERATURE (F)     26         0     1967

SUNRISE AND SUNSET
 MAR 28 2015..........SUNRISE  6:57 AM      SUNSET  7:53 PM
 MAR 29 2015..........SUNRISE  6:54 AM      SUNSET  7:55 PM

-  INDICATES NEGATIVE NUMBERS.
R  INDICATES RECORD HAS BEEN SET OR TIED.
MM INDICATES DATA IS MISSING.
T  INDICATES TRACE OF PRECIPITATION.

&&
-------------------------------------------------------------------

AMOUNT OF DAYLIGHT TODAY  (HOUR:MIN)........12 HOURS 56 MINUTES
GAIN/LOSS SINCE YESTERDAY (HOUR:MIN:SEC)....+0:05:21

$$
*** MAR 15
