000
CDAK47 PAYA 300905
CLIYAK

CLIMATE REPORT
NATIONAL WEATHER SERVICE YAKUTAT, AK
105 AM AKDT SAT APR 30 2016

...................................
...THE YAKUTAT AP CLIMATE SUMMARY FOR APRIL 29 2016...

CLIMATE NORMAL PERIOD  1981 TO  2010
CLIMATE RECORD PERIOD  1948 TO  2016

WEATHER ITEM   OBSERVED TIME    RECORD YEAR NORMAL DEPARTURE LAST
               VALUE    (LST)   VALUE       VALUE  FROM      YEAR
                                                   NORMAL
...................................................................
TEMPERATURE
YESTERDAY
 MAXIMUM            46  0155 PM    70  1995     49      -3     48
 MINIMUM            39  0444 AM    20  2013     33       6     33
 AVERAGE            43                          41       2     41

PRECIPITATION
(INCHES)
 YESTERDAY        0.28           1.69  2012   0.29   -0.01   0.08
 MONTH TO DATE    9.18                        8.91    0.27  14.06
 SINCE MAR 1     18.81                       19.95   -1.14  24.48
 SINCE JAN 1     44.10                       44.47   -0.37  48.85

SNOWFALL
(INCHES)
 YESTERDAY         0.0            2.8  1982    0.1    -0.1    0.0
 MONTH TO DATE     0.0                        10.1   -10.1    6.8
 SINCE MAR 1       0.7                        37.3   -36.6   34.3
 SINCE JUL 1      49.9                       139.5   -89.6   47.1
 SNOW DEPTH (IN)     0                                          0

DEGREE DAYS
 HEATING
  YESTERDAY         22                          24      -2     24
  MONTH TO DATE    645                         792    -147    747
  SINCE MAR 1     1445                        1814    -369   1670
  SINCE JUL 1     6783                        7943   -1160   7102

 COOLING
  YESTERDAY          0                           0       0      0
  MONTH TO DATE      0                           0       0      0
  SINCE MAR 1        0                           0       0      0
  SINCE JAN 1        0                           0       0      0
...................................................................

WIND (MPH)
 HIGHEST WIND SPEED    15     HIGHEST WIND DIRECTION    150
 HIGHEST GUST SPEED    22     HIGHEST GUST DIRECTION    140
 AVERAGE WIND SPEED   6.9

SKY COVER
  POSSIBLE SUNSHINE    MM          AVERAGE SKY COVER     MM

WEATHER CONDITIONS
 THE FOLLOWING WEATHER WAS RECORDED YESTERDAY.
  FOG
RAIN


RELATIVE HUMIDITY
 HIGHEST RH     MM PERCENT       MM
 LOWEST  RH     MM PERCENT       MM
 AVERAGE RH     MM PERCENT       MM
...................................................................

THE YAKUTAT CLIMATE NORMALS FOR TODAY
                           NORMAL    RECORD   YEAR
 MAXIMUM TEMPERATURE (F)     49        71     1995
 MINIMUM TEMPERATURE (F)     33        22     1952

SUNRISE AND SUNSET
 APR 30 2016..........SUNRISE  5:20 AM      SUNSET  9:14 PM
 MAY 1 2016..........SUNRISE  5:18 AM      SUNSET  9:17 PM

-  INDICATES NEGATIVE NUMBERS.
R  INDICATES RECORD HAS BEEN SET OR TIED.
MM INDICATES DATA IS MISSING.
T  INDICATES TRACE OF PRECIPITATION.

&&
-------------------------------------------------------------------

AMOUNT OF DAYLIGHT TODAY  (HOUR:MIN)........15 HOURS 54 MINUTES
GAIN/LOSS SINCE YESTERDAY (HOUR:MIN:SEC)....+0:05:05

$$
DC APR 16
