000
CDAK47 PAYA 280904
CLIYAK

CLIMATE REPORT
NATIONAL WEATHER SERVICE YAKUTAT, AK
104 AM AKDT THU AUG 28 2014

...................................
...THE YAKUTAT AP CLIMATE SUMMARY FOR AUGUST 27 2014...

CLIMATE NORMAL PERIOD  1981 TO  2010
CLIMATE RECORD PERIOD  1948 TO  2014

WEATHER ITEM   OBSERVED TIME    RECORD YEAR NORMAL DEPARTURE LAST
               VALUE    (LST)   VALUE       VALUE  FROM      YEAR
                                                   NORMAL
...................................................................
TEMPERATURE
YESTERDAY
 MAXIMUM            58  0305 PM    73  1985     60      -2     67
 MINIMUM            42  0337 AM    31  1969     45      -3     50
 AVERAGE            50                          52      -2     59

PRECIPITATION
(INCHES)
 YESTERDAY        0.13           3.68  1960   0.53   -0.40      T
 MONTH TO DATE   20.90                       11.93    8.97   8.20
 SINCE JUN 1     37.42                       26.20   11.22  18.09
 SINCE JAN 1     76.53                       79.16   -2.63  76.28

SNOWFALL
(INCHES)
 YESTERDAY         0.0            0.0  2014    0.0     0.0    0.0
 MONTH TO DATE     0.0                         0.0     0.0    0.0
 SINCE JUN 1       0.0                         0.0     0.0    0.0
 SINCE JUL 1       0.0                         0.0     0.0    0.0
 SNOW DEPTH (IN)     0                                          0

DEGREE DAYS
 HEATING
  YESTERDAY         15                          13       2      6
  MONTH TO DATE    263                         293     -30    237
  SINCE JUN 1     1022                        1051     -29    876
  SINCE JUL 1      576                         625     -49    534

 COOLING
  YESTERDAY          0                           0       0      0
  MONTH TO DATE      0                           0       0      0
  SINCE JUN 1        0                           0       0      0
  SINCE JAN 1        0                           0       0      0
...................................................................

WIND (MPH)
 HIGHEST WIND SPEED     9     HIGHEST WIND DIRECTION    140
 HIGHEST GUST SPEED    14     HIGHEST GUST DIRECTION    160
 AVERAGE WIND SPEED   3.6

SKY COVER
  POSSIBLE SUNSHINE    MM          AVERAGE SKY COVER     MM

WEATHER CONDITIONS
 THE FOLLOWING WEATHER WAS RECORDED YESTERDAY.
  FOG


RELATIVE HUMIDITY
 HIGHEST RH     MM PERCENT       MM
 LOWEST  RH     MM PERCENT       MM
 AVERAGE RH     MM PERCENT       MM
...................................................................

THE YAKUTAT CLIMATE NORMALS FOR TODAY
                           NORMAL    RECORD   YEAR
 MAXIMUM TEMPERATURE (F)     59        71     2007
 MINIMUM TEMPERATURE (F)     45        33     1971

SUNRISE AND SUNSET
 AUG 28 2014..........SUNRISE  6:07 AM      SUNSET  8:32 PM
 AUG 29 2014..........SUNRISE  6:09 AM      SUNSET  8:30 PM

-  INDICATES NEGATIVE NUMBERS.
R  INDICATES RECORD HAS BEEN SET OR TIED.
MM INDICATES DATA IS MISSING.
T  INDICATES TRACE OF PRECIPITATION.

&&
-------------------------------------------------------------------

AMOUNT OF DAYLIGHT TODAY  (HOUR:MIN)........14 HOURS 25 MINUTES
GAIN/LOSS SINCE YESTERDAY (HOUR:MIN:SEC)....-0:05:13

$$
DC AUG 14
