000
CDAK47 PAYA 300913
CLIYAK

CLIMATE REPORT
NATIONAL WEATHER SERVICE YAKUTAT, AK
113 AM AKDT MON MAY 30 2016

...................................
...THE YAKUTAT AP CLIMATE SUMMARY FOR MAY 29 2016...

CLIMATE NORMAL PERIOD  1981 TO  2010
CLIMATE RECORD PERIOD  1948 TO  2016

WEATHER ITEM   OBSERVED TIME    RECORD YEAR NORMAL DEPARTURE LAST
               VALUE    (LST)   VALUE       VALUE  FROM      YEAR
                                                   NORMAL
...................................................................
TEMPERATURE
YESTERDAY
 MAXIMUM            69  0141 PM    78  1981     55      14     60
 MINIMUM            41  0221 AM    30  1968     41       0     46
 AVERAGE            55                          48       7     53

PRECIPITATION
(INCHES)
 YESTERDAY        0.00           1.57  1995   0.26   -0.26   0.00
 MONTH TO DATE    6.73                        7.72   -0.99   1.62
 SINCE MAR 1     26.26                       27.95   -1.69  26.21
 SINCE JAN 1     51.55                       52.47   -0.92  50.58

SNOWFALL
(INCHES)
 YESTERDAY         0.0            0.0  2016    0.0     0.0    0.0
 MONTH TO DATE     0.0                         0.4    -0.4    0.0
 SINCE MAR 1       0.7                        37.8   -37.1   34.3
 SINCE JUL 1      49.9                       140.0   -90.1   47.1
 SNOW DEPTH (IN)     0                                          0

DEGREE DAYS
 HEATING
  YESTERDAY         10                          17      -7     12
  MONTH TO DATE    472                         594    -122    506
  SINCE MAR 1     1937                        2432    -495   2202
  SINCE JUL 1     7275                        8561   -1286   7634

 COOLING
  YESTERDAY          0                           0       0      0
  MONTH TO DATE      0                           0       0      0
  SINCE MAR 1        0                           0       0      0
  SINCE JAN 1        0                           0       0      0
...................................................................

WIND (MPH)
 HIGHEST WIND SPEED    13     HIGHEST WIND DIRECTION    200
 HIGHEST GUST SPEED    17     HIGHEST GUST DIRECTION    180
 AVERAGE WIND SPEED   4.8

SKY COVER
  POSSIBLE SUNSHINE    MM          AVERAGE SKY COVER     MM

WEATHER CONDITIONS
 THE FOLLOWING WEATHER WAS RECORDED YESTERDAY.
  SMOKE OR HAZE


RELATIVE HUMIDITY
 HIGHEST RH     MM PERCENT       MM
 LOWEST  RH     MM PERCENT       MM
 AVERAGE RH     MM PERCENT       MM
...................................................................

THE YAKUTAT CLIMATE NORMALS FOR TODAY
                           NORMAL    RECORD   YEAR
 MAXIMUM TEMPERATURE (F)     55        77     1964
 MINIMUM TEMPERATURE (F)     41        32     1962

SUNRISE AND SUNSET
 MAY 30 2016..........SUNRISE  4:15 AM      SUNSET 10:20 PM
 MAY 31 2016..........SUNRISE  4:13 AM      SUNSET 10:22 PM

-  INDICATES NEGATIVE NUMBERS.
R  INDICATES RECORD HAS BEEN SET OR TIED.
MM INDICATES DATA IS MISSING.
T  INDICATES TRACE OF PRECIPITATION.

&&
-------------------------------------------------------------------

AMOUNT OF DAYLIGHT TODAY  (HOUR:MIN)........18 HOURS 5 MINUTES
GAIN/LOSS SINCE YESTERDAY (HOUR:MIN:SEC)....+0:03:16

$$
TR MAY 16
