000
CDUS46 KPDT 270826
CLIYKM

CLIMATE REPORT
NATIONAL WEATHER SERVICE PENDLETON OR
1225 AM PST SAT DEC 27 2014


...................................

...THE YAKIMA WA CLIMATE SUMMARY FOR DECEMBER 26 2014...

CLIMATE NORMAL PERIOD 1981 TO 2010
CLIMATE RECORD PERIOD 1946 TO 2014


WEATHER ITEM   OBSERVED TIME   RECORD YEAR NORMAL DEPARTURE LAST
                VALUE   (LST)  VALUE       VALUE  FROM      YEAR
                                                  NORMAL
..................................................................
TEMPERATURE (F)
 YESTERDAY
  MAXIMUM         46    256 PM  67    1980  34     12       40
  MINIMUM         21    650 AM  -5    1988  21      0       15
  AVERAGE         34                        28      6       28

PRECIPITATION (IN)
  YESTERDAY        0.00          0.41 2006   0.05  -0.05     0.00
  MONTH TO DATE    0.87                      1.30  -0.43     0.32
  SINCE OCT 1      2.05                      2.89  -0.84     0.83
  SINCE JAN 1      6.47                      8.02  -1.55     5.49

SNOWFALL (IN)
  YESTERDAY        0.0           5.0  1996   0.3   -0.3      0.0
  MONTH TO DATE    0.0                       7.9   -7.9       T
  SINCE JAN 1     19.9                      20.1   -0.2      1.1
  SINCE JUL 1      T                        11.5  -11.5       T
  SNOW DEPTH       0

DEGREE DAYS
 HEATING
  YESTERDAY       31                        37     -6       37
  MONTH TO DATE  710                       943   -233      974
  SINCE DEC 1    710                       943   -233      974
  SINCE JUL 1   1894                      2476   -582     2390

 COOLING
  YESTERDAY        0                         0      0        0
  MONTH TO DATE    0                         0      0        0
  SINCE DEC 1      0                         0      0        0
  SINCE JAN 1    871                       472    399      970
..................................................................


WIND (MPH)
  HIGHEST WIND SPEED    10   HIGHEST WIND DIRECTION     W (280)
  HIGHEST GUST SPEED    11   HIGHEST GUST DIRECTION     W (280)
  AVERAGE WIND SPEED     3.5


SKY COVER
  POSSIBLE SUNSHINE  MM
  AVERAGE SKY COVER 0.0


WEATHER CONDITIONS
THE FOLLOWING WEATHER WAS RECORDED YESTERDAY.
  NO SIGNIFICANT WEATHER WAS OBSERVED.


RELATIVE HUMIDITY (PERCENT)
 HIGHEST    84           600 AM
 LOWEST     42           200 PM
 AVERAGE    63

..........................................................


THE YAKIMA WA CLIMATE NORMALS FOR TODAY
                         NORMAL    RECORD    YEAR
 MAXIMUM TEMPERATURE (F)   34        62      1980
 MINIMUM TEMPERATURE (F)   21        -2      1948


SUNRISE AND SUNSET
DECEMBER 27 2014......SUNRISE   746 AM PST   SUNSET   421 PM PST
DECEMBER 28 2014......SUNRISE   746 AM PST   SUNSET   422 PM PST


-  INDICATES NEGATIVE NUMBERS.
R  INDICATES RECORD WAS SET OR TIED.
MM INDICATES DATA IS MISSING.
T  INDICATES TRACE AMOUNT.




$$
