000
CDUS46 KPDT 300838
CLIYKM

CLIMATE REPORT
NATIONAL WEATHER SERVICE PENDLETON OR
138 AM PDT THU MAR 30 2017


...................................

...THE YAKIMA WA CLIMATE SUMMARY FOR MARCH 29 2017...

CLIMATE NORMAL PERIOD 1981 TO 2010
CLIMATE RECORD PERIOD 1946 TO 2017


WEATHER ITEM   OBSERVED TIME   RECORD YEAR NORMAL DEPARTURE LAST
                VALUE   (LST)  VALUE       VALUE  FROM      YEAR
                                                  NORMAL
..................................................................
TEMPERATURE (F)
 YESTERDAY
  MAXIMUM         66    326 PM  76    1966  60      6       69
  MINIMUM         45   1159 PM  14    1954  32     13       37
  AVERAGE         56                        46     10       53

PRECIPITATION (IN)
  YESTERDAY        0.05          0.28 2012   0.02   0.03     0.00
                                      1983
  MONTH TO DATE    0.98                      0.59   0.39     1.82
  SINCE OCT 1      9.46                      5.63   3.83     9.19
  SINCE JAN 1      5.54                      2.51   3.03     4.54

SNOWFALL (IN)
  YESTERDAY        0.0           0.0  2002   0.0    0.0      0.0
                                      2001
                                      2000
  MONTH TO DATE    T                         0.7   -0.7      0.0
  SINCE JAN 1     29.1                       8.6   20.5     12.5
  SINCE JUL 1     36.5                      21.6   14.9     31.4
  SNOW DEPTH       0

DEGREE DAYS
 HEATING
  YESTERDAY        9                        19    -10       12
  MONTH TO DATE  558                       638    -80      541
  SINCE MAR 1    558                       638    -80      541
  SINCE JUL 1   4987                      5165   -178     4291

 COOLING
  YESTERDAY        0                         0      0        0
  MONTH TO DATE    0                         0      0        0
  SINCE MAR 1      0                         0      0        0
  SINCE JAN 1      0                         0      0        0
..................................................................


WIND (MPH)
  HIGHEST WIND SPEED    26   HIGHEST WIND DIRECTION     S (200)
  HIGHEST GUST SPEED    35   HIGHEST GUST DIRECTION     S (200)
  AVERAGE WIND SPEED     6.8


SKY COVER
  POSSIBLE SUNSHINE  MM
  AVERAGE SKY COVER 0.6


WEATHER CONDITIONS
 THE FOLLOWING WEATHER WAS RECORDED YESTERDAY.
  LIGHT RAIN


RELATIVE HUMIDITY (PERCENT)
 HIGHEST    86           200 AM
 LOWEST     48           400 PM
 AVERAGE    67

..........................................................


THE YAKIMA WA CLIMATE NORMALS FOR TODAY
                         NORMAL    RECORD    YEAR
 MAXIMUM TEMPERATURE (F)   60        78      2003
 MINIMUM TEMPERATURE (F)   32        18      1954


SUNRISE AND SUNSET
MARCH 30 2017.........SUNRISE   645 AM PDT   SUNSET   729 PM PDT
MARCH 31 2017.........SUNRISE   643 AM PDT   SUNSET   730 PM PDT


-  INDICATES NEGATIVE NUMBERS.
R  INDICATES RECORD WAS SET OR TIED.
MM INDICATES DATA IS MISSING.
T  INDICATES TRACE AMOUNT.


$$
