000
CDUS46 KPDT 230036
CLIYKM

CLIMATE REPORT
NATIONAL WEATHER SERVICE PENDLETON OR
535 PM PDT FRI AUG 22 2014


...................................

...THE YAKIMA WA CLIMATE SUMMARY FOR AUGUST 22 2014...
VALID TODAY AS OF 0500 PM LOCAL TIME.

CLIMATE NORMAL PERIOD 1981 TO 2010
CLIMATE RECORD PERIOD 1946 TO 2014


WEATHER ITEM   OBSERVED TIME   RECORD YEAR NORMAL DEPARTURE LAST
                VALUE   (LST)  VALUE       VALUE  FROM      YEAR
                                                  NORMAL
..................................................................
TEMPERATURE (F)
 TODAY
  MAXIMUM         84    307 PM  99    1961  86     -2       90
                                      1956
  MINIMUM         56    503 AM  35    1960  51      5       52
  AVERAGE         70                        68      2       71

PRECIPITATION (IN)
  TODAY            0.01          0.51 2004   0.01   0.00     0.00
  MONTH TO DATE    0.27                      0.17   0.10     0.01
  SINCE OCT 1      4.16                      7.80  -3.64     7.98
  SINCE JAN 1      3.33                      4.68  -1.35     4.18

SNOWFALL (IN)
  TODAY            0.0           0.0  2002   0.0    0.0      0.0
                                      2001
                                      1999
  MONTH TO DATE    0.0                       0.0    0.0      0.0
  SINCE JAN 1     19.9                       8.6   11.3      1.1
  SINCE JUL 1      0.0                       0.0    0.0      0.0
  SNOW DEPTH       0

DEGREE DAYS
 HEATING
  TODAY            0                         1     -1        0
  MONTH TO DATE    0                        15    -15        0
  SINCE JUN 1     35                       134    -99       39
  SINCE JUL 1      5                        36    -31        0

 COOLING
  TODAY            5                         4      1        6
  MONTH TO DATE  249                       130    119      220
  SINCE JUN 1    759                       390    369      731
  SINCE JAN 1    782                       410    372      783
..................................................................


WIND (MPH)
  HIGHEST WIND SPEED    13   HIGHEST WIND DIRECTION     N (20)
  HIGHEST GUST SPEED    16   HIGHEST GUST DIRECTION    NE (30)
  AVERAGE WIND SPEED     5.5


SKY COVER
  POSSIBLE SUNSHINE  MM
  AVERAGE SKY COVER 0.5


WEATHER CONDITIONS
 THE FOLLOWING WEATHER WAS RECORDED TODAY.
  THUNDERSTORM


RELATIVE HUMIDITY (PERCENT)
 HIGHEST    62           400 AM
 LOWEST     28           300 PM
 AVERAGE    45

..........................................................


THE YAKIMA WA CLIMATE NORMALS FOR TOMORROW
                         NORMAL    RECORD    YEAR
 MAXIMUM TEMPERATURE (F)   85        98      1970
                                             1961
                                             1958
 MINIMUM TEMPERATURE (F)   50        38      1992


SUNRISE AND SUNSET
AUGUST 22 2014........SUNRISE   609 AM PDT   SUNSET   800 PM PDT
AUGUST 23 2014........SUNRISE   611 AM PDT   SUNSET   758 PM PDT


-  INDICATES NEGATIVE NUMBERS.
R  INDICATES RECORD WAS SET OR TIED.
MM INDICATES DATA IS MISSING.
T  INDICATES TRACE AMOUNT.




$$
