000
CDUS46 KPDT 010039 RRA
CLIYKM

CLIMATE REPORT
NATIONAL WEATHER SERVICE PENDLETON OR
539 PM PDT TUE MAY 31 2016


...................................

...THE YAKIMA WA CLIMATE SUMMARY FOR MAY 31 2016...
VALID TODAY AS OF 0500 PM LOCAL TIME.

CLIMATE NORMAL PERIOD 1981 TO 2010
CLIMATE RECORD PERIOD 1946 TO 2016


WEATHER ITEM   OBSERVED TIME   RECORD YEAR NORMAL DEPARTURE LAST
                VALUE   (LST)  VALUE       VALUE  FROM      YEAR
                                                  NORMAL
..................................................................
TEMPERATURE (F)
 TODAY
  MAXIMUM         85    350 PM  99    1986  76      9       91
  MINIMUM         44    423 AM  31    1955  46     -2       54
  AVERAGE         65                        61      4       73

PRECIPITATION (IN)
  TODAY            0.00          0.52 1958   0.02  -0.02     0.00
  MONTH TO DATE    0.64                      0.58   0.06     1.80
  SINCE OCT 1     10.10                      6.79   3.31     6.32
  SINCE JAN 1      5.45                      3.67   1.78     4.22

SNOWFALL (IN)
  TODAY            0.0           0.0  2002   0.0    0.0      0.0
                                      2001
                                      2000
  MONTH TO DATE    0.0                       0.0    0.0      0.0
  SINCE JAN 1     12.5                       8.6    3.9      1.6
  SINCE JUL 1     31.4                      21.6    9.8      1.6
  SNOW DEPTH       0

DEGREE DAYS
 HEATING
  TODAY            0                         5     -5        0
  MONTH TO DATE   83                       261   -178       86
  SINCE MAR 1    838                      1417   -579      925
  SINCE JUL 1   4588                      5944  -1356     4507

 COOLING
  TODAY            0                         1     -1        8
  MONTH TO DATE   33                        19     14       92
  SINCE MAR 1     39                        20     19       92
  SINCE JAN 1     39                        20     19       92
..................................................................


WIND (MPH)
  HIGHEST WIND SPEED    10   HIGHEST WIND DIRECTION    SE (130)
  HIGHEST GUST SPEED    13   HIGHEST GUST DIRECTION    SE (120)
  AVERAGE WIND SPEED     6.2


SKY COVER
  POSSIBLE SUNSHINE  MM
  AVERAGE SKY COVER 0.0


WEATHER CONDITIONS
 THE FOLLOWING WEATHER WAS RECORDED TODAY.
  NO SIGNIFICANT WEATHER WAS OBSERVED.


RELATIVE HUMIDITY (PERCENT)
 HIGHEST    70           400 AM
 LOWEST     15           300 PM
 AVERAGE    43

..........................................................


THE YAKIMA WA CLIMATE NORMALS FOR TOMORROW
                         NORMAL    RECORD    YEAR
 MAXIMUM TEMPERATURE (F)   76        99      1986
 MINIMUM TEMPERATURE (F)   46        30      1984
                                             1976


SUNRISE AND SUNSET
MAY 31 2016...........SUNRISE   513 AM PDT   SUNSET   847 PM PDT
JUNE  1 2016..........SUNRISE   512 AM PDT   SUNSET   848 PM PDT


-  INDICATES NEGATIVE NUMBERS.
R  INDICATES RECORD WAS SET OR TIED.
MM INDICATES DATA IS MISSING.
T  INDICATES TRACE AMOUNT.

$$
