000
CDUS46 KPDT 190838
CLIYKM

CLIMATE REPORT
NATIONAL WEATHER SERVICE PENDLETON OR
1238 AM PST SUN FEB 19 2017


...................................

...THE YAKIMA WA CLIMATE SUMMARY FOR FEBRUARY 18 2017...

CLIMATE NORMAL PERIOD 1981 TO 2010
CLIMATE RECORD PERIOD 1946 TO 2017


WEATHER ITEM   OBSERVED TIME   RECORD YEAR NORMAL DEPARTURE LAST
                VALUE   (LST)  VALUE       VALUE  FROM      YEAR
                                                  NORMAL
..................................................................
TEMPERATURE (F)
 YESTERDAY
  MAXIMUM         41    448 PM  62    1977  47     -6       54
  MINIMUM         36   1159 PM   5    2006  26     10       38
  AVERAGE         39                        37      2       46

PRECIPITATION (IN)
  YESTERDAY        0.15          0.42 1999   0.03   0.12      T
  MONTH TO DATE    1.80                      0.51   1.29     0.31
  SINCE OCT 1      7.88                      4.77   3.11     7.27
  SINCE JAN 1      3.96                      1.65   2.31     2.62

SNOWFALL (IN)
  YESTERDAY        0.0           1.9  1993   0.1   -0.1      0.0
  MONTH TO DATE    9.9                       1.9    8.0      0.8
  SINCE JAN 1     29.0                       7.2   21.8     12.5
  SINCE JUL 1     36.4                      20.2   16.2     31.4
  SNOW DEPTH      MM

DEGREE DAYS
 HEATING
  YESTERDAY       26                        28     -2       19
  MONTH TO DATE  620                       538     82      402
  SINCE DEC 1   3110                      2723    387     2400
  SINCE JUL 1   4129                      4256   -127     3514

 COOLING
  YESTERDAY        0                         0      0        0
  MONTH TO DATE    0                         0      0        0
  SINCE DEC 1      0                         0      0        0
  SINCE JAN 1      0                         0      0        0
..................................................................


WIND (MPH)
  HIGHEST WIND SPEED    10   HIGHEST WIND DIRECTION     W (270)
  HIGHEST GUST SPEED    12   HIGHEST GUST DIRECTION     W (260)
  AVERAGE WIND SPEED     4.6


SKY COVER
  POSSIBLE SUNSHINE  MM
  AVERAGE SKY COVER 1.0


WEATHER CONDITIONS
 THE FOLLOWING WEATHER WAS RECORDED YESTERDAY.
  LIGHT RAIN
  FOG


RELATIVE HUMIDITY (PERCENT)
 HIGHEST    92           500 AM
 LOWEST     82          1200 AM
 AVERAGE    87

..........................................................


THE YAKIMA WA CLIMATE NORMALS FOR TODAY
                         NORMAL    RECORD    YEAR
 MAXIMUM TEMPERATURE (F)   48        66      1991
 MINIMUM TEMPERATURE (F)   26         7      2006


SUNRISE AND SUNSET
FEBRUARY 19 2017......SUNRISE   659 AM PST   SUNSET   534 PM PST
FEBRUARY 20 2017......SUNRISE   657 AM PST   SUNSET   535 PM PST


-  INDICATES NEGATIVE NUMBERS.
R  INDICATES RECORD WAS SET OR TIED.
MM INDICATES DATA IS MISSING.
T  INDICATES TRACE AMOUNT.


$$
