000
CDUS41 KCLE 010534
CLIYNG


CLIMATE REPORT
NATIONAL WEATHER SERVICE CLEVELAND OH
132 AM EDT SAT AUG 1 2015


...................................

...THE YOUNGSTOWN OH CLIMATE SUMMARY FOR JULY 31 2015...

CLIMATE NORMAL PERIOD 1981 TO 2010
CLIMATE RECORD PERIOD 1897 TO 2015


WEATHER ITEM   OBSERVED TIME   RECORD YEAR NORMAL DEPARTURE LAST
                VALUE   (LST)  VALUE       VALUE  FROM      YEAR
                                                  NORMAL
..................................................................
TEMPERATURE (F)
 YESTERDAY
  MAXIMUM         86    342 PM  97    1941  81      5       77
  MINIMUM         61    521 AM  48    1997  60      1       58
  AVERAGE         74                        70      4       68

PRECIPITATION (IN)
  YESTERDAY        0.00                      0.13  -0.13     0.01
  MONTH TO DATE    4.07                      4.31  -0.24     3.41
  SINCE JUN 1     13.09                      8.19   4.90     8.21
  SINCE JAN 1     28.07                     22.98   5.09    23.30

SNOWFALL (IN)
  YESTERDAY        0.0                       0.0    0.0      0.0
  MONTH TO DATE    0.0                       0.0    0.0      0.0
  SINCE JUN 1      0.0                       0.0    0.0      0.0
  SINCE JUL 1      0.0                       0.0    0.0      0.0
  SNOW DEPTH       0

DEGREE DAYS
 HEATING
  YESTERDAY        0                         0      0        0
  MONTH TO DATE    7                         8     -1       28
  SINCE JUN 1     49                        82    -33       56
  SINCE JUL 1      7                        13     -6       28

 COOLING
  YESTERDAY        9                         6      3        3
  MONTH TO DATE  185                       185      0      130
  SINCE JUN 1    295                       295      0      283
  SINCE JAN 1    407                       334     73      338
..................................................................


WIND (MPH)
  HIGHEST WIND SPEED    16   HIGHEST WIND DIRECTION     W (270)
  HIGHEST GUST SPEED    23   HIGHEST GUST DIRECTION     W (280)
  AVERAGE WIND SPEED     7.2


SKY COVER
  POSSIBLE SUNSHINE  MM
  AVERAGE SKY COVER 0.4


WEATHER CONDITIONS
 THE FOLLOWING WEATHER WAS RECORDED YESTERDAY.
  NO SIGNIFICANT WEATHER WAS OBSERVED.


RELATIVE HUMIDITY (PERCENT)
 HIGHEST    84           300 AM
 LOWEST     32           500 PM
 AVERAGE    58

..........................................................


THE YOUNGSTOWN OH CLIMATE NORMALS FOR TODAY
                         NORMAL    RECORD    YEAR
 MAXIMUM TEMPERATURE (F)   81        96      1933
 MINIMUM TEMPERATURE (F)   60        46      1998


SUNRISE AND SUNSET
AUGUST  1 2015........SUNRISE   618 AM EDT   SUNSET   840 PM EDT
AUGUST  2 2015........SUNRISE   619 AM EDT   SUNSET   839 PM EDT


-  INDICATES NEGATIVE NUMBERS.
R  INDICATES RECORD WAS SET OR TIED.
MM INDICATES DATA IS MISSING.
T  INDICATES TRACE AMOUNT.




$$
