000
CDUS41 KPBZ 262140
CLIZZV


CLIMATE REPORT
NATIONAL WEATHER SERVICE PITTSBURGH PA
540 PM EDT THU MAR 26 2015


...................................

...THE ZANESVILLE OH CLIMATE SUMMARY FOR MARCH 26 2015...
VALID TODAY AS OF 0500 PM LOCAL TIME.

CLIMATE NORMAL PERIOD 1981 TO 2010
CLIMATE RECORD PERIOD 1946 TO 2015


WEATHER ITEM   OBSERVED TIME   RECORD YEAR NORMAL DEPARTURE LAST
                VALUE   (LST)  VALUE       VALUE  FROM      YEAR
                                                  NORMAL
..................................................................
TEMPERATURE (F)
 TODAY
  MAXIMUM         46    556 AM  80    1998  56    -10       34
  MINIMUM         40   1231 AM  14    2001  33      7       16
  AVERAGE         43                        44     -1       25

PRECIPITATION (IN)
  TODAY            0.35         MM      MM   0.11   0.24     0.00
  MONTH TO DATE    3.78                      2.44   1.34     1.15
  SINCE JUN 1     29.69                     29.67   0.02    32.04
  SINCE JAN 1      7.28                      7.27   0.01     3.73

DEGREE DAYS
 HEATING
  TODAY           22                        21      1       40
  MONTH TO DATE  722                       653     69      785
  SINCE MAR 1    722                       653     69      785
  SINCE JUL 1   5379                      4844    535     5342

 COOLING
  TODAY            0                         0      0        0
  MONTH TO DATE    0                         0      0        0
  SINCE MAR 1      0                         0      0        0
  SINCE JAN 1      0                         0      0        0
..................................................................


WIND (MPH)
  HIGHEST WIND SPEED    18   HIGHEST WIND DIRECTION    NW (300)
  HIGHEST GUST SPEED    22   HIGHEST GUST DIRECTION     W (280)
  AVERAGE WIND SPEED     4.3


SKY COVER
  POSSIBLE SUNSHINE  MM
  AVERAGE SKY COVER 0.9


WEATHER CONDITIONS
 THE FOLLOWING WEATHER WAS RECORDED TODAY.
  RAIN
  LIGHT RAIN
  FOG


RELATIVE HUMIDITY (PERCENT)
 HIGHEST   100           400 AM
 LOWEST     83           400 PM
 AVERAGE    92

..........................................................


THE ZANESVILLE OH CLIMATE NORMALS FOR TOMORROW
                         NORMAL    RECORD    YEAR
 MAXIMUM TEMPERATURE (F)   56        85      1950
 MINIMUM TEMPERATURE (F)   33        14      2001


SUNRISE AND SUNSET
MARCH 26 2015.........SUNRISE   722 AM EDT   SUNSET   746 PM EDT
MARCH 27 2015.........SUNRISE   720 AM EDT   SUNSET   747 PM EDT


-  INDICATES NEGATIVE NUMBERS.
R  INDICATES RECORD WAS SET OR TIED.
MM INDICATES DATA IS MISSING.
T  INDICATES TRACE AMOUNT.




$$
