900
CDUS41 KPBZ 242228
CLIZZV


CLIMATE REPORT
NATIONAL WEATHER SERVICE PITTSBURGH PA
527 PM EST TUE JAN 24 2017


...................................

...THE ZANESVILLE OH CLIMATE SUMMARY FOR JANUARY 24 2017...
VALID TODAY AS OF 0500 PM LOCAL TIME.

CLIMATE NORMAL PERIOD 1981 TO 2010
CLIMATE RECORD PERIOD 1946 TO 2017


WEATHER ITEM   OBSERVED TIME   RECORD YEAR NORMAL DEPARTURE LAST
                VALUE   (LST)  VALUE       VALUE  FROM      YEAR
                                                  NORMAL
..................................................................
TEMPERATURE (F)
 TODAY
  MAXIMUM         44    359 PM  67    1967  37      7       33
  MINIMUM         39    753 AM -17    1963  20     19        3
  AVERAGE         42                        29     13       18

PRECIPITATION (IN)
  TODAY            0.05         MM      MM   0.09  -0.04     0.00
  MONTH TO DATE    2.52                      2.11   0.41     0.90
  SINCE JUN 1     21.14                     24.51  -3.37    23.23
  SINCE JAN 1      2.52                      2.11   0.41     0.90

DEGREE DAYS
 HEATING
  TODAY           23                        36    -13       47
  MONTH TO DATE  659                       864   -205      914
  SINCE DEC 1   1635                      1868   -233     1489
  SINCE JUL 1   2492                      3009   -517     2331

 COOLING
  TODAY            0                         0      0        0
  MONTH TO DATE    0                         0      0        0
  SINCE DEC 1      0                         0      0        0
  SINCE JAN 1      0                         0      0        0
..................................................................


WIND (MPH)
  HIGHEST WIND SPEED    14   HIGHEST WIND DIRECTION     W (290)
  HIGHEST GUST SPEED    17   HIGHEST GUST DIRECTION     W (290)
  AVERAGE WIND SPEED     6.2


SKY COVER
  POSSIBLE SUNSHINE  MM
  AVERAGE SKY COVER 1.0


WEATHER CONDITIONS
 THE FOLLOWING WEATHER WAS RECORDED TODAY.
  LIGHT RAIN


RELATIVE HUMIDITY (PERCENT)
 HIGHEST    86           900 AM
 LOWEST     76           400 PM
 AVERAGE    81

..........................................................


THE ZANESVILLE OH CLIMATE NORMALS FOR TOMORROW
                         NORMAL    RECORD    YEAR
 MAXIMUM TEMPERATURE (F)   37        74      1950
 MINIMUM TEMPERATURE (F)   20       -12      1961


SUNRISE AND SUNSET
JANUARY 24 2017.......SUNRISE   742 AM EST   SUNSET   538 PM EST
JANUARY 25 2017.......SUNRISE   742 AM EST   SUNSET   539 PM EST


-  INDICATES NEGATIVE NUMBERS.
R  INDICATES RECORD WAS SET OR TIED.
MM INDICATES DATA IS MISSING.
T  INDICATES TRACE AMOUNT.




$$
