000
CDUS41 KPBZ 260809
CLIZZV


CLIMATE REPORT
NATIONAL WEATHER SERVICE PITTSBURGH PA
309 AM EST FRI DEC 26 2014


...................................

...THE ZANESVILLE OH CLIMATE SUMMARY FOR DECEMBER 25 2014...

CLIMATE NORMAL PERIOD 1981 TO 2010
CLIMATE RECORD PERIOD 1946 TO 2014


WEATHER ITEM   OBSERVED TIME   RECORD YEAR NORMAL DEPARTURE LAST
                VALUE   (LST)  VALUE       VALUE  FROM      YEAR
                                                  NORMAL
..................................................................
TEMPERATURE (F)
 YESTERDAY
  MAXIMUM         40    446 PM  65    1982  38      2       31
  MINIMUM         35   1159 PM -10    1983  22     13       12
  AVERAGE         38                        30      8       22

PRECIPITATION (IN)
  YESTERDAY        0.01         MM      MM   0.09  -0.08      T
  MONTH TO DATE    2.91                      2.08   0.83     3.84
  SINCE JUN 1     22.05                     21.90   0.15    28.01
  SINCE JAN 1     36.38                     37.36  -0.98    38.60

DEGREE DAYS
 HEATING
  YESTERDAY       27                        35     -8       43
  MONTH TO DATE  717                       794    -77      769
  SINCE DEC 1    717                       794    -77      769
  SINCE JUL 1   2024                      1935     89     1945

 COOLING
  YESTERDAY        0                         0      0        0
  MONTH TO DATE    0                         0      0        0
  SINCE DEC 1      0                         0      0        0
  SINCE JAN 1    727                       768    -41      856
..................................................................


WIND (MPH)
  HIGHEST WIND SPEED    22   HIGHEST WIND DIRECTION     W (270)
  HIGHEST GUST SPEED    31   HIGHEST GUST DIRECTION    SW (230)
  AVERAGE WIND SPEED    10.3


SKY COVER
  POSSIBLE SUNSHINE  MM
  AVERAGE SKY COVER 1.0


WEATHER CONDITIONS
 THE FOLLOWING WEATHER WAS RECORDED YESTERDAY.
  LIGHT RAIN


RELATIVE HUMIDITY (PERCENT)
 HIGHEST    85           500 AM
 LOWEST     64           200 PM
 AVERAGE    75

..........................................................


THE ZANESVILLE OH CLIMATE NORMALS FOR TODAY
                         NORMAL    RECORD    YEAR
 MAXIMUM TEMPERATURE (F)   38        63      1982
 MINIMUM TEMPERATURE (F)   22        -4      1983


SUNRISE AND SUNSET
DECEMBER 26 2014......SUNRISE   748 AM EST   SUNSET   509 PM EST
DECEMBER 27 2014......SUNRISE   748 AM EST   SUNSET   509 PM EST


-  INDICATES NEGATIVE NUMBERS.
R  INDICATES RECORD WAS SET OR TIED.
MM INDICATES DATA IS MISSING.
T  INDICATES TRACE AMOUNT.




$$
