000
CDUS41 KPBZ 180726
CLIZZV


CLIMATE REPORT
NATIONAL WEATHER SERVICE PITTSBURGH PA
325 AM EDT THU SEP 18 2014


...................................

...THE ZANESVILLE OH CLIMATE SUMMARY FOR SEPTEMBER 17 2014...

CLIMATE NORMAL PERIOD 1981 TO 2010
CLIMATE RECORD PERIOD 1946 TO 2014


WEATHER ITEM   OBSERVED TIME   RECORD YEAR NORMAL DEPARTURE LAST
                VALUE   (LST)  VALUE       VALUE  FROM      YEAR
                                                  NORMAL
..................................................................
TEMPERATURE (F)
 YESTERDAY
  MAXIMUM         72    258 PM  93    1955  76     -4       72
  MINIMUM         46    637 AM  33    1959  53     -7       48
  AVERAGE         59                        64     -5       60

PRECIPITATION (IN)
  YESTERDAY        0.00         MM      MM   0.10  -0.10     0.00
  MONTH TO DATE    0.72                      1.70  -0.98     0.32
  SINCE JUN 1     14.57                     12.76   1.81    17.74
  SINCE JAN 1     28.90                     28.22   0.68    28.33

DEGREE DAYS
 HEATING
  YESTERDAY        6                         3      3        5
  MONTH TO DATE   50                        29     21       36
  SINCE SEP 1     50                        29     21       36
  SINCE JUL 1     71                        40     31       45

 COOLING
  YESTERDAY        0                         2     -2        0
  MONTH TO DATE   70                        61      9       78
  SINCE SEP 1     70                        61      9       78
  SINCE JAN 1    711                       738    -27      811
..................................................................


WIND (MPH)
  HIGHEST WIND SPEED     9   HIGHEST WIND DIRECTION     W (280)
  HIGHEST GUST SPEED    14   HIGHEST GUST DIRECTION    NW (330)
  AVERAGE WIND SPEED     1.7


SKY COVER
  POSSIBLE SUNSHINE  MM
  AVERAGE SKY COVER 0.3


WEATHER CONDITIONS
 THE FOLLOWING WEATHER WAS RECORDED YESTERDAY.
  FOG
  HAZE


RELATIVE HUMIDITY (PERCENT)
 HIGHEST    93           100 AM
 LOWEST     41           300 PM
 AVERAGE    67

..........................................................


THE ZANESVILLE OH CLIMATE NORMALS FOR TODAY
                         NORMAL    RECORD    YEAR
 MAXIMUM TEMPERATURE (F)   75        94      1955
 MINIMUM TEMPERATURE (F)   52        30      1959


SUNRISE AND SUNSET
SEPTEMBER 18 2014.....SUNRISE   711 AM EDT   SUNSET   731 PM EDT
SEPTEMBER 19 2014.....SUNRISE   712 AM EDT   SUNSET   730 PM EDT


-  INDICATES NEGATIVE NUMBERS.
R  INDICATES RECORD WAS SET OR TIED.
MM INDICATES DATA IS MISSING.
T  INDICATES TRACE AMOUNT.




$$
