000
CDUS41 KPBZ 160815
CLIZZV


CLIMATE REPORT
NATIONAL WEATHER SERVICE PITTSBURGH PA
315 AM EST SAT DEC 16 2017


...................................

...THE ZANESVILLE OH CLIMATE SUMMARY FOR DECEMBER 15 2017...

CLIMATE NORMAL PERIOD 1981 TO 2010
CLIMATE RECORD PERIOD 1895 TO 2017


WEATHER ITEM   OBSERVED TIME   RECORD YEAR NORMAL DEPARTURE LAST
                VALUE   (LST)  VALUE       VALUE  FROM      YEAR
                                                  NORMAL
..................................................................
TEMPERATURE (F)
 YESTERDAY
  MAXIMUM         31   1150 PM  67    1971  40     -9       17
  MINIMUM         19    816 AM  -7    1914  25     -6        3
  AVERAGE         25                        32     -7       10

PRECIPITATION (IN)
  YESTERDAY        T             1.15 1902   0.07  -0.07     0.00
  MONTH TO DATE    0.31                      1.29  -0.98     1.64
  SINCE JUN 1     21.83                     21.11   0.72    16.00
  SINCE JAN 1     39.95                     36.57   3.38    30.98

DEGREE DAYS
 HEATING
  YESTERDAY       40                        33      7       55
  MONTH TO DATE  483                       455     28      508
  SINCE DEC 1    483                       455     28      508
  SINCE JUL 1   1467                      1596   -129     1365

 COOLING
  YESTERDAY        0                         0      0        0
  MONTH TO DATE    0                         0      0        0
  SINCE DEC 1      0                         0      0        0
  SINCE JAN 1    877                       768    109     1355
..................................................................


WIND (MPH)
  HIGHEST WIND SPEED    18   HIGHEST WIND DIRECTION     W (260)
  HIGHEST GUST SPEED    26   HIGHEST GUST DIRECTION     W (260)
  AVERAGE WIND SPEED     6.2


SKY COVER
  POSSIBLE SUNSHINE  MM
  AVERAGE SKY COVER 0.5


WEATHER CONDITIONS
 THE FOLLOWING WEATHER WAS RECORDED YESTERDAY.
  FOG
  HAZE


RELATIVE HUMIDITY (PERCENT)
 HIGHEST    91           900 AM
 LOWEST     53           200 PM
 AVERAGE    72

..........................................................


THE ZANESVILLE OH CLIMATE NORMALS FOR TODAY
                         NORMAL    RECORD    YEAR
 MAXIMUM TEMPERATURE (F)   40        65      1924
 MINIMUM TEMPERATURE (F)   24       -10      1951
                                             1901


SUNRISE AND SUNSET
DECEMBER 16 2017......SUNRISE   743 AM EST   SUNSET   504 PM EST
DECEMBER 17 2017......SUNRISE   744 AM EST   SUNSET   504 PM EST


-  INDICATES NEGATIVE NUMBERS.
R  INDICATES RECORD WAS SET OR TIED.
MM INDICATES DATA IS MISSING.
T  INDICATES TRACE AMOUNT.




$$
