000
CDUS41 KPBZ 211224
CLIZZV


CLIMATE REPORT
NATIONAL WEATHER SERVICE PITTSBURGH PA
824 AM EDT MON APR 21 2014


...................................

...THE ZANESVILLE OH CLIMATE SUMMARY FOR APRIL 21 2014...
VALID AS OF 0800 AM LOCAL TIME.

CLIMATE NORMAL PERIOD 1981 TO 2010
CLIMATE RECORD PERIOD 1946 TO 2014


WEATHER ITEM   OBSERVED TIME   RECORD YEAR NORMAL DEPARTURE LAST
                VALUE   (LST)  VALUE       VALUE  FROM      YEAR
                                                  NORMAL
..................................................................
TEMPERATURE (F)
 TODAY
  MINIMUM         40    558 AM  22    1953  42     -2       26

PRECIPITATION (IN)
  TODAY            0.00         MM      MM   0.12  -0.12     0.00
  MONTH TO DATE    2.96                      2.42   0.54     1.30
  SINCE JUN 1     35.67                     32.65   3.02    31.27
  SINCE JAN 1      7.36                     10.25  -2.89     7.96

DEGREE DAYS
 HEATING
  TODAY           20

 COOLING
  TODAY            0
..................................................................







THE ZANESVILLE OH CLIMATE NORMALS FOR TOMORROW
                         NORMAL    RECORD    YEAR
 MAXIMUM TEMPERATURE (F)   66        88      1985
 MINIMUM TEMPERATURE (F)   42        24      1950


SUNRISE AND SUNSET
APRIL 21 2014.........SUNRISE   641 AM EDT   SUNSET   812 PM EDT
APRIL 22 2014.........SUNRISE   640 AM EDT   SUNSET   813 PM EDT


-  INDICATES NEGATIVE NUMBERS.
R  INDICATES RECORD WAS SET OR TIED.
MM INDICATES DATA IS MISSING.
T  INDICATES TRACE AMOUNT.




$$
