000
CDUS41 KPBZ 301242
CLIZZV


CLIMATE REPORT
NATIONAL WEATHER SERVICE PITTSBURGH PA
842 AM EDT THU JUL 30 2015


...................................

...THE ZANESVILLE OH CLIMATE SUMMARY FOR JULY 30 2015...
VALID AS OF 0800 AM LOCAL TIME.

CLIMATE NORMAL PERIOD 1981 TO 2010
CLIMATE RECORD PERIOD 1946 TO 2015


WEATHER ITEM   OBSERVED TIME   RECORD YEAR NORMAL DEPARTURE LAST
                VALUE   (LST)  VALUE       VALUE  FROM      YEAR
                                                  NORMAL
..................................................................
TEMPERATURE (F)
 TODAY
  MAXIMUM         75    232 AM  99    1999
  MINIMUM         71    614 AM  49    1981  62      9       55

PRECIPITATION (IN)
  TODAY            0.00         MM      MM   0.10  -0.10     0.37
  MONTH TO DATE    2.56                      3.69  -1.13     3.61
  SINCE JUN 1      9.90                      7.73   2.17    10.35
  SINCE JAN 1     25.80                     23.19   2.61    24.68

DEGREE DAYS
 HEATING
  TODAY            0

 COOLING
  TODAY            8
..................................................................







THE ZANESVILLE OH CLIMATE NORMALS FOR TOMORROW
                         NORMAL    RECORD    YEAR
 MAXIMUM TEMPERATURE (F)   83       100      1999
 MINIMUM TEMPERATURE (F)   62        50      1965


SUNRISE AND SUNSET
JULY 30 2015..........SUNRISE   624 AM EDT   SUNSET   843 PM EDT
JULY 31 2015..........SUNRISE   625 AM EDT   SUNSET   842 PM EDT


-  INDICATES NEGATIVE NUMBERS.
R  INDICATES RECORD WAS SET OR TIED.
MM INDICATES DATA IS MISSING.
T  INDICATES TRACE AMOUNT.




$$
