000
CDUS41 KPBZ 222137
CLIZZV


CLIMATE REPORT
NATIONAL WEATHER SERVICE PITTSBURGH PA
537 PM EDT FRI MAY 22 2015


...................................

...THE ZANESVILLE OH CLIMATE SUMMARY FOR MAY 22 2015...
VALID TODAY AS OF 0500 PM LOCAL TIME.

CLIMATE NORMAL PERIOD 1981 TO 2010
CLIMATE RECORD PERIOD 1946 TO 2015


WEATHER ITEM   OBSERVED TIME   RECORD YEAR NORMAL DEPARTURE LAST
                VALUE   (LST)  VALUE       VALUE  FROM      YEAR
                                                  NORMAL
..................................................................
TEMPERATURE (F)
 TODAY
  MAXIMUM         71    347 PM  86    1991  74     -3       77
  MINIMUM         39    542 AM  30    2002  51    -12       54
  AVERAGE         55                        62     -7       66

PRECIPITATION (IN)
  TODAY            0.00         MM      MM   0.14  -0.14     0.20
  MONTH TO DATE    1.93                      2.91  -0.98     3.32
  SINCE JUN 1     37.73                     36.58   1.15    42.43
  SINCE JAN 1     15.32                     14.18   1.14    14.12

DEGREE DAYS
 HEATING
  TODAY           10                         5      5        0
  MONTH TO DATE  100                       149    -49      140
  SINCE MAR 1   1350                      1315     35     1407
  SINCE JUL 1   6007                      5506    501     5964

 COOLING
  TODAY            0                         2     -2        1
  MONTH TO DATE   68                        24     44       46
  SINCE MAR 1     69                        33     36       51
  SINCE JAN 1     69                        33     36       51
..................................................................


WIND (MPH)
  HIGHEST WIND SPEED    16   HIGHEST WIND DIRECTION    NW (330)
  HIGHEST GUST SPEED    21   HIGHEST GUST DIRECTION     W (260)
  AVERAGE WIND SPEED     6.0


SKY COVER
  POSSIBLE SUNSHINE  MM
  AVERAGE SKY COVER 0.2


WEATHER CONDITIONS
 THE FOLLOWING WEATHER WAS RECORDED TODAY.
  FOG


RELATIVE HUMIDITY (PERCENT)
 HIGHEST    92           600 AM
 LOWEST     44           200 PM
 AVERAGE    68

..........................................................


THE ZANESVILLE OH CLIMATE NORMALS FOR TOMORROW
                         NORMAL    RECORD    YEAR
 MAXIMUM TEMPERATURE (F)   74        88      1964
 MINIMUM TEMPERATURE (F)   51        32      1963


SUNRISE AND SUNSET
MAY 22 2015...........SUNRISE   607 AM EDT   SUNSET   842 PM EDT
MAY 23 2015...........SUNRISE   606 AM EDT   SUNSET   843 PM EDT


-  INDICATES NEGATIVE NUMBERS.
R  INDICATES RECORD WAS SET OR TIED.
MM INDICATES DATA IS MISSING.
T  INDICATES TRACE AMOUNT.




$$
