000
CXUS51 KBTV 011506
CLM1V4
CLIMATE REPORT
NATIONAL WEATHER SERVICE BURLINGTON VT
1106 AM EDT MON APR 01 2024
...................................
...THE SAINT JOHNSBURY VT ASOS CLIMATE SUMMARY FOR THE MONTH OF MARCH 2024...
CLIMATE NORMAL PERIOD: 1991 TO 2020
CLIMATE RECORD PERIOD: 1998 TO 2024
WEATHER OBSERVED NORMAL DEPART LAST YEAR`S
VALUE DATE(S) VALUE FROM VALUE DATE(S)
NORMAL
................................................................
TEMPERATURE (F)
RECORD
HIGH 84
LOW -27
HIGHEST 58 03/14 MM MM 53 03/22
LOWEST 9 03/01 MM MM 14 03/20
03/31
AVG. MAXIMUM 44.5 39.3 5.2 40.1
AVG. MINIMUM 27.4 19.1 8.3 24.2
MEAN 36.0 29.2 6.8 32.2
DAYS MAX >= 90 0 0.0 0.0 0
DAYS MAX <= 32 3 7.2 -4.2 2
DAYS MIN <= 32 22 27.8 -5.8 30
DAYS MIN <= 0 0 3.2 -3.2 0
PRECIPITATION (INCHES)
RECORD
MAXIMUM 6.76 1913
MINIMUM 0.30 1915
TOTALS 5.32 2.42 2.90 MM
DAILY AVG. 0.17 0.08 0.09 0.06
DAYS >= .01 15 13.7 1.3 5
DAYS >= .10 11 5.9 5.1 2
DAYS >= .50 5 1.1 3.9 0
DAYS >= 1.00 1 0.4 0.6 0
GREATEST
24 HR. TOTAL 1.27 03/23 TO 03/23 0.16 03/25 TO 03/25
03/31 TO 03/31
STORM TOTAL 1.27 0.16
(MM/DD(HH)) MM
DEGREE DAYS
HEATING TOTAL 893 1110 -217 1011
SINCE 7/1 4751 6891 -2140 MM
COOLING TOTAL 0 0 0 0
SINCE 1/1 0 0 0 MM
................................................................
WIND (MPH)
AVERAGE WIND SPEED MM
HIGHEST WIND SPEED/DIRECTION MM DATE MM
HIGHEST GUST SPEED/DIRECTION MM DATE MM
SKY COVER
POSSIBLE SUNSHINE (PERCENT) MM
AVERAGE SKY COVER 0.00
NUMBER OF DAYS FAIR 31
NUMBER OF DAYS PC 0
NUMBER OF DAYS CLOUDY 0
AVERAGE RH (PERCENT) 66
WEATHER CONDITIONS. NUMBER OF DAYS WITH
THUNDERSTORM 0 MIXED PRECIP 0
HEAVY RAIN 0 RAIN 0
LIGHT RAIN 0 FREEZING RAIN 0
LT FREEZING RAIN 0 HAIL 0
HEAVY SNOW 0 SNOW 0
LIGHT SNOW 0 SLEET 0
FOG 0 FOG W/VIS <= 1/4 MILE 0
HAZE 0
- INDICATES NEGATIVE NUMBERS.
R INDICATES RECORD WAS SET OR TIED.
MM INDICATES DATA IS MISSING.
T INDICATES TRACE AMOUNT.
$$