000
CXUS52 KTAE 011342
CLMAAF

CLIMATE REPORT NATIONAL WEATHER SERVICE TALLAHASSEE FL

850 AM EDT FRI APR 1 2016

...................................

...THE APALACHICOLA CLIMATE SUMMARY FOR THE MONTH OF MARCH 2016...

CLIMATE NORMAL PERIOD 1981 TO 2010
CLIMATE RECORD PERIOD 1931 TO 2016

WEATHER         OBSERVED                   LAST YEAR`S
                 VALUE   DATE(S)           VALUE  DATE(S)

.........................................................
TEMPERATURE (F)
HIGHEST            84   03/16                  88  03/17
LOWEST             37   03/22                  43  03/07
AVG. MAXIMUM     73.0                        76.1
AVG. MINIMUM     56.6                        58.7
MEAN             64.8                        67.4
DAYS MAX >= 90      0                           0
DAYS MAX <= 32      0                           0
DAYS MIN <= 32      0                           0
DAYS MIN <= 0       0                           0

PRECIPITATION (INCHES)
TOTALS           6.27                        1.41
DAILY AVG.       0.20                        0.05
DAYS >= .01         9                           4
DAYS >= .10         9                           2
DAYS >= .50         5                           1
DAYS >= 1.00        2                           0
GREATEST
 24 HR. TOTAL    2.72   03/26 TO 03/27       0.91

DEGREE_DAYS
HEATING TOTAL      87                          56
 SINCE 7/1        907                        1022
COOLING TOTAL      92                         138
 SINCE 1/1         97                         154
..........................................................

WIND (MPH)
AVERAGE WIND SPEED              8.2
HIGHEST WIND SPEED/DIRECTION    33/300    DATE  03/24
HIGHEST GUST SPEED/DIRECTION    43/300    DATE  03/24

SKY COVER
AVERAGE SKY COVER           0.40

AVERAGE RH (PERCENT)     81

WEATHER CONDITIONS. NUMBER OF DAYS WITH
THUNDERSTORM              0     MIXED PRECIP               0
HEAVY RAIN                8     RAIN                      10
LIGHT RAIN                9     FREEZING RAIN              0
LT FREEZING RAIN          0     HAIL                       0
HEAVY SNOW                0     SNOW                       0
LIGHT SNOW                0     SLEET                      0
FOG                      19     FOG W/VIS <= 1/4 MILE      7
HAZE                      9

-  INDICATES NEGATIVE NUMBERS.
R  INDICATES RECORD WAS SET OR TIED.
MM INDICATES DATA IS MISSING.
T  INDICATES TRACE AMOUNT.

$$
