000
CXUS55 KABQ 011736
CLMABQ


CLIMATE REPORT
NATIONAL WEATHER SERVICE ALBUQUERQUE NM
1123 AM MDT FRI JUL 1 2016

...................................

...THE ALBUQUERQUE  NM CLIMATE SUMMARY FOR THE MONTH OF JUNE 2016...

CLIMATE NORMAL PERIOD 1981 TO 2010
CLIMATE RECORD PERIOD 1891 TO 2016

WEATHER         OBSERVED          NORMAL  DEPART  LAST YEAR`S
                 VALUE   DATE(S)  VALUE   FROM    VALUE  DATE(S)
                                          NORMAL
................................................................
TEMPERATURE (F)
RECORD
 HIGH             107   06/26/1994
 LOW               40   06/02/1980
HIGHEST           103   06/19       100       3      102  06/22
LOWEST             56   06/14        48       8       56  06/02
                        06/02
AVG. MAXIMUM     93.3              88.3     5.0     90.8
AVG. MINIMUM     65.5              61.6     3.9     64.4
MEAN             79.4              74.9     4.5     77.6
DAYS MAX >= 90     27              12.5    14.5       18
DAYS MAX <= 32      0               0.0     0.0        0
DAYS MIN <= 32      0               0.0     0.0        0
DAYS MIN <= 0       0               0.0     0.0        0

PRECIPITATION (INCHES)
RECORD
 MAXIMUM         3.81   1933
 MINIMUM            T   2011
                        1975
                        1964
TOTALS           0.17              0.66   -0.49     0.56
DAILY AVG.       0.01              0.02   -0.01     0.02
DAYS >= .01         3               4.4    -1.4        7
DAYS >= .10         1               1.7    -0.7        2
DAYS >= .50         0               0.4    -0.4        0
DAYS >= 1.00        0               0.0     0.0        0
GREATEST
 24 HR. TOTAL    0.12   06/01 TO 06/01              0.29
                        05/31 TO 06/01
                        06/01 TO 06/01

SNOWFALL (INCHES)
RECORDS
 TOTAL              T   2007
                        2006
TOTALS            0.0               0.0     0.0      0.0
SINCE 7/1         9.8               9.6     0.2     15.2
SNOWDEPTH AVG.      0                MM      MM        0
DAYS >= 1.0         0               0.0     0.0        0
GREATEST
 SNOW DEPTH         0   MM                             0  MM
 24 HR TOTAL      0.0   06/30 TO 06/30               0.0

DEGREE_DAYS
HEATING TOTAL       0                 4      -4        0
 SINCE 7/1       3784              4179    -395     3651
COOLING TOTAL     439               302     137      387
 SINCE 1/1        510               400     110      420
.................................................................

WIND (MPH)
AVERAGE WIND SPEED              9.0
HIGHEST WIND SPEED/DIRECTION    45/160    DATE  06/06
HIGHEST GUST SPEED/DIRECTION    56/150    DATE  06/06

SKY COVER
POSSIBLE SUNSHINE (PERCENT)   MM
AVERAGE SKY COVER           0.50
NUMBER OF DAYS FAIR           10
NUMBER OF DAYS PC             16
NUMBER OF DAYS CLOUDY          4

AVERAGE RH (PERCENT)     30

WEATHER CONDITIONS. NUMBER OF DAYS WITH
THUNDERSTORM              0     MIXED PRECIP               0
HEAVY RAIN                0     RAIN                       2
LIGHT RAIN                8     FREEZING RAIN              0
LT FREEZING RAIN          0     HAIL                       0
HEAVY SNOW                0     SNOW                       0
LIGHT SNOW                0     SLEET                      0
FOG                       0     FOG W/VIS <= 1/4 MILE      0
HAZE                      1

-  INDICATES NEGATIVE NUMBERS.
R  INDICATES RECORD WAS SET OR TIED.
MM INDICATES DATA IS MISSING.
T  INDICATES TRACE AMOUNT.

$$

--------------------------------------------------------------------

THE AVERAGE MAXIMUM TERMPERATURE AT THE ALBUQUERQUE SUNPORT
IN JUNE 2016 WAS 93.3 DEGREES. THE AVERAGE MINIMUM TEMPERATURE
FOR THE MONTH WAS 65.5 DEGREES.

THE HIGHEST TEMPERATURE FOR THE MONTH WAS 103 DEGREES ON THE 19TH...
WHICH TIED THE RECORD HIGH TEMPERATURE FOR THAT DATE.

THE LOWEST TEMPERATURE FOR THE MONTH WAS 56 DEGREES ON THE 14TH.

TOTAL PRECIPITATION FOR JUNE 2016 WAS 0.17 IN. WHICH WAS 0.49 IN.
BELOW NORMAL.

THE AVERAGE WIND SPEED WAS 9.0 MILES PER HOUR. THE PEAK WIND GUST
FOR THE MONTH WAS 56 MILES PER HOUR FROM THE SOUTHEAST ON THE 6TH.

$$
