139
CXUS55 KABQ 012127
CLMABQ


CLIMATE REPORT
NATIONAL WEATHER SERVICE ALBUQUERQUE NM
318 PM MDT TUE AUG 1 2017

...................................

...THE ALBUQUERQUE  NM CLIMATE SUMMARY FOR THE MONTH OF JULY 2017...

CLIMATE NORMAL PERIOD 1981 TO 2010
CLIMATE RECORD PERIOD 1891 TO 2017

WEATHER         OBSERVED          NORMAL  DEPART  LAST YEAR`S
                 VALUE   DATE(S)  VALUE   FROM    VALUE  DATE(S)
                                          NORMAL
................................................................
TEMPERATURE (F)
RECORD
 HIGH             105   07/18/1980
                        07/05/1980
                        07/14/1979
 LOW               52   07/03/1985
HIGHEST            99   07/04       100      -1      100  07/23
                                                          07/14
                                                          07/10
LOWEST             63   07/28        58       5       61  07/02
AVG. MAXIMUM     92.1              90.1     2.0     95.6
AVG. MINIMUM     67.5              66.4     1.1     66.9
MEAN             79.8              78.3     1.5     81.3
DAYS MAX >= 90     24              17.3     6.7       29
DAYS MAX <= 32      0               0.0     0.0        0
DAYS MIN <= 32      0               0.0     0.0        0
DAYS MIN <= 0       0               0.0     0.0        0

PRECIPITATION (INCHES)
RECORD
 MAXIMUM         3.55   2006
 MINIMUM         0.08   1980
TOTALS           0.85              1.50   -0.65     1.14
DAILY AVG.       0.03              0.05   -0.02     0.04
DAYS >= .01         7               8.3    -1.3        6
DAYS >= .10         3               3.9    -0.9        3
DAYS >= .50         0               0.8    -0.8        0
DAYS >= 1.00        0               0.2    -0.2        0
GREATEST
 24 HR. TOTAL    0.32   07/22 TO 07/22              0.45

SNOWFALL (INCHES)
RECORDS
 TOTAL              T   2007
TOTALS            0.0               0.0     0.0      0.0
SINCE 7/1         0.0               0.0     0.0      0.0
SNOWDEPTH AVG.      0                MM      MM        0
DAYS >= 1.0         0               0.0     0.0        0
GREATEST
 SNOW DEPTH         0   MM                             0  MM
 24 HR TOTAL      0.0   07/31 TO 07/31               0.0

DEGREE_DAYS
HEATING TOTAL       0                 0       0        0
 SINCE 7/1          0                 0       0        0
COOLING TOTAL     465               411      54      511
 SINCE 1/1        956               811     145     1021
.................................................................

WIND (MPH)
AVERAGE WIND SPEED              8.7
HIGHEST WIND SPEED/DIRECTION    46/120    DATE  07/20
HIGHEST GUST SPEED/DIRECTION    53/120    DATE  07/20

SKY COVER
POSSIBLE SUNSHINE (PERCENT)   MM
AVERAGE SKY COVER           0.50
NUMBER OF DAYS FAIR            4
NUMBER OF DAYS PC             27
NUMBER OF DAYS CLOUDY          0

AVERAGE RH (PERCENT)     41

WEATHER CONDITIONS. NUMBER OF DAYS WITH
THUNDERSTORM              0     MIXED PRECIP               0
HEAVY RAIN                1     RAIN                       5
LIGHT RAIN               11     FREEZING RAIN              0
LT FREEZING RAIN          0     HAIL                       0
HEAVY SNOW                0     SNOW                       0
LIGHT SNOW                0     SLEET                      0
FOG                       3     FOG W/VIS <= 1/4 MILE      0
HAZE                      2

-  INDICATES NEGATIVE NUMBERS.
R  INDICATES RECORD WAS SET OR TIED.
MM INDICATES DATA IS MISSING.
T  INDICATES TRACE AMOUNT.

$$

----------------------------------------------------------------------------

THE AVERAGE MAXIMUM TEMPERATURE AT THE ALBUQUERQUE SUNPORT IN JULY 2017
WAS 92.1 DEGREES. THE AVERAGE MINIMUM TEMPERATURE FOR THE MONTH WAS 67.5
DEGREES.

THE HIGHEST TEMPERATURE FOR THE MONTH WAS 99 DEGREES WHICH OCCURRED ON
THE 4TH. THE LOWEST TEMPERATURE FOR THE MONTH WAS 63 DEGREES WHICH
OCCURRED ON THE 28TH.

TOTAL PRECIPITATION FOR THE MONTH OF JULY 2017 WAS 0.85 INCHES WHICH IS
0.65 INCHES BELOW NORMAL.

THE AVERAGE WIND SPEED FOR THE MONTH WAS 8.7 MILES AN HOUR. THE PEAK WIND
SPEED FOR THE MONTH WAS 53 MILES AN HOUR, FROM THE SOUTHEAST, WHICH OCCURRED
ON THE 20TH.

$$
