000
CXUS55 KABQ 012033
CLMABQ

CLIMATE REPORT
NATIONAL WEATHER SERVICE ALBUQUERQUE NM
1249 PM MDT SAT OCT 1 2016

...................................

...THE ALBUQUERQUE  NM CLIMATE SUMMARY FOR THE MONTH OF SEPTEMBER 2016...

CLIMATE NORMAL PERIOD 1981 TO 2010
CLIMATE RECORD PERIOD 1891 TO 2016

WEATHER         OBSERVED          NORMAL  DEPART  LAST YEAR`S
                 VALUE   DATE(S)  VALUE   FROM    VALUE  DATE(S)
                                          NORMAL
................................................................
TEMPERATURE (F)
RECORD
 HIGH             100   09/05/1979
 LOW               35   09/29/1936
                        09/28/1936
                        09/27/1936
HIGHEST            92   09/09        92       0       92  09/13
                        09/05
LOWEST             42   09/24        44      -2       55  09/28
                                                          09/26
AVG. MAXIMUM     83.2              80.7     2.5     86.2
AVG. MINIMUM     58.4              57.9     0.5     61.1
MEAN             70.8              69.3     1.5     73.6
DAYS MAX >= 90      2               1.2     0.8        9
DAYS MAX <= 32      0               0.0     0.0        0
DAYS MIN <= 32      0               0.0     0.0        0
DAYS MIN <= 0       0               0.0     0.0        0

PRECIPITATION (INCHES)
RECORD
 MAXIMUM         3.97   2013
 MINIMUM            T   1957
TOTALS           1.04              1.08   -0.04     1.19
DAILY AVG.       0.03              0.04   -0.01     0.04
DAYS >= .01         9               5.9     3.1        7
DAYS >= .10         2               2.6    -0.6        1
DAYS >= .50         1               0.7     0.3        1
DAYS >= 1.00        0               0.1    -0.1        1
GREATEST
 24 HR. TOTAL    0.58   09/11 TO 09/11              1.08

SNOWFALL (INCHES)
RECORDS
 TOTAL              T   2006
TOTALS            0.0               0.0     0.0      0.0
SINCE 7/1         0.0               0.0     0.0      0.0
SNOWDEPTH AVG.      0                MM      MM        0
DAYS >= 1.0         0               0.0     0.0        0
GREATEST
 SNOW DEPTH         0   MM                             0  MM
 24 HR TOTAL      0.0   09/30 TO 09/30               0.0

DEGREE_DAYS
HEATING TOTAL      14                26     -12        0
 SINCE 7/1         14                26     -12        0
COOLING TOTAL     195               155      40      267
 SINCE 1/1       1507              1312     195     1493
.................................................................

WIND (MPH)
AVERAGE WIND SPEED              8.3
HIGHEST WIND SPEED/DIRECTION    43/090    DATE  09/10
HIGHEST GUST SPEED/DIRECTION    52/270    DATE  09/29

SKY COVER
POSSIBLE SUNSHINE (PERCENT)   MM
AVERAGE SKY COVER           0.40
NUMBER OF DAYS FAIR            8
NUMBER OF DAYS PC             20
NUMBER OF DAYS CLOUDY          2

AVERAGE RH (PERCENT)     46

WEATHER CONDITIONS. NUMBER OF DAYS WITH
THUNDERSTORM              0     MIXED PRECIP               0
HEAVY RAIN                1     RAIN                       1
LIGHT RAIN               14     FREEZING RAIN              0
LT FREEZING RAIN          0     HAIL                       0
HEAVY SNOW                0     SNOW                       0
LIGHT SNOW                0     SLEET                      0
FOG                       1     FOG W/VIS <= 1/4 MILE      0
HAZE                      2

-  INDICATES NEGATIVE NUMBERS.
R  INDICATES RECORD WAS SET OR TIED.
MM INDICATES DATA IS MISSING.
T  INDICATES TRACE AMOUNT.

$$

-------------------------------------------------------------------------

THE AVERAGE MAXIMUM TEMPERATURE AT THE ALBUQUERQUE SUNPORT IN
SEPTEMBER 2016 WAS 83.2 DEGREES. THE AVERAGE MINIMUM TEMPERATURE
FOR THE MONTH WAS 58.4 DEGREES.

THE HIGHEST TEMPERATURE FOR THE MONTH WAS 92 DEGREES ON THE 5TH
AND ON THE 9TH. THE LOWEST TEMPERATURE FOR THE MONTH WAS 42 DEGREES
ON THE 24TH.

TOTAL PRECIPITATION FOR THE MONTH OF SEPTEMBER WAS 1.04 INCHES WHICH
WAS MINUS 0.04 INCHES BELOW NORMAL.

AVERAGE WIND SPEED FOR THE MONTH OF SEPTEMBER WAS 8.3 MPH. THE PEAK
WIND GUST FOR THE MONTH WAS 52 MILES AN HOUR FROM THE WEST WHICH
OCCURRED ON THE 29TH.
