000
CXUS53 KABR 011351
CLMABR


CLIMATE REPORT
NATIONAL WEATHER SERVICE ABERDEEN SD
846 AM CDT TUE AUG 1 2017

...................................

...THE ABERDEEN SD CLIMATE SUMMARY FOR THE MONTH OF JULY 2017...

CLIMATE NORMAL PERIOD 1981 TO 2010
CLIMATE RECORD PERIOD 1893 TO 2017

WEATHER         OBSERVED          NORMAL  DEPART  LAST YEAR`S
                 VALUE   DATE(S)  VALUE   FROM    VALUE  DATE(S)
                                          NORMAL
................................................................
TEMPERATURE (F)
RECORD
 HIGH             115   07/09/1936
                        07/06/1936
 LOW               35   07/05/1915
HIGHEST           104   07/17        MM      MM       96  07/20
                                                          07/04
LOWEST             46   07/01        MM      MM       42  07/01
AVG. MAXIMUM     88.3              83.5     4.8     84.9
AVG. MINIMUM     59.5              59.0     0.5     58.9
MEAN             73.9              71.3     2.6     71.9
DAYS MAX >= 90     11               5.4     5.6        7
DAYS MAX <= 32      0               0.0     0.0        0
DAYS MIN <= 32      0               0.0     0.0        0
DAYS MIN <= 0       0               0.0     0.0        0

PRECIPITATION (INCHES)
RECORD
 MAXIMUM         7.71   1972
 MINIMUM         0.30   1975
TOTALS           2.05              3.02   -0.97     3.69
DAYS >= .01         6               9.9    -3.9        9
DAYS >= .10         4               6.0    -2.0        8
DAYS >= .50         2               2.0     0.0        3
DAYS >= 1.00        0               0.7    -0.7        1

SNOWFALL (INCHES)
RECORDS
 TOTAL             MM   MM
 SNOW DEPTH        MM   MM
TOTALS            0.0               0.0     0.0      0.0
SINCE 7/1         0.0               0.0     0.0      0.0
SNOWDEPTH AVG.      0                MM      MM        0
DAYS >= TRACE       0               0.0     0.0        0
DAYS >= 1.0         0               0.0     0.0        0
GREATEST
 SNOW DEPTH         0   MM                             0  MM

DEGREE_DAYS
HEATING TOTAL       0                14     -14        8
 SINCE 7/1          0                14     -14        8
COOLING TOTAL     284               208      76      230
 SINCE 1/1        429               323     106      455

FREEZE DATES
RECORD
 EARLIEST     MM
 LATEST       MM
EARLIEST                        MM
LATEST                          MM
.................................................................

WIND (MPH)
AVERAGE WIND SPEED              8.5
RESULTANT WIND SPEED/DIRECTION   2/110
HIGHEST WIND SPEED/DIRECTION    38/320    DATE  07/18
HIGHEST GUST SPEED/DIRECTION    50/310    DATE  07/18

SKY COVER
POSSIBLE SUNSHINE (PERCENT)   MM
AVERAGE SKY COVER           0.10
NUMBER OF DAYS FAIR           30
NUMBER OF DAYS PC              1
NUMBER OF DAYS CLOUDY          0

AVERAGE RH (PERCENT)     67

WEATHER CONDITIONS. NUMBER OF DAYS WITH
THUNDERSTORM              0     MIXED PRECIP               0
HEAVY RAIN                3     RAIN                       5
LIGHT RAIN                9     FREEZING RAIN              0
LT FREEZING RAIN          0     HAIL                       0
HEAVY SNOW                0     SNOW                       0
LIGHT SNOW                0     SLEET                      0
FOG                       8     FOG W/VIS <= 1/4 MILE      1
HAZE                      2

-  INDICATES NEGATIVE NUMBERS.
R  INDICATES RECORD WAS SET OR TIED.
MM INDICATES DATA IS MISSING.
T  INDICATES TRACE AMOUNT.

$$
