000
CXUS53 KABR 011744
CLMABR


CLIMATE REPORT
NATIONAL WEATHER SERVICE ABERDEEN SD
1227 PM CDT SAT APR 1 2017

...................................

...THE ABERDEEN SD CLIMATE SUMMARY FOR THE MONTH OF MARCH 2017...

CLIMATE NORMAL PERIOD 1981 TO 2010
CLIMATE RECORD PERIOD 1893 TO 2017

WEATHER         OBSERVED          NORMAL  DEPART  LAST YEAR`S
                 VALUE   DATE(S)  VALUE   FROM    VALUE  DATE(S)
                                          NORMAL
................................................................
TEMPERATURE (F)
RECORD
 HIGH              86   03/31/1946
 LOW              -32   03/08/1995
HIGHEST            65   03/19        MM      MM       72  03/12
LOWEST             -5   03/13        MM      MM       10  03/01
AVG. MAXIMUM     41.5              40.0     1.5     53.3
AVG. MINIMUM     20.4              19.8     0.6     27.5
MEAN             30.9              29.9     1.0     40.4
DAYS MAX >= 90      0               0.0     0.0        0
DAYS MAX <= 32      9               7.8     1.2        1
DAYS MIN <= 32     27              27.9    -0.9       23
DAYS MIN <= 0       1               2.2    -1.2        0

PRECIPITATION (INCHES)
RECORD
 MAXIMUM         7.55   1897
 MINIMUM         0.04   1971
TOTALS           0.67              1.16   -0.49     0.46
DAYS >= .01         5               7.7    -2.7        9
DAYS >= .10         1               3.2    -2.2        1
DAYS >= .50         1               0.6     0.4        0
DAYS >= 1.00        0               0.1    -0.1        0

SNOWFALL (INCHES)
RECORDS
 TOTAL           27.9   MM
 SNOW DEPTH        24   MM
TOTALS           10.8               7.2     3.6      0.6
SINCE 7/1        38.1              35.0     3.1     26.5
SNOWDEPTH AVG.      1                 3      -2        0
DAYS >= TRACE      10               5.2     4.8        6
DAYS >= 1.0         1               1.9    -0.9        0
GREATEST
 SNOW DEPTH         9   MM                          0  MM

DEGREE_DAYS
HEATING TOTAL    1046              1088     -42      754
 SINCE 7/1       6661              7551    -890     5991
COOLING TOTAL       0                 0       0        0
 SINCE 1/1          0                 0       0        0

FREEZE DATES
RECORD
 EARLIEST          MM
 LATEST            MM
EARLIEST                MM
LATEST                  MM
...............................................................

WIND (MPH)
AVERAGE WIND SPEED              11.0
RESULTANT WIND SPEED/DIRECTION   3/103
HIGHEST WIND SPEED/DIRECTION    43/280    DATE  03/07
HIGHEST GUST SPEED/DIRECTION    58/280    DATE  03/07

SKY COVER
POSSIBLE SUNSHINE (PERCENT)   MM
AVERAGE SKY COVER           0.50
NUMBER OF DAYS FAIR            9
NUMBER OF DAYS PC             17
NUMBER OF DAYS CLOUDY          5

AVERAGE RH (PERCENT)     67

WEATHER CONDITIONS. NUMBER OF DAYS WITH
THUNDERSTORM              0     MIXED PRECIP               0
HEAVY RAIN                0     RAIN                       0
LIGHT RAIN                2     FREEZING RAIN              0
LT FREEZING RAIN          0     HAIL                       0
HEAVY SNOW                1     SNOW                       1
LIGHT SNOW               10     SLEET                      0
FOG                      12     FOG W/VIS <= 1/4 MILE      2
HAZE                      7

-  INDICATES NEGATIVE NUMBERS.
R  INDICATES RECORD WAS SET OR TIED.
MM INDICATES DATA IS MISSING.
T  INDICATES TRACE AMOUNT.

$$
