000
CXUS54 KFWD 010838
CLMACT


CLIMATE REPORT
NATIONAL WEATHER SERVICE FORT WORTH TX
336 AM CDT WED NOV 1 2017

...................................

...THE WACO CLIMATE SUMMARY FOR THE MONTH OF OCTOBER 2017...

CLIMATE NORMAL PERIOD 1981 TO 2010
CLIMATE RECORD PERIOD 1901 TO 2017

WEATHER         OBSERVED          NORMAL  DEPART  LAST YEAR`S
                 VALUE   DATE(S)  VALUE   FROM    VALUE  DATE(S)
                                          NORMAL
................................................................
TEMPERATURE (F)
RECORD
 HIGH             101   10/02/1989
                        10/03/1979
 LOW               25   10/31/1993
HIGHEST            94   10/09        93       1       94  10/12
LOWEST             30   10/28        40     -10       41  10/22
AVG. MAXIMUM     82.9              79.9     3.0     86.2
AVG. MINIMUM     53.9              56.6    -2.7     60.5
MEAN             68.4              68.3     0.1     73.4
DAYS MAX >= 90     10               3.3     6.7       10
DAYS MAX <= 32      0               0.0     0.0        0
DAYS MAX >= 100     0                                  0
DAYS MIN <= 32      2               0.1     1.9        0
DAYS MIN <= 0       0               0.0     0.0        0
DAYS MIN >= 80      0                                  0

PRECIPITATION (INCHES)
RECORD
 MAXIMUM        15.19   2015
 MINIMUM         0.00   1952
TOTALS           1.14              3.90   -2.76     0.22
DAILY AVG.       0.04              0.13   -0.09     0.01
DAYS >= .01         2               7.2    -5.2        4
DAYS >= .10         2               4.7    -2.7        1
DAYS >= .50         1               2.7    -1.7        0
DAYS >= 1.00        1               1.2    -0.2        0
GREATEST
 24 HR. TOTAL    1.02   10/22 TO 10/22              0.16

SNOWFALL (INCHES)
RECORDS
 TOTAL              T   1993
 24 HR TOTAL        T   10/29/1993 TO 10/29/1993
TOTALS            0.0               0.0     0.0      0.0
SINCE 7/1         0.0               0.0     0.0      0.0
SNOWDEPTH AVG.      0                                  0
DAYS >= TRACE       0                                  0
DAYS >= 1.0         0               0.0     0.0        0
GREATEST
 SNOW DEPTH         0                                  0
 24 HR TOTAL      0.0   10/30 TO 10/30               0.0

DEGREE_DAYS
HEATING TOTAL      81                61      20        9
 SINCE 7/1         81                67      14        9
COOLING TOTAL     193               162      31      275
 SINCE 1/1       2968              2756     212     2985
.................................................................

WIND (MPH)
AVERAGE WIND SPEED              8.9
HIGHEST WIND SPEED/DIRECTION    30/330    DATE  10/27
HIGHEST GUST SPEED/DIRECTION    38/330    DATE  10/15

SKY COVER
POSSIBLE SUNSHINE (PERCENT)   MM
AVERAGE SKY COVER           0.20
NUMBER OF DAYS FAIR           25
NUMBER OF DAYS PC              5
NUMBER OF DAYS CLOUDY          1

AVERAGE RH (PERCENT)     59

WEATHER CONDITIONS. NUMBER OF DAYS WITH
THUNDERSTORM              2     MIXED PRECIP               0
HEAVY RAIN                1     RAIN                       2
LIGHT RAIN                5     FREEZING RAIN              0
LT FREEZING RAIN          0     HAIL                       0
HEAVY SNOW                0     SNOW                       0
LIGHT SNOW                0     SLEET                      0
FOG                       6     FOG W/VIS <= 1/4 MILE      0
HAZE                     11

-  INDICATES NEGATIVE NUMBERS.
R  INDICATES RECORD WAS SET OR TIED.
MM INDICATES DATA IS MISSING.
T  INDICATES TRACE AMOUNT.

$$
